04-24 08:05:19.461 542 588 D : upthreshold 0, downthreshold 0
04-24 08:05:21.493 30921 32124 D TrafficStatsHelper: ifaceNames[0]:lo
04-24 08:05:21.495 30921 32124 D TrafficStatsHelper: ifaceNames[1]:p2p0
04-24 08:05:21.496 30921 32124 D TrafficStatsHelper: ifaceNames[2]:wlan0
04-24 08:05:21.497 30921 32124 D TrafficStatsHelper: ifaceNames[3]:ccmni0
04-24 08:05:21.502 30921 32124 D TrafficStatsHelper: transmitted_validWifiData.get(0) = wlan0
04-24 08:05:21.953 1049 1097 E libc : Access denied finding property "persist.atm.mdmode"
04-24 08:05:21.949 1049 1049 W /vendor/bin/mtkfusionrild: type=1400 audit(0.0:38926): avc: denied { read } for comm=52696C2050726F7879204D61696E20 name="u:object_r:atm_mdmode_prop:s0" dev="tmpfs" ino=11760 scontext=u:r:mtkfusionrild:s0 tcontext=u:object_r:atm_mdmode_prop:s0 tclass=file permissive=0
04-24 08:05:21.955 1914 1914 W SignalStrength: leon getOEMLevel networktype=3,level=2
04-24 08:05:21.956 1914 1914 W SignalStrength: leon getOEMLevel networktype=3,level=2
04-24 08:05:23.130 31174 31534 W SettingsInterface: Setting airplane_mode_on has moved from android.provider.Settings.System to android.provider.Settings.Global, returning read-only value.
04-24 08:05:24.363 533 533 I thermal_repeater: select timeout
04-24 08:05:25.494 30921 32124 D TrafficStatsHelper: ifaceNames[0]:lo
04-24 08:05:25.495 30921 32124 D TrafficStatsHelper: ifaceNames[1]:p2p0
04-24 08:05:25.496 30921 32124 D TrafficStatsHelper: ifaceNames[2]:wlan0
04-24 08:05:25.498 30921 32124 D TrafficStatsHelper: ifaceNames[3]:ccmni0
04-24 08:05:25.502 30921 32124 D TrafficStatsHelper: transmitted_validWifiData.get(0) = wlan0
04-24 08:05:26.296 3504 25907 I System.out: Wrong owner. Perhaps a late disconnect
04-24 08:05:26.317 3504 25907 I System.out: Check isMmsSendPdu
04-24 08:05:26.318 3504 25907 I System.out: PDU read len:8192
04-24 08:05:26.320 3504 25907 I System.out: MMS PDU Type:123:34
04-24 08:05:26.322 3504 25907 I System.out: [OkHttp] sendRequest>>
04-24 08:05:26.324 3504 25907 I System.out: [OkHttp] sendRequest<<
04-24 08:05:27.069 1049 1049 W /vendor/bin/mtkfusionrild: type=1400 audit(0.0:38927): avc: denied { read } for comm=52696C2050726F7879204D61696E20 name="u:object_r:atm_mdmode_prop:s0" dev="tmpfs" ino=11760 scontext=u:r:mtkfusionrild:s0 tcontext=u:object_r:atm_mdmode_prop:s0 tclass=file permissive=0
04-24 08:05:27.075 1049 1097 E libc : Access denied finding property "persist.atm.mdmode"
04-24 08:05:27.077 1914 1914 W SignalStrength: leon getOEMLevel networktype=3,level=2
04-24 08:05:27.078 1914 1914 W SignalStrength: leon getOEMLevel networktype=3,level=2
04-24 08:05:27.105 30921 30921 I Choreographer: Skipped 2 frames! The application may be doing too much work on its main thread.
04-24 08:05:28.406 2181 26250 I NearbyMediums: No BLE Fast/GATT advertisements found in the latest cycle.
04-24 08:05:28.408 2181 26250 I NearbyMediums: Current Tracked Scanning Clients are : {NearbyConnections.EnvironmentMonitor, NearbySharing}
04-24 08:05:29.365 533 533 I thermal_repeater: oh, queryMdThermalInfo (0)No such file or directory
04-24 08:05:29.365 1049 1049 W /vendor/bin/mtkfusionrild: type=1400 audit(0.0:38928): avc: denied { read } for comm=52696C2050726F7879204D61696E20 name="u:object_r:atm_mdmode_prop:s0" dev="tmpfs" ino=11760 scontext=u:r:mtkfusionrild:s0 tcontext=u:object_r:atm_mdmode_prop:s0 tclass=file permissive=0
04-24 08:05:29.370 1049 1097 E libc : Access denied finding property "persist.atm.mdmode"
04-24 08:05:29.381 1049 1049 W /vendor/bin/mtkfusionrild: type=1400 audit(0.0:38929): avc: denied { read } for comm=52696C2050726F7879204D61696E20 name="u:object_r:atm_mdmode_prop:s0" dev="tmpfs" ino=11760 scontext=u:r:mtkfusionrild:s0 tcontext=u:object_r:atm_mdmode_prop:s0 tclass=file permissive=0
04-24 08:05:29.385 1049 1097 E libc : Access denied finding property "persist.atm.mdmode"
04-24 08:05:29.386 533 533 I thermal_repeater: [recvMdThermalInfo] ret=32, strLen=127, 3, 35, -50, 21315, 32767, 25544
04-24 08:05:29.495 30921 32124 D TrafficStatsHelper: ifaceNames[0]:lo
04-24 08:05:29.496 30921 32124 D TrafficStatsHelper: ifaceNames[1]:p2p0
04-24 08:05:29.497 30921 32124 D TrafficStatsHelper: ifaceNames[2]:wlan0
04-24 08:05:29.498 30921 32124 D TrafficStatsHelper: ifaceNames[3]:ccmni0
04-24 08:05:29.503 30921 32124 D TrafficStatsHelper: transmitted_validWifiData.get(0) = wlan0
04-24 08:05:32.189 1049 1049 W /vendor/bin/mtkfusionrild: type=1400 audit(0.0:38930): avc: denied { read } for comm=52696C2050726F7879204D61696E20 name="u:object_r:atm_mdmode_prop:s0" dev="tmpfs" ino=11760 scontext=u:r:mtkfusionrild:s0 tcontext=u:object_r:atm_mdmode_prop:s0 tclass=file permissive=0
04-24 08:05:32.194 1049 1097 E libc : Access denied finding property "persist.atm.mdmode"
04-24 08:05:32.196 1914 1914 W SignalStrength: leon getOEMLevel networktype=3,level=2
04-24 08:05:32.197 1914 1914 W SignalStrength: leon getOEMLevel networktype=3,level=2
04-24 08:05:33.494 30921 32124 D TrafficStatsHelper: ifaceNames[0]:lo
04-24 08:05:33.495 30921 32124 D TrafficStatsHelper: ifaceNames[1]:p2p0
04-24 08:05:33.496 30921 32124 D TrafficStatsHelper: ifaceNames[2]:wlan0
04-24 08:05:33.497 30921 32124 D TrafficStatsHelper: ifaceNames[3]:ccmni0
04-24 08:05:33.501 30921 32124 D TrafficStatsHelper: transmitted_validWifiData.get(0) = wlan0
04-24 08:05:34.125 30921 30921 I Choreographer: Skipped 1 frames! The application may be doing too much work on its main thread.
04-24 08:05:34.391 533 533 I thermal_repeater: select timeout
04-24 08:05:35.128 30921 30921 I Choreographer: Skipped 1 frames! The application may be doing too much work on its main thread.
04-24 08:05:35.206 31174 31534 W SettingsInterface: Setting airplane_mode_on has moved from android.provider.Settings.System to android.provider.Settings.Global, returning read-only value.
04-24 08:05:36.146 30921 30921 I Choreographer: Skipped 1 frames! The application may be doing too much work on its main thread.
04-24 08:05:36.739 1049 1097 E libc : Access denied finding property "persist.atm.mdmode"
04-24 08:05:36.733 1049 1049 W /vendor/bin/mtkfusionrild: type=1400 audit(0.0:38931): avc: denied { read } for comm=52696C2050726F7879204D61696E20 name="u:object_r:atm_mdmode_prop:s0" dev="tmpfs" ino=11760 scontext=u:r:mtkfusionrild:s0 tcontext=u:object_r:atm_mdmode_prop:s0 tclass=file permissive=0
04-24 08:05:36.741 1914 1914 W SignalStrength: leon getOEMLevel networktype=1,level=3
04-24 08:05:36.742 1914 1914 W SignalStrength: leon getOEMLevel networktype=0,level=0
04-24 08:05:37.013 30921 30921 I Choreographer: Skipped 2 frames! The application may be doing too much work on its main thread.
04-24 08:05:37.074 30921 30921 I Choreographer: Skipped 1 frames! The application may be doing too much work on its main thread.
04-24 08:05:37.213 1490 12807 D NativeCrypto: ssl=0x791ee21c00 NativeCrypto_SSL_interrupt
04-24 08:05:37.495 30921 32124 D TrafficStatsHelper: ifaceNames[0]:lo
04-24 08:05:37.496 30921 32124 D TrafficStatsHelper: ifaceNames[1]:p2p0
04-24 08:05:37.497 30921 32124 D TrafficStatsHelper: ifaceNames[2]:wlan0
04-24 08:05:37.498 30921 32124 D TrafficStatsHelper: ifaceNames[3]:ccmni0
04-24 08:05:37.503 30921 32124 D TrafficStatsHelper: transmitted_validWifiData.get(0) = wlan0
04-24 08:05:37.953 1049 1097 E libc : Access denied finding property "persist.atm.mdmode"
04-24 08:05:37.949 1049 1049 W /vendor/bin/mtkfusionrild: type=1400 audit(0.0:38932): avc: denied { read } for comm=52696C2050726F7879204D61696E20 name="u:object_r:atm_mdmode_prop:s0" dev="tmpfs" ino=11760 scontext=u:r:mtkfusionrild:s0 tcontext=u:object_r:atm_mdmode_prop:s0 tclass=file permissive=0
04-24 08:05:37.955 1914 1914 W SignalStrength: leon getOEMLevel networktype=3,level=2
04-24 08:05:37.956 1914 1914 W SignalStrength: leon getOEMLevel networktype=3,level=2
04-24 08:05:38.413 2181 26250 I NearbyMediums: No BLE Fast/GATT advertisements found in the latest cycle.
04-24 08:05:38.415 2181 26250 I NearbyMediums: Current Tracked Scanning Clients are : {NearbyConnections.EnvironmentMonitor, NearbySharing}
04-24 08:05:39.137 30921 30921 I Choreographer: Skipped 2 frames! The application may be doing too much work on its main thread.
04-24 08:05:39.393 533 533 I thermal_repeater: oh, queryMdThermalInfo (0)No such file or directory
04-24 08:05:39.393 1049 1049 W /vendor/bin/mtkfusionrild: type=1400 audit(0.0:38933): avc: denied { read } for comm=52696C2050726F7879204D61696E20 name="u:object_r:atm_mdmode_prop:s0" dev="tmpfs" ino=11760 scontext=u:r:mtkfusionrild:s0 tcontext=u:object_r:atm_mdmode_prop:s0 tclass=file permissive=0
04-24 08:05:39.398 1049 1097 E libc : Access denied finding property "persist.atm.mdmode"
04-24 08:05:39.409 1049 1049 W /vendor/bin/mtkfusionrild: type=1400 audit(0.0:38934): avc: denied { read } for comm=52696C2050726F7879204D61696E20 name="u:object_r:atm_mdmode_prop:s0" dev="tmpfs" ino=11760 scontext=u:r:mtkfusionrild:s0 tcontext=u:object_r:atm_mdmode_prop:s0 tclass=file permissive=0
04-24 08:05:39.414 1049 1097 E libc : Access denied finding property "persist.atm.mdmode"
04-24 08:05:39.415 533 533 I thermal_repeater: [recvMdThermalInfo] ret=32, strLen=127, 3, 35, -50, 12339, 32767, 25544
04-24 08:05:39.461 542 588 D : thermal_monitor main loop 2733 log_has_update = 0
04-24 08:05:39.466 542 588 D : upthreshold 0, downthreshold 0
04-24 08:05:41.121 26965 27119 D NativeCrypto: ssl=0x7964d071c0 NativeCrypto_SSL_interrupt
04-24 08:05:41.496 30921 32124 D TrafficStatsHelper: ifaceNames[0]:lo
04-24 08:05:41.497 30921 32124 D TrafficStatsHelper: ifaceNames[1]:p2p0
04-24 08:05:41.497 30921 32124 D TrafficStatsHelper: ifaceNames[2]:wlan0
04-24 08:05:41.498 30921 32124 D TrafficStatsHelper: ifaceNames[3]:ccmni0
04-24 08:05:41.503 30921 32124 D TrafficStatsHelper: transmitted_validWifiData.get(0) = wlan0
04-24 08:05:42.146 30921 30921 I Choreographer: Skipped 2 frames! The application may be doing too much work on its main thread.
04-24 08:05:43.090 1490 2128 D AES : AEEIOCTL_GET/SET_SF_STATE IOCTL,cmd= 1074294797, lParam=0.
04-24 08:05:43.093 1490 2128 D AES : AEEIOCTL_RT_MON_Kick IOCTL,cmd= 2147774474, lParam=300.
04-24 08:05:43.142 30921 30921 I Choreographer: Skipped 2 frames! The application may be doing too much work on its main thread.
04-24 08:05:43.206 30921 30921 I Choreographer: Skipped 1 frames! The application may be doing too much work on its main thread.
04-24 08:05:43.714 1049 1097 E libc : Access denied finding property "persist.atm.mdmode"
04-24 08:05:43.709 1049 1049 W /vendor/bin/mtkfusionrild: type=1400 audit(0.0:38935): avc: denied { read } for comm=52696C2050726F7879204D61696E20 name="u:object_r:atm_mdmode_prop:s0" dev="tmpfs" ino=11760 scontext=u:r:mtkfusionrild:s0 tcontext=u:object_r:atm_mdmode_prop:s0 tclass=file permissive=0
04-24 08:05:43.716 1914 1914 W SignalStrength: leon getOEMLevel networktype=3,level=2
04-24 08:05:43.717 1914 1914 W SignalStrength: leon getOEMLevel networktype=3,level=2
04-24 08:05:44.421 533 533 I thermal_repeater: select timeout
04-24 08:05:44.962 26965 26965 I Ads : Use RequestConfiguration.Builder().setTestDeviceIds(Arrays.asList("43995BC8F0A5D481A841B0B9577B7336")) to get test ads on this device.
04-24 08:05:45.016 26965 26965 W ServiceBindIntentUtils: Dynamic lookup for intent failed for action: com.google.android.gms.ads.service.CACHE
04-24 08:05:45.063 26965 27572 W ServiceBindIntentUtils: Dynamic lookup for intent failed for action: com.google.android.gms.ads.service.START
04-24 08:05:45.205 1049 1049 W /vendor/bin/mtkfusionrild: type=1400 audit(0.0:38936): avc: denied { read } for comm=52696C2050726F7879204D61696E20 name="u:object_r:atm_mdmode_prop:s0" dev="tmpfs" ino=11760 scontext=u:r:mtkfusionrild:s0 tcontext=u:object_r:atm_mdmode_prop:s0 tclass=file permissive=0
04-24 08:05:45.210 1049 1097 E libc : Access denied finding property "persist.atm.mdmode"
04-24 08:05:45.212 1914 1914 W SignalStrength: leon getOEMLevel networktype=1,level=4
04-24 08:05:45.212 1914 1914 W SignalStrength: leon getOEMLevel networktype=0,level=0
04-24 08:05:45.245 31112 27350 I System.out: [OkHttp] sendRequest>>
04-24 08:05:45.246 31112 27350 I System.out: [OkHttp] sendRequest<<
04-24 08:05:45.471 30921 30921 I Choreographer: Skipped 2 frames! The application may be doing too much work on its main thread.
04-24 08:05:45.495 30921 32124 D TrafficStatsHelper: ifaceNames[0]:lo
04-24 08:05:45.496 30921 32124 D TrafficStatsHelper: ifaceNames[1]:p2p0
04-24 08:05:45.498 30921 32124 D TrafficStatsHelper: ifaceNames[2]:wlan0
04-24 08:05:45.498 30921 32124 D TrafficStatsHelper: ifaceNames[3]:ccmni0
04-24 08:05:45.503 30921 32124 D TrafficStatsHelper: transmitted_validWifiData.get(0) = wlan0
04-24 08:05:45.547 31112 27350 I System.out: Wrong owner. Perhaps a late disconnect
04-24 08:05:45.643 26965 26965 I Ads : Ad failed to load : 3
04-24 08:05:45.653 26965 27568 I System.out: [OkHttp] sendRequest>>
04-24 08:05:45.654 26965 27568 I System.out: [OkHttp] sendRequest<<
04-24 08:05:45.675 26965 27137 D libc-netbsd: [getaddrinfo]: hostname=mediation.goog; servname=(null); app_pid=26965; app_uid=10192; ai_flags=1024; ai_family=0; ai_socktype=1 from prox result 0
04-24 08:05:45.676 26965 27137 D : [Posix_connect Debug]Process com.medhaapps.wififtpserver :443
04-24 08:05:45.834 26965 27137 D NativeCrypto: ssl=0x79167bb380 NativeCrypto_SSL_do_handshake fd=0x7892829118 shc=0x789282911c timeout_millis=60000 client_mode=1 npn=0x0
04-24 08:05:45.834 26965 27137 D NativeCrypto: ssl=0x79167bb380 info_callback calling handshakeCompleted
04-24 08:05:46.013 26965 27137 D NativeCrypto: ssl=0x79167bb380 cert_verify_callback => 1
04-24 08:05:46.018 26965 27137 D NativeCrypto: ssl=0x79167bb380 NativeCrypto_SSL_get_certificate => NULL
04-24 08:05:46.020 26965 27137 I System.out: [OkHttp] sendRequest>>
04-24 08:05:46.021 26965 27137 I System.out: [OkHttp] sendRequest<<
04-24 08:05:46.078 26965 27568 I System.out: Wrong owner. Perhaps a late disconnect
04-24 08:05:46.149 30921 30921 I Choreographer: Skipped 2 frames! The application may be doing too much work on its main thread.
04-24 08:05:46.152 26965 27137 D NativeCrypto: ssl=0x79167bb380 info_callback calling handshakeCompleted
04-24 08:05:46.278 26965 27137 I System.out: Close in OkHttp
04-24 08:05:46.279 26965 27137 D NativeCrypto: ssl=0x79167bb380 NativeCrypto_SSL_interrupt
04-24 08:05:47.276 31174 31534 W SettingsInterface: Setting airplane_mode_on has moved from android.provider.Settings.System to android.provider.Settings.Global, returning read-only value.
04-24 08:05:48.170 30921 30921 I Choreographer: Skipped 2 frames! The application may be doing too much work on its main thread.
04-24 08:05:48.420 2181 26250 I NearbyMediums: No BLE Fast/GATT advertisements found in the latest cycle.
04-24 08:05:48.423 2181 26250 I NearbyMediums: Current Tracked Scanning Clients are : {NearbyConnections.EnvironmentMonitor, NearbySharing}
04-24 08:05:48.829 1049 1049 W /vendor/bin/mtkfusionrild: type=1400 audit(0.0:38937): avc: denied { read } for comm=52696C2050726F7879204D61696E20 name="u:object_r:atm_mdmode_prop:s0" dev="tmpfs" ino=11760 scontext=u:r:mtkfusionrild:s0 tcontext=u:object_r:atm_mdmode_prop:s0 tclass=file permissive=0
04-24 08:05:48.834 1049 1097 E libc : Access denied finding property "persist.atm.mdmode"
04-24 08:05:48.836 1914 1914 W SignalStrength: leon getOEMLevel networktype=3,level=2
04-24 08:05:48.837 1914 1914 W SignalStrength: leon getOEMLevel networktype=3,level=2
04-24 08:05:49.106 30921 30921 I Choreographer: Skipped 2 frames! The application may be doing too much work on its main thread.
04-24 08:05:49.423 533 533 I thermal_repeater: oh, queryMdThermalInfo (0)No such file or directory
04-24 08:05:49.421 1049 1049 W /vendor/bin/mtkfusionrild: type=1400 audit(0.0:38938): avc: denied { read } for comm=52696C2050726F7879204D61696E20 name="u:object_r:atm_mdmode_prop:s0" dev="tmpfs" ino=11760 scontext=u:r:mtkfusionrild:s0 tcontext=u:object_r:atm_mdmode_prop:s0 tclass=file permissive=0
04-24 08:05:49.426 1049 1097 E libc : Access denied finding property "persist.atm.mdmode"
04-24 08:05:49.437 1049 1049 W /vendor/bin/mtkfusionrild: type=1400 audit(0.0:38939): avc: denied { read } for comm=52696C2050726F7879204D61696E20 name="u:object_r:atm_mdmode_prop:s0" dev="tmpfs" ino=11760 scontext=u:r:mtkfusionrild:s0 tcontext=u:object_r:atm_mdmode_prop:s0 tclass=file permissive=0
04-24 08:05:49.441 1049 1097 E libc : Access denied finding property "persist.atm.mdmode"
04-24 08:05:49.442 533 533 I thermal_repeater: [recvMdThermalInfo] ret=32, strLen=127, 3, 35, -50, 12339, 32767, 25544
04-24 08:05:49.495 30921 32124 D TrafficStatsHelper: ifaceNames[0]:lo
04-24 08:05:49.496 30921 32124 D TrafficStatsHelper: ifaceNames[1]:p2p0
04-24 08:05:49.497 30921 32124 D TrafficStatsHelper: ifaceNames[2]:wlan0
04-24 08:05:49.498 30921 32124 D TrafficStatsHelper: ifaceNames[3]:ccmni0
04-24 08:05:49.502 30921 32124 D TrafficStatsHelper: transmitted_validWifiData.get(0) = wlan0
04-24 08:05:51.172 30921 30921 I Choreographer: Skipped 1 frames! The application may be doing too much work on its main thread.
04-24 08:05:53.496 30921 32124 D TrafficStatsHelper: ifaceNames[0]:lo
04-24 08:05:53.497 30921 32124 D TrafficStatsHelper: ifaceNames[1]:p2p0
04-24 08:05:53.498 30921 32124 D TrafficStatsHelper: ifaceNames[2]:wlan0
04-24 08:05:53.499 30921 32124 D TrafficStatsHelper: ifaceNames[3]:ccmni0
04-24 08:05:53.504 30921 32124 D TrafficStatsHelper: transmitted_validWifiData.get(0) = wlan0
04-24 08:05:53.949 1049 1049 W /vendor/bin/mtkfusionrild: type=1400 audit(0.0:38940): avc: denied { read } for comm=52696C2050726F7879204D61696E20 name="u:object_r:atm_mdmode_prop:s0" dev="tmpfs" ino=11760 scontext=u:r:mtkfusionrild:s0 tcontext=u:object_r:atm_mdmode_prop:s0 tclass=file permissive=0
04-24 08:05:53.955 1049 1097 E libc : Access denied finding property "persist.atm.mdmode"
04-24 08:05:53.957 1914 1914 W SignalStrength: leon getOEMLevel networktype=3,level=2
04-24 08:05:53.958 1914 1914 W SignalStrength: leon getOEMLevel networktype=3,level=2
04-24 08:05:54.447 533 533 I thermal_repeater: select timeout
04-24 08:05:57.328 5169 5442 W SettingsInterface: Setting android_id has moved from android.provider.Settings.System to android.provider.Settings.Secure, returning read-only value.
04-24 08:05:57.345 5169 5442 W SettingsInterface: Setting adb_enabled has moved from android.provider.Settings.Secure to android.provider.Settings.Global.
04-24 08:05:57.494 30921 32124 D TrafficStatsHelper: ifaceNames[0]:lo
04-24 08:05:57.495 30921 32124 D TrafficStatsHelper: ifaceNames[1]:p2p0
04-24 08:05:57.497 30921 32124 D TrafficStatsHelper: ifaceNames[2]:wlan0
04-24 08:05:57.499 30921 32124 D TrafficStatsHelper: ifaceNames[3]:ccmni0
04-24 08:05:57.502 30921 32124 D TrafficStatsHelper: transmitted_validWifiData.get(0) = wlan0
04-24 08:05:57.607 5169 5442 D libc-netbsd: [getaddrinfo]: hostname=64ypd.6w9hps.com; servname=(null); app_pid=5169; app_uid=10033; ai_flags=1024; ai_family=0; ai_socktype=1 from prox result 0
04-24 08:05:57.608 5169 5442 D : [Posix_connect Debug]Process com.android.vending :9907
04-24 08:05:57.913 5169 5442 D NativeCrypto: ssl=0x79385cb0c0 NativeCrypto_SSL_do_handshake fd=0x7939bfe1a8 shc=0x7939bfe1ac timeout_millis=60000 client_mode=1 npn=0x0
04-24 08:05:57.913 5169 5442 D NativeCrypto: ssl=0x79385cb0c0 info_callback calling handshakeCompleted
04-24 08:05:58.199 30921 30921 I Choreographer: Skipped 2 frames! The application may be doing too much work on its main thread.
04-24 08:05:58.275 30921 30921 I Choreographer: Skipped 1 frames! The application may be doing too much work on its main thread.
04-24 08:05:58.350 5169 5442 D NativeCrypto: ssl=0x79385cb0c0 cert_verify_callback => 1
04-24 08:05:58.363 5169 5442 D NativeCrypto: ssl=0x79385cb0c0 NativeCrypto_SSL_get_certificate => NULL
04-24 08:05:58.366 5169 5442 I System.out: Check isMmsSendPdu
04-24 08:05:58.367 5169 5442 I System.out: PDU read len:680
04-24 08:05:58.368 5169 5442 I System.out: MMS PDU Type:80:75
04-24 08:05:58.369 5169 5442 I System.out: [OkHttp] sendRequest<<
04-24 08:05:58.433 2181 26250 I NearbyMediums: No BLE Fast/GATT advertisements found in the latest cycle.
04-24 08:05:58.436 2181 26250 I NearbyMediums: Current Tracked Scanning Clients are : {NearbyConnections.EnvironmentMonitor, NearbySharing}
04-24 08:05:58.677 5169 5442 D NativeCrypto: ssl=0x79385cb0c0 info_callback calling handshakeCompleted
04-24 08:05:59.069 1049 1049 W /vendor/bin/mtkfusionrild: type=1400 audit(0.0:38941): avc: denied { read } for comm=52696C2050726F7879204D61696E20 name="u:object_r:atm_mdmode_prop:s0" dev="tmpfs" ino=11760 scontext=u:r:mtkfusionrild:s0 tcontext=u:object_r:atm_mdmode_prop:s0 tclass=file permissive=0
04-24 08:05:59.075 1049 1097 E libc : Access denied finding property "persist.atm.mdmode"
04-24 08:05:59.077 1914 1914 W SignalStrength: leon getOEMLevel networktype=3,level=3
04-24 08:05:59.077 1914 1914 W SignalStrength: leon getOEMLevel networktype=3,level=3
04-24 08:05:59.160 5169 5442 D NativeCrypto: ssl=0x79385cb0c0 NativeCrypto_SSL_interrupt
04-24 08:05:59.162 5169 5442 I System.out: Close in OkHttp
04-24 08:05:59.343 30921 30921 I Choreographer: Skipped 1 frames! The application may be doing too much work on its main thread.
04-24 08:05:59.356 31174 31534 W SettingsInterface: Setting airplane_mode_on has moved from android.provider.Settings.System to android.provider.Settings.Global, returning read-only value.
04-24 08:05:59.449 533 533 I thermal_repeater: oh, queryMdThermalInfo (0)No such file or directory
04-24 08:05:59.453 1049 1097 E libc : Access denied finding property "persist.atm.mdmode"
04-24 08:05:59.449 1049 1049 W /vendor/bin/mtkfusionrild: type=1400 audit(0.0:38942): avc: denied { read } for comm=52696C2050726F7879204D61696E20 name="u:object_r:atm_mdmode_prop:s0" dev="tmpfs" ino=11760 scontext=u:r:mtkfusionrild:s0 tcontext=u:object_r:atm_mdmode_prop:s0 tclass=file permissive=0
04-24 08:05:59.466 542 588 D : thermal_monitor main loop 2734 log_has_update = 0
04-24 08:05:59.467 1049 1097 E libc : Access denied finding property "persist.atm.mdmode"
04-24 08:05:59.461 1049 1049 W /vendor/bin/mtkfusionrild: type=1400 audit(0.0:38943): avc: denied { read } for comm=52696C2050726F7879204D61696E20 name="u:object_r:atm_mdmode_prop:s0" dev="tmpfs" ino=11760 scontext=u:r:mtkfusionrild:s0 tcontext=u:object_r:atm_mdmode_prop:s0 tclass=file permissive=0
04-24 08:05:59.468 533 533 I thermal_repeater: [recvMdThermalInfo] ret=32, strLen=127, 3, 35, -50, 12339, 32767, 25544
04-24 08:05:59.472 542 588 D : upthreshold 0, downthreshold 0
04-24 08:06:00.006 30921 30921 D PhoneStatusBar: recevie time tick broadcast
04-24 08:06:00.107 30921 30921 I Choreographer: Skipped 3 frames! The application may be doing too much work on its main thread.
04-24 08:06:01.496 30921 32124 D TrafficStatsHelper: ifaceNames[0]:lo
04-24 08:06:01.496 30921 32124 D TrafficStatsHelper: ifaceNames[1]:p2p0
04-24 08:06:01.498 30921 32124 D TrafficStatsHelper: ifaceNames[2]:wlan0
04-24 08:06:01.499 30921 32124 D TrafficStatsHelper: ifaceNames[3]:ccmni0
04-24 08:06:01.505 30921 32124 D TrafficStatsHelper: transmitted_validWifiData.get(0) = wlan0
04-24 08:06:04.194 1049 1097 E libc : Access denied finding property "persist.atm.mdmode"
04-24 08:06:04.189 1049 1049 W /vendor/bin/mtkfusionrild: type=1400 audit(0.0:38944): avc: denied { read } for comm=52696C2050726F7879204D61696E20 name="u:object_r:atm_mdmode_prop:s0" dev="tmpfs" ino=11760 scontext=u:r:mtkfusionrild:s0 tcontext=u:object_r:atm_mdmode_prop:s0 tclass=file permissive=0
04-24 08:06:04.196 1914 1914 W SignalStrength: leon getOEMLevel networktype=3,level=2
04-24 08:06:04.197 1914 1914 W SignalStrength: leon getOEMLevel networktype=3,level=2
04-24 08:06:04.461 30921 30921 I Choreographer: Skipped 1 frames! The application may be doing too much work on its main thread.
04-24 08:06:04.471 533 533 I thermal_repeater: select timeout
04-24 08:06:05.496 30921 32124 D TrafficStatsHelper: ifaceNames[0]:lo
04-24 08:06:05.497 30921 32124 D TrafficStatsHelper: ifaceNames[1]:p2p0
04-24 08:06:05.498 30921 32124 D TrafficStatsHelper: ifaceNames[2]:wlan0
04-24 08:06:05.499 30921 32124 D TrafficStatsHelper: ifaceNames[3]:ccmni0
04-24 08:06:05.504 30921 32124 D TrafficStatsHelper: transmitted_validWifiData.get(0) = wlan0
04-24 08:06:08.441 2181 26250 I NearbyMediums: No BLE Fast/GATT advertisements found in the latest cycle.
04-24 08:06:08.443 2181 26250 I NearbyMediums: Current Tracked Scanning Clients are : {NearbyConnections.EnvironmentMonitor, NearbySharing}
04-24 08:06:09.473 533 533 I thermal_repeater: oh, queryMdThermalInfo (0)No such file or directory
04-24 08:06:09.477 1049 1097 E libc : Access denied finding property "persist.atm.mdmode"
04-24 08:06:09.473 1049 1049 W /vendor/bin/mtkfusionrild: type=1400 audit(0.0:38945): avc: denied { read } for comm=52696C2050726F7879204D61696E20 name="u:object_r:atm_mdmode_prop:s0" dev="tmpfs" ino=11760 scontext=u:r:mtkfusionrild:s0 tcontext=u:object_r:atm_mdmode_prop:s0 tclass=file permissive=0
04-24 08:06:09.489 1049 1049 W /vendor/bin/mtkfusionrild: type=1400 audit(0.0:38946): avc: denied { read } for comm=52696C2050726F7879204D61696E20 name="u:object_r:atm_mdmode_prop:s0" dev="tmpfs" ino=11760 scontext=u:r:mtkfusionrild:s0 tcontext=u:object_r:atm_mdmode_prop:s0 tclass=file permissive=0
04-24 08:06:09.492 1049 1097 E libc : Access denied finding property "persist.atm.mdmode"
04-24 08:06:09.494 533 533 I thermal_repeater: [recvMdThermalInfo] ret=32, strLen=127, 3, 35, -50, 14386, 32767, 25544
04-24 08:06:09.496 30921 32124 D TrafficStatsHelper: ifaceNames[0]:lo
04-24 08:06:09.497 30921 32124 D TrafficStatsHelper: ifaceNames[1]:p2p0
04-24 08:06:09.499 30921 32124 D TrafficStatsHelper: ifaceNames[2]:wlan0
04-24 08:06:09.501 30921 32124 D TrafficStatsHelper: ifaceNames[3]:ccmni0
04-24 08:06:09.505 30921 32124 D TrafficStatsHelper: transmitted_validWifiData.get(0) = wlan0
04-24 08:06:09.949 1049 1049 W /vendor/bin/mtkfusionrild: type=1400 audit(0.0:38947): avc: denied { read } for comm=52696C2050726F7879204D61696E20 name="u:object_r:atm_mdmode_prop:s0" dev="tmpfs" ino=11760 scontext=u:r:mtkfusionrild:s0 tcontext=u:object_r:atm_mdmode_prop:s0 tclass=file permissive=0
04-24 08:06:09.953 1049 1097 E libc : Access denied finding property "persist.atm.mdmode"
04-24 08:06:09.955 1914 1914 W SignalStrength: leon getOEMLevel networktype=3,level=3
04-24 08:06:09.956 1914 1914 W SignalStrength: leon getOEMLevel networktype=3,level=3
04-24 08:06:11.433 31174 31534 W SettingsInterface: Setting airplane_mode_on has moved from android.provider.Settings.System to android.provider.Settings.Global, returning read-only value.
04-24 08:06:13.023 3795 3795 W MDCLAN_FCH: Bypassing deoptimization check for FCIPCL failure
04-24 08:06:13.094 1490 2128 D AES : AEEIOCTL_GET/SET_SF_STATE IOCTL,cmd= 1074294797, lParam=0.
04-24 08:06:13.094 1490 2128 D AES : AEEIOCTL_RT_MON_Kick IOCTL,cmd= 2147774474, lParam=300.
04-24 08:06:13.267 26965 27119 D NativeCrypto: ssl=0x79167bbe00 NativeCrypto_SSL_interrupt
04-24 08:06:13.497 30921 32124 D TrafficStatsHelper: ifaceNames[0]:lo
04-24 08:06:13.498 30921 32124 D TrafficStatsHelper: ifaceNames[1]:p2p0
04-24 08:06:13.499 30921 32124 D TrafficStatsHelper: ifaceNames[2]:wlan0
04-24 08:06:13.501 30921 32124 D TrafficStatsHelper: ifaceNames[3]:ccmni0
04-24 08:06:13.511 30921 32124 D TrafficStatsHelper: transmitted_validWifiData.get(0) = wlan0
04-24 08:06:14.500 533 533 I thermal_repeater: select timeout
04-24 08:06:15.714 1049 1097 E libc : Access denied finding property "persist.atm.mdmode"
04-24 08:06:15.718 1914 1914 W SignalStrength: leon getOEMLevel networktype=3,level=2
04-24 08:06:15.719 1914 1914 W SignalStrength: leon getOEMLevel networktype=3,level=2
04-24 08:06:15.709 1049 1049 W /vendor/bin/mtkfusionrild: type=1400 audit(0.0:38948): avc: denied { read } for comm=52696C2050726F7879204D61696E20 name="u:object_r:atm_mdmode_prop:s0" dev="tmpfs" ino=11760 scontext=u:r:mtkfusionrild:s0 tcontext=u:object_r:atm_mdmode_prop:s0 tclass=file permissive=0
04-24 08:06:16.000 30921 30921 I Choreographer: Skipped 2 frames! The application may be doing too much work on its main thread.
04-24 08:06:17.233 30921 30921 I Choreographer: Skipped 1 frames! The application may be doing too much work on its main thread.
04-24 08:06:17.497 30921 32124 D TrafficStatsHelper: ifaceNames[0]:lo
04-24 08:06:17.498 30921 32124 D TrafficStatsHelper: ifaceNames[1]:p2p0
04-24 08:06:17.499 30921 32124 D TrafficStatsHelper: ifaceNames[2]:wlan0
04-24 08:06:17.500 30921 32124 D TrafficStatsHelper: ifaceNames[3]:ccmni0
04-24 08:06:17.505 30921 32124 D TrafficStatsHelper: transmitted_validWifiData.get(0) = wlan0
04-24 08:06:18.238 30921 30921 I Choreographer: Skipped 1 frames! The application may be doing too much work on its main thread.
04-24 08:06:18.449 2181 26250 I NearbyMediums: No BLE Fast/GATT advertisements found in the latest cycle.
04-24 08:06:18.451 2181 26250 I NearbyMediums: Current Tracked Scanning Clients are : {NearbyConnections.EnvironmentMonitor, NearbySharing}
04-24 08:06:19.240 30921 30921 I Choreographer: Skipped 1 frames! The application may be doing too much work on its main thread.
04-24 08:06:19.472 542 588 D : thermal_monitor main loop 2735 log_has_update = 0
04-24 08:06:19.477 542 588 D : upthreshold 0, downthreshold 0
04-24 08:06:19.502 533 533 I thermal_repeater: oh, queryMdThermalInfo (0)No such file or directory
04-24 08:06:19.505 1049 1097 E libc : Access denied finding property "persist.atm.mdmode"
04-24 08:06:19.501 1049 1049 W /vendor/bin/mtkfusionrild: type=1400 audit(0.0:38949): avc: denied { read } for comm=52696C2050726F7879204D61696E20 name="u:object_r:atm_mdmode_prop:s0" dev="tmpfs" ino=11760 scontext=u:r:mtkfusionrild:s0 tcontext=u:object_r:atm_mdmode_prop:s0 tclass=file permissive=0
04-24 08:06:19.517 1049 1049 W /vendor/bin/mtkfusionrild: type=1400 audit(0.0:38950): avc: denied { read } for comm=52696C2050726F7879204D61696E20 name="u:object_r:atm_mdmode_prop:s0" dev="tmpfs" ino=11760 scontext=u:r:mtkfusionrild:s0 tcontext=u:object_r:atm_mdmode_prop:s0 tclass=file permissive=0
04-24 08:06:19.521 1049 1097 E libc : Access denied finding property "persist.atm.mdmode"
04-24 08:06:19.522 533 533 I thermal_repeater: [recvMdThermalInfo] ret=32, strLen=127, 3, 35, -50, 25446, 32767, 25544
04-24 08:06:20.833 1049 1097 E libc : Access denied finding property "persist.atm.mdmode"
04-24 08:06:20.829 1049 1049 W /vendor/bin/mtkfusionrild: type=1400 audit(0.0:38951): avc: denied { read } for comm=52696C2050726F7879204D61696E20 name="u:object_r:atm_mdmode_prop:s0" dev="tmpfs" ino=11760 scontext=u:r:mtkfusionrild:s0 tcontext=u:object_r:atm_mdmode_prop:s0 tclass=file permissive=0
04-24 08:06:20.835 1914 1914 W SignalStrength: leon getOEMLevel networktype=3,level=3
04-24 08:06:20.836 1914 1914 W SignalStrength: leon getOEMLevel networktype=3,level=3
04-24 08:06:21.496 30921 32124 D TrafficStatsHelper: ifaceNames[0]:lo
04-24 08:06:21.497 30921 32124 D TrafficStatsHelper: ifaceNames[1]:p2p0
04-24 08:06:21.499 30921 32124 D TrafficStatsHelper: ifaceNames[2]:wlan0
04-24 08:06:21.500 30921 32124 D TrafficStatsHelper: ifaceNames[3]:ccmni0
04-24 08:06:21.504 30921 32124 D TrafficStatsHelper: transmitted_validWifiData.get(0) = wlan0
04-24 08:06:23.508 31174 31534 W SettingsInterface: Setting airplane_mode_on has moved from android.provider.Settings.System to android.provider.Settings.Global, returning read-only value.
04-24 08:06:24.529 533 533 I thermal_repeater: select timeout
04-24 08:06:25.495 30921 32124 D TrafficStatsHelper: ifaceNames[0]:lo
04-24 08:06:25.496 30921 32124 D TrafficStatsHelper: ifaceNames[1]:p2p0
04-24 08:06:25.496 30921 32124 D TrafficStatsHelper: ifaceNames[2]:wlan0
04-24 08:06:25.497 30921 32124 D TrafficStatsHelper: ifaceNames[3]:ccmni0
04-24 08:06:25.499 30921 32124 D TrafficStatsHelper: transmitted_validWifiData.get(0) = wlan0
04-24 08:06:25.949 1049 1049 W /vendor/bin/mtkfusionrild: type=1400 audit(0.0:38952): avc: denied { read } for comm=52696C2050726F7879204D61696E20 name="u:object_r:atm_mdmode_prop:s0" dev="tmpfs" ino=11760 scontext=u:r:mtkfusionrild:s0 tcontext=u:object_r:atm_mdmode_prop:s0 tclass=file permissive=0
04-24 08:06:25.954 1049 1097 E libc : Access denied finding property "persist.atm.mdmode"
04-24 08:06:25.959 1914 1914 W SignalStrength: leon getOEMLevel networktype=3,level=2
04-24 08:06:25.960 1914 1914 W SignalStrength: leon getOEMLevel networktype=3,level=2
04-24 08:06:27.261 30921 30921 I Choreographer: Skipped 1 frames! The application may be doing too much work on its main thread.
04-24 08:06:28.261 30921 30921 I Choreographer: Skipped 1 frames! The application may be doing too much work on its main thread.
04-24 08:06:28.456 2181 26250 I NearbyMediums: No BLE Fast/GATT advertisements found in the latest cycle.
04-24 08:06:28.458 2181 26250 I NearbyMediums: Current Tracked Scanning Clients are : {NearbyConnections.EnvironmentMonitor, NearbySharing}
04-24 08:06:29.497 30921 32124 D TrafficStatsHelper: ifaceNames[0]:lo
04-24 08:06:29.498 30921 32124 D TrafficStatsHelper: ifaceNames[1]:p2p0
04-24 08:06:29.499 30921 32124 D TrafficStatsHelper: ifaceNames[2]:wlan0
04-24 08:06:29.500 30921 32124 D TrafficStatsHelper: ifaceNames[3]:ccmni0
04-24 08:06:29.504 30921 32124 D TrafficStatsHelper: transmitted_validWifiData.get(0) = wlan0
04-24 08:06:29.530 533 533 I thermal_repeater: oh, queryMdThermalInfo (0)No such file or directory
04-24 08:06:29.537 1049 1097 E libc : Access denied finding property "persist.atm.mdmode"
04-24 08:06:29.533 1049 1049 W /vendor/bin/mtkfusionrild: type=1400 audit(0.0:38953): avc: denied { read } for comm=52696C2050726F7879204D61696E20 name="u:object_r:atm_mdmode_prop:s0" dev="tmpfs" ino=11760 scontext=u:r:mtkfusionrild:s0 tcontext=u:object_r:atm_mdmode_prop:s0 tclass=file permissive=0
04-24 08:06:29.545 1049 1049 W /vendor/bin/mtkfusionrild: type=1400 audit(0.0:38954): avc: denied { read } for comm=52696C2050726F7879204D61696E20 name="u:object_r:atm_mdmode_prop:s0" dev="tmpfs" ino=11760 scontext=u:r:mtkfusionrild:s0 tcontext=u:object_r:atm_mdmode_prop:s0 tclass=file permissive=0
04-24 08:06:29.551 1049 1097 E libc : Access denied finding property "persist.atm.mdmode"
04-24 08:06:29.553 533 533 I thermal_repeater: [recvMdThermalInfo] ret=32, strLen=127, 3, 35, -50, 14386, 32767, 25544
04-24 08:06:31.069 1049 1049 W /vendor/bin/mtkfusionrild: type=1400 audit(0.0:38955): avc: denied { read } for comm=52696C2050726F7879204D61696E20 name="u:object_r:atm_mdmode_prop:s0" dev="tmpfs" ino=11760 scontext=u:r:mtkfusionrild:s0 tcontext=u:object_r:atm_mdmode_prop:s0 tclass=file permissive=0
04-24 08:06:31.072 1049 1097 E libc : Access denied finding property "persist.atm.mdmode"
04-24 08:06:31.074 1914 1914 W SignalStrength: leon getOEMLevel networktype=3,level=2
04-24 08:06:31.075 1914 1914 W SignalStrength: leon getOEMLevel networktype=3,level=2
04-24 08:06:33.497 30921 32124 D TrafficStatsHelper: ifaceNames[0]:lo
04-24 08:06:33.498 30921 32124 D TrafficStatsHelper: ifaceNames[1]:p2p0
04-24 08:06:33.499 30921 32124 D TrafficStatsHelper: ifaceNames[2]:wlan0
04-24 08:06:33.500 30921 32124 D TrafficStatsHelper: ifaceNames[3]:ccmni0
04-24 08:06:33.504 30921 32124 D TrafficStatsHelper: transmitted_validWifiData.get(0) = wlan0
04-24 08:06:34.555 533 533 I thermal_repeater: select timeout
04-24 08:06:35.583 31174 31534 W SettingsInterface: Setting airplane_mode_on has moved from android.provider.Settings.System to android.provider.Settings.Global, returning read-only value.
04-24 08:06:36.829 1049 1049 W /vendor/bin/mtkfusionrild: type=1400 audit(0.0:38956): avc: denied { read } for comm=52696C2050726F7879204D61696E20 name="u:object_r:atm_mdmode_prop:s0" dev="tmpfs" ino=11760 scontext=u:r:mtkfusionrild:s0 tcontext=u:object_r:atm_mdmode_prop:s0 tclass=file permissive=0
04-24 08:06:36.834 1049 1097 E libc : Access denied finding property "persist.atm.mdmode"
04-24 08:06:36.836 1914 1914 W SignalStrength: leon getOEMLevel networktype=3,level=2
04-24 08:06:36.837 1914 1914 W SignalStrength: leon getOEMLevel networktype=3,level=2
04-24 08:06:37.106 30921 30921 I Choreographer: Skipped 2 frames! The application may be doing too much work on its main thread.
04-24 08:06:37.165 30921 30921 I Choreographer: Skipped 1 frames! The application may be doing too much work on its main thread.
04-24 08:06:37.496 30921 32124 D TrafficStatsHelper: ifaceNames[0]:lo
04-24 08:06:37.497 30921 32124 D TrafficStatsHelper: ifaceNames[1]:p2p0
04-24 08:06:37.498 30921 32124 D TrafficStatsHelper: ifaceNames[2]:wlan0
04-24 08:06:37.499 30921 32124 D TrafficStatsHelper: ifaceNames[3]:ccmni0
04-24 08:06:37.504 30921 32124 D TrafficStatsHelper: transmitted_validWifiData.get(0) = wlan0
04-24 08:06:38.465 2181 26250 I NearbyMediums: No BLE Fast/GATT advertisements found in the latest cycle.
04-24 08:06:38.467 2181 26250 I NearbyMediums: Current Tracked Scanning Clients are : {NearbyConnections.EnvironmentMonitor, NearbySharing}
04-24 08:06:39.478 542 588 D : thermal_monitor main loop 2736 log_has_update = 0
04-24 08:06:39.483 542 588 D : upthreshold 0, downthreshold 0
04-24 08:06:39.557 533 533 I thermal_repeater: oh, queryMdThermalInfo (0)No such file or directory
04-24 08:06:39.562 1049 1097 E libc : Access denied finding property "persist.atm.mdmode"
04-24 08:06:39.557 1049 1049 W /vendor/bin/mtkfusionrild: type=1400 audit(0.0:38957): avc: denied { read } for comm=52696C2050726F7879204D61696E20 name="u:object_r:atm_mdmode_prop:s0" dev="tmpfs" ino=11760 scontext=u:r:mtkfusionrild:s0 tcontext=u:object_r:atm_mdmode_prop:s0 tclass=file permissive=0
04-24 08:06:39.573 1049 1049 W /vendor/bin/mtkfusionrild: type=1400 audit(0.0:38958): avc: denied { read } for comm=52696C2050726F7879204D61696E20 name="u:object_r:atm_mdmode_prop:s0" dev="tmpfs" ino=11760 scontext=u:r:mtkfusionrild:s0 tcontext=u:object_r:atm_mdmode_prop:s0 tclass=file permissive=0
04-24 08:06:39.577 1049 1097 E libc : Access denied finding property "persist.atm.mdmode"
04-24 08:06:39.578 533 533 I thermal_repeater: [recvMdThermalInfo] ret=32, strLen=127, 3, 35, -50, 14386, 32767, 25544
04-24 08:06:39.795 1049 1097 E libc : Access denied finding property "persist.atm.mdmode"
04-24 08:06:39.789 1049 1049 W /vendor/bin/mtkfusionrild: type=1400 audit(0.0:38959): avc: denied { read } for comm=52696C2050726F7879204D61696E20 name="u:object_r:atm_mdmode_prop:s0" dev="tmpfs" ino=11760 scontext=u:r:mtkfusionrild:s0 tcontext=u:object_r:atm_mdmode_prop:s0 tclass=file permissive=0
04-24 08:06:39.797 1914 1914 W SignalStrength: leon getOEMLevel networktype=1,level=4
04-24 08:06:39.798 1914 1914 W SignalStrength: leon getOEMLevel networktype=0,level=0
04-24 08:06:40.059 30921 30921 I Choreographer: Skipped 1 frames! The application may be doing too much work on its main thread.
04-24 08:06:41.497 30921 32124 D TrafficStatsHelper: ifaceNames[0]:lo
04-24 08:06:41.498 30921 32124 D TrafficStatsHelper: ifaceNames[1]:p2p0
04-24 08:06:41.499 30921 32124 D TrafficStatsHelper: ifaceNames[2]:wlan0
04-24 08:06:41.500 30921 32124 D TrafficStatsHelper: ifaceNames[3]:ccmni0
04-24 08:06:41.505 30921 32124 D TrafficStatsHelper: transmitted_validWifiData.get(0) = wlan0
04-24 08:06:43.096 1490 2128 D AES : AEEIOCTL_GET/SET_SF_STATE IOCTL,cmd= 1074294797, lParam=0.
04-24 08:06:43.096 1490 2128 D AES : AEEIOCTL_RT_MON_Kick IOCTL,cmd= 2147774474, lParam=300.
04-24 08:06:43.233 1049 1097 E libc : Access denied finding property "persist.atm.mdmode"
04-24 08:06:43.229 1049 1049 W /vendor/bin/mtkfusionrild: type=1400 audit(0.0:38960): avc: denied { read } for comm=52696C2050726F7879204D61696E20 name="u:object_r:atm_mdmode_prop:s0" dev="tmpfs" ino=11760 scontext=u:r:mtkfusionrild:s0 tcontext=u:object_r:atm_mdmode_prop:s0 tclass=file permissive=0
04-24 08:06:43.234 1914 1914 W SignalStrength: leon getOEMLevel networktype=3,level=2
04-24 08:06:43.236 1914 1914 W SignalStrength: leon getOEMLevel networktype=3,level=2
04-24 08:06:44.585 533 533 I thermal_repeater: select timeout
04-24 08:06:45.497 30921 32124 D TrafficStatsHelper: ifaceNames[0]:lo
04-24 08:06:45.498 30921 32124 D TrafficStatsHelper: ifaceNames[1]:p2p0
04-24 08:06:45.500 30921 32124 D TrafficStatsHelper: ifaceNames[2]:wlan0
04-24 08:06:45.501 30921 32124 D TrafficStatsHelper: ifaceNames[3]:ccmni0
04-24 08:06:45.505 30921 32124 D TrafficStatsHelper: transmitted_validWifiData.get(0) = wlan0
04-24 08:06:45.651 26965 26965 I Ads : Use RequestConfiguration.Builder().setTestDeviceIds(Arrays.asList("43995BC8F0A5D481A841B0B9577B7336")) to get test ads on this device.
04-24 08:06:45.710 26965 26965 W ServiceBindIntentUtils: Dynamic lookup for intent failed for action: com.google.android.gms.ads.service.CACHE
04-24 08:06:45.765 26965 27666 W ServiceBindIntentUtils: Dynamic lookup for intent failed for action: com.google.android.gms.ads.service.START
04-24 08:06:45.950 31112 27669 I System.out: [OkHttp] sendRequest>>
04-24 08:06:45.952 31112 27669 I System.out: [OkHttp] sendRequest<<
04-24 08:06:46.230 30921 30921 I Choreographer: Skipped 2 frames! The application may be doing too much work on its main thread.
04-24 08:06:46.272 31112 27669 I System.out: Wrong owner. Perhaps a late disconnect
04-24 08:06:46.365 26965 26965 I Ads : Ad failed to load : 3
04-24 08:06:46.377 26965 27153 D libc-netbsd: [getaddrinfo]: hostname=mediation.goog; servname=(null); app_pid=26965; app_uid=10192; ai_flags=1024; ai_family=0; ai_socktype=1 from prox result 0
04-24 08:06:46.379 26965 27153 D : [Posix_connect Debug]Process com.medhaapps.wififtpserver :443
04-24 08:06:46.379 26965 27663 I System.out: [OkHttp] sendRequest>>
04-24 08:06:46.380 26965 27663 I System.out: [OkHttp] sendRequest<<
04-24 08:06:46.524 26965 27153 D NativeCrypto: ssl=0x79167bc6c0 NativeCrypto_SSL_do_handshake fd=0x78921f4118 shc=0x78921f411c timeout_millis=60000 client_mode=1 npn=0x0
04-24 08:06:46.524 26965 27153 D NativeCrypto: ssl=0x79167bc6c0 info_callback calling handshakeCompleted
04-24 08:06:46.638 26965 27153 D NativeCrypto: ssl=0x79167bc6c0 info_callback calling handshakeCompleted
04-24 08:06:46.639 26965 27153 I System.out: gba_cipher_suite:TLS_ECDHE_ECDSA_WITH_AES_128_GCM_SHA256
04-24 08:06:46.642 26965 27153 I System.out: [OkHttp] sendRequest>>
04-24 08:06:46.644 26965 27153 I System.out: [OkHttp] sendRequest<<
04-24 08:06:46.814 26965 27663 I System.out: Wrong owner. Perhaps a late disconnect
04-24 08:06:46.819 26965 27153 I System.out: Close in OkHttp
04-24 08:06:46.821 26965 27153 D NativeCrypto: ssl=0x79167bc6c0 NativeCrypto_SSL_interrupt
04-24 08:06:47.653 31174 31534 W SettingsInterface: Setting airplane_mode_on has moved from android.provider.Settings.System to android.provider.Settings.Global, returning read-only value.
04-24 08:06:48.349 1049 1049 W /vendor/bin/mtkfusionrild: type=1400 audit(0.0:38961): avc: denied { read } for comm=52696C2050726F7879204D61696E20 name="u:object_r:atm_mdmode_prop:s0" dev="tmpfs" ino=11760 scontext=u:r:mtkfusionrild:s0 tcontext=u:object_r:atm_mdmode_prop:s0 tclass=file permissive=0
04-24 08:06:48.356 1049 1097 E libc : Access denied finding property "persist.atm.mdmode"
04-24 08:06:48.358 1914 1914 W SignalStrength: leon getOEMLevel networktype=3,level=2
04-24 08:06:48.359 1914 1914 W SignalStrength: leon getOEMLevel networktype=3,level=2
04-24 08:06:48.473 2181 26250 I NearbyMediums: No BLE Fast/GATT advertisements found in the latest cycle.
04-24 08:06:48.476 2181 26250 I NearbyMediums: Current Tracked Scanning Clients are : {NearbyConnections.EnvironmentMonitor, NearbySharing}
04-24 08:06:49.237 1049 1097 E libc : Access denied finding property "persist.atm.mdmode"
04-24 08:06:49.233 1049 1049 W /vendor/bin/mtkfusionrild: type=1400 audit(0.0:38962): avc: denied { read } for comm=52696C2050726F7879204D61696E20 name="u:object_r:atm_mdmode_prop:s0" dev="tmpfs" ino=11760 scontext=u:r:mtkfusionrild:s0 tcontext=u:object_r:atm_mdmode_prop:s0 tclass=file permissive=0
04-24 08:06:49.239 1914 1914 W SignalStrength: leon getOEMLevel networktype=1,level=4
04-24 08:06:49.240 1914 1914 W SignalStrength: leon getOEMLevel networktype=0,level=0
04-24 08:06:49.497 30921 32124 D TrafficStatsHelper: ifaceNames[0]:lo
04-24 08:06:49.498 30921 32124 D TrafficStatsHelper: ifaceNames[1]:p2p0
04-24 08:06:49.499 30921 32124 D TrafficStatsHelper: ifaceNames[2]:wlan0
04-24 08:06:49.500 30921 32124 D TrafficStatsHelper: ifaceNames[3]:ccmni0
04-24 08:06:49.506 30921 32124 D TrafficStatsHelper: transmitted_validWifiData.get(0) = wlan0
04-24 08:06:49.521 30921 30921 I Choreographer: Skipped 2 frames! The application may be doing too much work on its main thread.
04-24 08:06:49.578 30921 30921 I Choreographer: Skipped 1 frames! The application may be doing too much work on its main thread.
04-24 08:06:49.586 533 533 I thermal_repeater: oh, queryMdThermalInfo (0)No such file or directory
04-24 08:06:49.591 1049 1097 E libc : Access denied finding property "persist.atm.mdmode"
04-24 08:06:49.585 1049 1049 W /vendor/bin/mtkfusionrild: type=1400 audit(0.0:38963): avc: denied { read } for comm=52696C2050726F7879204D61696E20 name="u:object_r:atm_mdmode_prop:s0" dev="tmpfs" ino=11760 scontext=u:r:mtkfusionrild:s0 tcontext=u:object_r:atm_mdmode_prop:s0 tclass=file permissive=0
04-24 08:06:49.597 1049 1049 W /vendor/bin/mtkfusionrild: type=1400 audit(0.0:38964): avc: denied { read } for comm=52696C2050726F7879204D61696E20 name="u:object_r:atm_mdmode_prop:s0" dev="tmpfs" ino=11760 scontext=u:r:mtkfusionrild:s0 tcontext=u:object_r:atm_mdmode_prop:s0 tclass=file permissive=0
04-24 08:06:49.604 1049 1097 E libc : Access denied finding property "persist.atm.mdmode"
04-24 08:06:49.605 533 533 I thermal_repeater: [recvMdThermalInfo] ret=32, strLen=127, 3, 35, -50, 21315, 32767, 25544
04-24 08:06:52.324 30921 30921 I Choreographer: Skipped 2 frames! The application may be doing too much work on its main thread.
04-24 08:06:53.327 30921 30921 I Choreographer: Skipped 2 frames! The application may be doing too much work on its main thread.
04-24 08:06:53.396 30921 30921 I Choreographer: Skipped 1 frames! The application may be doing too much work on its main thread.
04-24 08:06:53.469 1049 1049 W /vendor/bin/mtkfusionrild: type=1400 audit(0.0:38965): avc: denied { read } for comm=52696C2050726F7879204D61696E20 name="u:object_r:atm_mdmode_prop:s0" dev="tmpfs" ino=11760 scontext=u:r:mtkfusionrild:s0 tcontext=u:object_r:atm_mdmode_prop:s0 tclass=file permissive=0
04-24 08:06:53.474 1049 1097 E libc : Access denied finding property "persist.atm.mdmode"
04-24 08:06:53.476 1914 1914 W SignalStrength: leon getOEMLevel networktype=3,level=2
04-24 08:06:53.477 1914 1914 W SignalStrength: leon getOEMLevel networktype=3,level=2
04-24 08:06:53.497 30921 32124 D TrafficStatsHelper: ifaceNames[0]:lo
04-24 08:06:53.497 30921 32124 D TrafficStatsHelper: ifaceNames[1]:p2p0
04-24 08:06:53.499 30921 32124 D TrafficStatsHelper: ifaceNames[2]:wlan0
04-24 08:06:53.502 30921 32124 D TrafficStatsHelper: ifaceNames[3]:ccmni0
04-24 08:06:53.508 30921 32124 D TrafficStatsHelper: transmitted_validWifiData.get(0) = wlan0
04-24 08:06:54.611 533 533 I thermal_repeater: select timeout