04-24 08:02:52.200 1914 1914 D SST : [GsmSST0] Broadcasting ServiceState : 0 0 voice home data home beeline Beeline 25099 beeline Beeline 25099 LTE LTE CSS not supported 0 0 RoamInd=-1 DefRoamInd=-1 EmergOnly=false Ril Voice Regist state: 1 Ril Data Regist state: 1 mProprietaryDataRadioTechnology: 0 VoiceRejectCause: 0 DataRejectCause: -1 IsDataRoamingFromRegistration=false IsUsingCarrierAggregation=true
04-24 08:02:52.203 1914 1914 D DefaultPhoneNotifier: nofityServiceState: mRegistry=com.android.internal.telephony.ITelephonyRegistry$Stub$Proxy@74061ab ss=0 0 voice home data home beeline Beeline 25099 beeline Beeline 25099 LTE LTE CSS not supported 0 0 RoamInd=-1 DefRoamInd=-1 EmergOnly=false Ril Voice Regist state: 1 Ril Data Regist state: 1 mProprietaryDataRadioTechnology: 0 VoiceRejectCause: 0 DataRejectCause: -1 IsDataRoamingFromRegistration=false IsUsingCarrierAggregation=true sender=Handler (com.android.internal.telephony.GsmCdmaPhone) {625ca47} phondId=0 subId=1
04-24 08:02:52.208 2225 2225 D MWIS : [MwiSvc] handleMessage: EVENT_NOTIFY_SERVICE_STATE_CHANGE = { when=0 what=4 arg1=1 obj=0 0 voice home data home beeline Beeline 25099 beeline Beeline 25099 LTE LTE CSS not supported 0 0 RoamInd=-1 DefRoamInd=-1 EmergOnly=false Ril Voice Regist state: 1 Ril Data Regist state: 1 mProprietaryDataRadioTechnology: 0 VoiceRejectCause: 0 DataRejectCause: -1 IsDataRoamingFromRegistration=false IsUsingCarrierAggregation=true target=com.mediatek.wfo.impl.MwiService$2 obj=0 0 voice home data home beeline Beeline 25099 beeline Beeline 25099 LTE LTE CSS not supported 0 0 RoamInd=-1 DefRoamInd=-1 EmergOnly=false Ril Voice Regist state: 1 Ril Data Regist state: 1 mProprietaryDataRadioTechnology: 0 VoiceRejectCause: 0 DataRejectCause: -1 IsDataRoamingFromRegistration=false IsUsingCarrierAggregation=true }
04-24 08:02:52.210 2225 2225 D MWIS : [MwiSvc] updateServiceState VoiceRegState is 0, simId=0
04-24 08:02:52.228 1914 1914 D CdmaVolteServiceChecker: onReceive, action = android.intent.action.SERVICE_STATE
04-24 08:02:52.228 1914 1914 D CdmaVolteServiceChecker: updateState, checking = false
04-24 08:02:52.230 1914 1914 D CdmaVolteServiceChecker: getMainCapabilitySubId = 1
04-24 08:02:53.135 1049 1097 E libc : Access denied finding property "persist.atm.mdmode"
04-24 08:02:53.129 1049 1049 W /vendor/bin/mtkfusionrild: type=1400 audit(0.0:38836): avc: denied { read } for comm=52696C2050726F7879204D61696E20 name="u:object_r:atm_mdmode_prop:s0" dev="tmpfs" ino=11760 scontext=u:r:mtkfusionrild:s0 tcontext=u:object_r:atm_mdmode_prop:s0 tclass=file permissive=0
04-24 08:02:53.133 1049 1049 W /vendor/bin/mtkfusionrild: type=1400 audit(0.0:38837): avc: denied { read } for comm=52696C2050726F7879204D61696E20 name="u:object_r:atm_mdmode_prop:s0" dev="tmpfs" ino=11760 scontext=u:r:mtkfusionrild:s0 tcontext=u:object_r:atm_mdmode_prop:s0 tclass=file permissive=0
04-24 08:02:53.137 1049 1097 E libc : Access denied finding property "persist.atm.mdmode"
04-24 08:02:53.146 1914 1914 D SST : [GsmSST1] onNetworkStateChangeResult state:1 lac:20120 cid:6254 Act:16 cause:0
04-24 08:02:53.153 1914 1914 D SST : [GsmSST1] pollState RadioState is RADIO_ON, currentNetworkMode= 9, mPollingContext=0, modemTriggered=true, hasPendingPollState=false
04-24 08:02:53.157 1049 1049 W /vendor/bin/mtkfusionrild: type=1400 audit(0.0:38838): avc: denied { read } for comm=52696C2050726F7879204D61696E20 name="u:object_r:atm_mdmode_prop:s0" dev="tmpfs" ino=11760 scontext=u:r:mtkfusionrild:s0 tcontext=u:object_r:atm_mdmode_prop:s0 tclass=file permissive=0
04-24 08:02:53.157 1049 1049 W /vendor/bin/mtkfusionrild: type=1400 audit(0.0:38839): avc: denied { read } for comm=52696C2050726F7879204D61696E20 name="u:object_r:atm_mdmode_prop:s0" dev="tmpfs" ino=11760 scontext=u:r:mtkfusionrild:s0 tcontext=u:object_r:atm_mdmode_prop:s0 tclass=file permissive=0
04-24 08:02:53.161 1049 1097 E libc : Access denied finding property "persist.atm.mdmode"
04-24 08:02:53.165 1049 1097 E libc : Access denied finding property "persist.atm.mdmode"
04-24 08:02:53.168 1049 1097 E libc : Access denied finding property "persist.atm.mdmode"
04-24 08:02:53.161 1049 1049 W /vendor/bin/mtkfusionrild: type=1400 audit(0.0:38840): avc: denied { read } for comm=52696C2050726F7879204D61696E20 name="u:object_r:atm_mdmode_prop:s0" dev="tmpfs" ino=11760 scontext=u:r:mtkfusionrild:s0 tcontext=u:object_r:atm_mdmode_prop:s0 tclass=file permissive=0
04-24 08:02:53.170 1049 1097 E libc : Access denied finding property "persist.atm.mdmode"
04-24 08:02:53.165 1049 1049 W /vendor/bin/mtkfusionrild: type=1400 audit(0.0:38841): avc: denied { read } for comm=52696C2050726F7879204D61696E20 name="u:object_r:atm_mdmode_prop:s0" dev="tmpfs" ino=11760 scontext=u:r:mtkfusionrild:s0 tcontext=u:object_r:atm_mdmode_prop:s0 tclass=file permissive=0
04-24 08:02:53.169 1049 1049 W /vendor/bin/mtkfusionrild: type=1400 audit(0.0:38842): avc: denied { read } for comm=52696C2050726F7879204D61696E20 name="u:object_r:atm_mdmode_prop:s0" dev="tmpfs" ino=11760 scontext=u:r:mtkfusionrild:s0 tcontext=u:object_r:atm_mdmode_prop:s0 tclass=file permissive=0
04-24 08:02:53.175 1049 1097 E libc : Access denied finding property "persist.atm.mdmode"
04-24 08:02:53.173 1049 1049 W /vendor/bin/mtkfusionrild: type=1400 audit(0.0:38843): avc: denied { read } for comm=52696C2050726F7879204D61696E20 name="u:object_r:atm_mdmode_prop:s0" dev="tmpfs" ino=11760 scontext=u:r:mtkfusionrild:s0 tcontext=u:object_r:atm_mdmode_prop:s0 tclass=file permissive=0
04-24 08:02:53.176 1049 1097 E libc : Access denied finding property "persist.atm.mdmode"
04-24 08:02:53.177 1049 1049 W /vendor/bin/mtkfusionrild: type=1400 audit(0.0:38844): avc: denied { read } for comm=52696C2050726F7879204D61696E20 name="u:object_r:atm_mdmode_prop:s0" dev="tmpfs" ino=11760 scontext=u:r:mtkfusionrild:s0 tcontext=u:object_r:atm_mdmode_prop:s0 tclass=file permissive=0
04-24 08:02:53.184 1914 1914 D SST : [GsmSST1] EVENT_POLL_STATE_OPERATOR: OperatorLong use lookFromNetwork
04-24 08:02:53.184 1049 1097 E libc : Access denied finding property "persist.atm.mdmode"
04-24 08:02:53.185 1049 1049 W /vendor/bin/mtkfusionrild: type=1400 audit(0.0:38845): avc: denied { read } for comm=52696C2050726F7879204D61696E20 name="u:object_r:atm_mdmode_prop:s0" dev="tmpfs" ino=11760 scontext=u:r:mtkfusionrild:s0 tcontext=u:object_r:atm_mdmode_prop:s0 tclass=file permissive=0
04-24 08:02:53.189 1914 1914 D SST : [GsmSST1] EVENT_POLL_STATE_OPERATOR: OperatorShort use lookupOperatorNameFromNetwork
04-24 08:02:53.189 1049 1097 E libc : Access denied finding property "persist.atm.mdmode"
04-24 08:02:53.189 1914 1914 D SST : [GsmSST1] EVENT_POLL_STATE_OPERATOR: MTS RUS, MTS RUS
04-24 08:02:53.193 1049 1049 W /vendor/bin/mtkfusionrild: type=1400 audit(0.0:38846): avc: denied { read } for comm=52696C2050726F7879204D61696E20 name="u:object_r:atm_mdmode_prop:s0" dev="tmpfs" ino=11760 scontext=u:r:mtkfusionrild:s0 tcontext=u:object_r:atm_mdmode_prop:s0 tclass=file permissive=0
04-24 08:02:53.196 1049 1097 E libc : Access denied finding property "persist.atm.mdmode"
04-24 08:02:53.198 1049 1097 E libc : Access denied finding property "persist.atm.mdmode"
04-24 08:02:53.193 1049 1049 W /vendor/bin/mtkfusionrild: type=1400 audit(0.0:38847): avc: denied { read } for comm=52696C2050726F7879204D61696E20 name="u:object_r:atm_mdmode_prop:s0" dev="tmpfs" ino=11760 scontext=u:r:mtkfusionrild:s0 tcontext=u:object_r:atm_mdmode_prop:s0 tclass=file permissive=0
04-24 08:02:53.199 1914 1914 D SST : [GsmSST1] EVENT_POLL_STATE_REGISTRATION mSS getRilVoiceRadioTechnology:16, regState:1, NewSS RilVoiceRadioTechnology:16, lac:20120, cid:6254
04-24 08:02:53.202 1914 1914 D SST : [GsmSST1] [states.length] = 16, regState = 1, isVoiceCapable = true, mEmergencyOnly = false
04-24 08:02:53.201 1049 1049 W /vendor/bin/mtkfusionrild: type=1400 audit(0.0:38848): avc: denied { read } for comm=52696C2050726F7879204D61696E20 name="u:object_r:atm_mdmode_prop:s0" dev="tmpfs" ino=11760 scontext=u:r:mtkfusionrild:s0 tcontext=u:object_r:atm_mdmode_prop:s0 tclass=file permissive=0
04-24 08:02:53.204 1049 1097 E libc : Access denied finding property "persist.atm.mdmode"
04-24 08:02:53.205 1049 1097 E libc : Access denied finding property "persist.atm.mdmode"
04-24 08:02:53.201 1049 1049 W /vendor/bin/mtkfusionrild: type=1400 audit(0.0:38849): avc: denied { read } for comm=52696C2050726F7879204D61696E20 name="u:object_r:atm_mdmode_prop:s0" dev="tmpfs" ino=11760 scontext=u:r:mtkfusionrild:s0 tcontext=u:object_r:atm_mdmode_prop:s0 tclass=file permissive=0
04-24 08:02:53.207 1914 1914 D SST : [GsmSST1] set roaming=false,mGsmRoaming= false,mDataRoaming= false
04-24 08:02:53.211 1914 1914 D SST : [GsmSST1] Poll ServiceState done: oldSS=[0 1 voice home data home MTS RUS MTS RUS 25001 MTS RUS MTS RUS 25001 GSM Unknown CSS not supported 0 0 RoamInd=-1 DefRoamInd=-1 EmergOnly=false Ril Voice Regist state: 1 Ril Data Regist state: 4 mProprietaryDataRadioTechnology: 0 VoiceRejectCause: 0 DataRejectCause: -1 IsDataRoamingFromRegistration=false IsUsingCarrierAggregation=false] newSS=[0 1 voice home data home MTS RUS MTS RUS 25001 MTS RUS MTS RUS 25001 GSM Unknown CSS not supported 0 0 RoamInd=-1 DefRoamInd=-1 EmergOnly=false Ril Voice Regist state: 1 Ril Data Regist state: 4 mProprietaryDataRadioTechnology: 0 VoiceRejectCause: 0 DataRejectCause: -1 IsDataRoamingFromRegistration=false IsUsingCarrierAggregation=false] oldMaxDataCalls=1 mNewMaxDataCalls=1 oldReasonDataDenied=-1 mNewReasonDataDenied=-1
04-24 08:02:53.213 1914 1914 D SST : [GsmSST1] pollStateDone,hasRegistered:false,hasDeregistered:false,hasGprsAttached:false,hasRilVoiceRadioTechnologyChanged:false,hasRilDataRadioTechnologyChanged:false,hasVoiceRegStateChanged:false,hasDataRegStateChanged:false,hasChanged:false,hasVoiceRoamingOn:false,hasVoiceRoamingOff:false,hasDataRoamingOn:false,hasDataRoamingOff:false,hasLocationChanged:true,hasLacChanged:false,sReceiveNitz:false,hasDataRoamingTypeChanged:false
04-24 08:02:53.214 1914 1914 D GsmCellLocation: fillInNotifierBundle:Bundle[{cid=6254, lac=20120, psc=-1, type=1}]
04-24 08:02:53.227 31174 31190 D CellLocation: phoneType=1
04-24 08:02:53.228 31174 31190 E CellLocation: create GsmCellLocation
04-24 08:02:53.233 1914 1914 D CAT : CatService: handleMessage[1]
04-24 08:02:53.234 1914 1914 D CAT : CatService: ril message arrived, slotid:1
04-24 08:02:53.237 1914 1914 D CAT : CatService: handleMessage[10]
04-24 08:02:53.238 1914 1914 D CAT : CatService: SESSION END on 1
04-24 08:02:53.253 1914 1914 D CAT : StkCmdReceiver: action is android.intent.action.stk.session_end
04-24 08:02:53.258 1914 3842 D CAT : StkAppService: handleMessage opcode[4], sim id[1]
04-24 08:02:53.258 1914 3842 D CAT : StkAppService: OP_END_SESSION: mCmdInProgress: false
04-24 08:02:53.259 1914 3842 D CAT : StkAppService: cleanUpInstanceStackBySlot slotId: 1
04-24 08:02:53.260 1914 3842 D CAT : StkAppService: [handleSessionEnd] - mCurrentCmd changed to mMainCmd! slotId: 1, mMenuState: 1
04-24 08:02:53.263 1914 3842 D CAT : StkAppService: [handleSessionEnd][mMenuIsAlive]: false
04-24 08:02:53.479 30921 32124 D TrafficStatsHelper: ifaceNames[0]:lo
04-24 08:02:53.480 30921 32124 D TrafficStatsHelper: ifaceNames[1]:p2p0
04-24 08:02:53.481 30921 32124 D TrafficStatsHelper: ifaceNames[2]:wlan0
04-24 08:02:53.482 30921 32124 D TrafficStatsHelper: ifaceNames[3]:ccmni0
04-24 08:02:53.486 30921 32124 D TrafficStatsHelper: transmitted_validWifiData.get(0) = wlan0
04-24 08:02:53.954 533 533 I thermal_repeater: select timeout
04-24 08:02:54.737 1049 1049 W /vendor/bin/mtkfusionrild: type=1400 audit(0.0:38850): avc: denied { read } for comm=52696C2050726F7879204D61696E20 name="u:object_r:atm_mdmode_prop:s0" dev="tmpfs" ino=11760 scontext=u:r:mtkfusionrild:s0 tcontext=u:object_r:atm_mdmode_prop:s0 tclass=file permissive=0
04-24 08:02:54.740 1049 1097 E libc : Access denied finding property "persist.atm.mdmode"
04-24 08:02:54.742 1914 1914 W SignalStrength: leon getOEMLevel networktype=3,level=3
04-24 08:02:54.743 1914 1914 W SignalStrength: leon getOEMLevel networktype=3,level=3
04-24 08:02:55.014 30921 30921 I Choreographer: Skipped 2 frames! The application may be doing too much work on its main thread.
04-24 08:02:55.409 5050 5050 I fwkit_kStore_alNew_job: [fwkit HMSStubKitUpdateJobService.java:5] onCreate
04-24 08:02:55.414 5050 5050 I fwkit_HmsProfiler: [fwkit HmsProfiler.java:5] hms profiler init enter
04-24 08:02:55.424 5050 5050 I fwkit_HmsProfiler: [fwkit HmsProfiler.java:42] hms profiler init exit. has been initialized.
04-24 08:02:55.437 5050 5050 I fwkit_kStore_alNew_job: [fwkit HMSStubKitUpdateJobService.java:5] onStartJob
04-24 08:02:55.441 5050 5050 I fwkit_kStore_alNew_job: [fwkit HMSStubKitUpdateJobService.java:5] checkUpdate:
04-24 08:02:55.453 5050 5050 I fwkit_kStore_alNew_job: [fwkit HMSStubKitUpdateJobService.java:5] onDestroy
04-24 08:02:57.417 1049 1049 W /vendor/bin/mtkfusionrild: type=1400 audit(0.0:38851): avc: denied { read } for comm=52696C2050726F7879204D61696E20 name="u:object_r:atm_mdmode_prop:s0" dev="tmpfs" ino=11760 scontext=u:r:mtkfusionrild:s0 tcontext=u:object_r:atm_mdmode_prop:s0 tclass=file permissive=0
04-24 08:02:57.422 1049 1097 E libc : Access denied finding property "persist.atm.mdmode"
04-24 08:02:57.424 1914 1914 W SignalStrength: leon getOEMLevel networktype=3,level=2
04-24 08:02:57.425 1914 1914 W SignalStrength: leon getOEMLevel networktype=3,level=2
04-24 08:02:57.479 30921 32124 D TrafficStatsHelper: ifaceNames[0]:lo
04-24 08:02:57.481 30921 32124 D TrafficStatsHelper: ifaceNames[1]:p2p0
04-24 08:02:57.483 30921 32124 D TrafficStatsHelper: ifaceNames[2]:wlan0
04-24 08:02:57.484 30921 32124 D TrafficStatsHelper: ifaceNames[3]:ccmni0
04-24 08:02:57.491 30921 32124 D TrafficStatsHelper: transmitted_validWifiData.get(0) = wlan0
04-24 08:02:57.731 5050 19605 I fwkit_kStore_alNew_handler: [fwkit SilentTaskHandler.java:5] start SilentUpgradeTask.
04-24 08:02:57.737 5050 19605 I fwkit_kStore_alNew_handler: [fwkit SilentTaskHandler.java:60] Screen on, SilentUpgradeTask is cancelled.
04-24 08:02:57.845 1049 1097 E libc : Access denied finding property "persist.atm.mdmode"
04-24 08:02:57.841 1049 1049 W /vendor/bin/mtkfusionrild: type=1400 audit(0.0:38852): avc: denied { read } for comm=52696C2050726F7879204D61696E20 name="u:object_r:atm_mdmode_prop:s0" dev="tmpfs" ino=11760 scontext=u:r:mtkfusionrild:s0 tcontext=u:object_r:atm_mdmode_prop:s0 tclass=file permissive=0
04-24 08:02:57.847 1914 1914 W SignalStrength: leon getOEMLevel networktype=1,level=4
04-24 08:02:57.848 1914 1914 W SignalStrength: leon getOEMLevel networktype=0,level=0
04-24 08:02:58.116 30921 30921 I Choreographer: Skipped 2 frames! The application may be doing too much work on its main thread.
04-24 08:02:58.172 31174 31534 W SettingsInterface: Setting airplane_mode_on has moved from android.provider.Settings.System to android.provider.Settings.Global, returning read-only value.
04-24 08:02:58.295 2181 26250 I NearbyMediums: No BLE Fast/GATT advertisements found in the latest cycle.
04-24 08:02:58.297 2181 26250 I NearbyMediums: Current Tracked Scanning Clients are : {NearbyConnections.EnvironmentMonitor, NearbySharing}
04-24 08:02:58.956 533 533 I thermal_repeater: oh, queryMdThermalInfo (0)No such file or directory
04-24 08:02:58.953 1049 1049 W /vendor/bin/mtkfusionrild: type=1400 audit(0.0:38853): avc: denied { read } for comm=52696C2050726F7879204D61696E20 name="u:object_r:atm_mdmode_prop:s0" dev="tmpfs" ino=11760 scontext=u:r:mtkfusionrild:s0 tcontext=u:object_r:atm_mdmode_prop:s0 tclass=file permissive=0
04-24 08:02:58.960 1049 1097 E libc : Access denied finding property "persist.atm.mdmode"
04-24 08:02:58.965 1049 1049 W /vendor/bin/mtkfusionrild: type=1400 audit(0.0:38854): avc: denied { read } for comm=52696C2050726F7879204D61696E20 name="u:object_r:atm_mdmode_prop:s0" dev="tmpfs" ino=11760 scontext=u:r:mtkfusionrild:s0 tcontext=u:object_r:atm_mdmode_prop:s0 tclass=file permissive=0
04-24 08:02:58.969 1049 1097 E libc : Access denied finding property "persist.atm.mdmode"
04-24 08:02:58.970 533 533 I thermal_repeater: [recvMdThermalInfo] ret=30, strLen=127, 3, 37, 8, 21315, 32767, 25544
04-24 08:02:59.416 542 588 D : thermal_monitor main loop 2725 log_has_update = 0
04-24 08:02:59.421 542 588 D : upthreshold 0, downthreshold 0
04-24 08:03:00.005 30921 30921 D PhoneStatusBar: recevie time tick broadcast
04-24 08:03:00.097 1049 1097 E libc : Access denied finding property "persist.atm.mdmode"
04-24 08:03:00.093 1049 1049 W /vendor/bin/mtkfusionrild: type=1400 audit(0.0:38855): avc: denied { read } for comm=52696C2050726F7879204D61696E20 name="u:object_r:atm_mdmode_prop:s0" dev="tmpfs" ino=11760 scontext=u:r:mtkfusionrild:s0 tcontext=u:object_r:atm_mdmode_prop:s0 tclass=file permissive=0
04-24 08:03:00.098 1914 1914 W SignalStrength: leon getOEMLevel networktype=3,level=2
04-24 08:03:00.099 1914 1914 W SignalStrength: leon getOEMLevel networktype=3,level=2
04-24 08:03:00.103 30921 30921 I Choreographer: Skipped 3 frames! The application may be doing too much work on its main thread.
04-24 08:03:00.406 30921 30921 I Choreographer: Skipped 2 frames! The application may be doing too much work on its main thread.
04-24 08:03:01.478 30921 32124 D TrafficStatsHelper: ifaceNames[0]:lo
04-24 08:03:01.480 30921 32124 D TrafficStatsHelper: ifaceNames[1]:p2p0
04-24 08:03:01.481 30921 32124 D TrafficStatsHelper: ifaceNames[2]:wlan0
04-24 08:03:01.482 30921 32124 D TrafficStatsHelper: ifaceNames[3]:ccmni0
04-24 08:03:01.486 30921 32124 D TrafficStatsHelper: transmitted_validWifiData.get(0) = wlan0
04-24 08:03:01.997 1049 1049 W /vendor/bin/mtkfusionrild: type=1400 audit(0.0:38856): avc: denied { read } for comm=52696C2050726F7879204D61696E20 name="u:object_r:atm_mdmode_prop:s0" dev="tmpfs" ino=11760 scontext=u:r:mtkfusionrild:s0 tcontext=u:object_r:atm_mdmode_prop:s0 tclass=file permissive=0
04-24 08:03:02.002 1049 1097 E libc : Access denied finding property "persist.atm.mdmode"
04-24 08:03:02.010 1914 1914 D SST : [GsmSST0] pollState RadioState is RADIO_ON, currentNetworkMode= 9, mPollingContext=0, modemTriggered=true, hasPendingPollState=false
04-24 08:03:02.013 1049 1049 W /vendor/bin/mtkfusionrild: type=1400 audit(0.0:38857): avc: denied { read } for comm=52696C2050726F7879204D61696E20 name="u:object_r:atm_mdmode_prop:s0" dev="tmpfs" ino=11760 scontext=u:r:mtkfusionrild:s0 tcontext=u:object_r:atm_mdmode_prop:s0 tclass=file permissive=0
04-24 08:03:02.017 1049 1097 E libc : Access denied finding property "persist.atm.mdmode"
04-24 08:03:02.017 1049 1049 W /vendor/bin/mtkfusionrild: type=1400 audit(0.0:38858): avc: denied { read } for comm=52696C2050726F7879204D61696E20 name="u:object_r:atm_mdmode_prop:s0" dev="tmpfs" ino=11760 scontext=u:r:mtkfusionrild:s0 tcontext=u:object_r:atm_mdmode_prop:s0 tclass=file permissive=0
04-24 08:03:02.020 1049 1097 E libc : Access denied finding property "persist.atm.mdmode"
04-24 08:03:02.023 1049 1097 E libc : Access denied finding property "persist.atm.mdmode"
04-24 08:03:02.026 1049 1097 E libc : Access denied finding property "persist.atm.mdmode"
04-24 08:03:02.017 1049 1049 W /vendor/bin/mtkfusionrild: type=1400 audit(0.0:38859): avc: denied { read } for comm=52696C2050726F7879204D61696E20 name="u:object_r:atm_mdmode_prop:s0" dev="tmpfs" ino=11760 scontext=u:r:mtkfusionrild:s0 tcontext=u:object_r:atm_mdmode_prop:s0 tclass=file permissive=0
04-24 08:03:02.021 1049 1049 W /vendor/bin/mtkfusionrild: type=1400 audit(0.0:38860): avc: denied { read } for comm=52696C2050726F7879204D61696E20 name="u:object_r:atm_mdmode_prop:s0" dev="tmpfs" ino=11760 scontext=u:r:mtkfusionrild:s0 tcontext=u:object_r:atm_mdmode_prop:s0 tclass=file permissive=0
04-24 08:03:02.025 1049 1049 W /vendor/bin/mtkfusionrild: type=1400 audit(0.0:38861): avc: denied { read } for comm=52696C2050726F7879204D61696E20 name="u:object_r:atm_mdmode_prop:s0" dev="tmpfs" ino=11760 scontext=u:r:mtkfusionrild:s0 tcontext=u:object_r:atm_mdmode_prop:s0 tclass=file permissive=0
04-24 08:03:02.030 1049 1097 E libc : Access denied finding property "persist.atm.mdmode"
04-24 08:03:02.029 1049 1049 W /vendor/bin/mtkfusionrild: type=1400 audit(0.0:38862): avc: denied { read } for comm=52696C2050726F7879204D61696E20 name="u:object_r:atm_mdmode_prop:s0" dev="tmpfs" ino=11760 scontext=u:r:mtkfusionrild:s0 tcontext=u:object_r:atm_mdmode_prop:s0 tclass=file permissive=0
04-24 08:03:02.032 1049 1097 E libc : Access denied finding property "persist.atm.mdmode"
04-24 08:03:02.037 1914 1914 D SST : [GsmSST0] EVENT_POLL_STATE_OPERATOR: OperatorLong use lookFromNetwork
04-24 08:03:02.041 1914 1914 D SST : [GsmSST0] EVENT_POLL_STATE_OPERATOR: OperatorShort use lookupOperatorNameFromNetwork
04-24 08:03:02.042 1914 1914 D SST : [GsmSST0] EVENT_POLL_STATE_OPERATOR: Beeline, Beeline
04-24 08:03:02.046 1049 1097 E libc : Access denied finding property "persist.atm.mdmode"
04-24 08:03:02.041 1049 1049 W /vendor/bin/mtkfusionrild: type=1400 audit(0.0:38863): avc: denied { read } for comm=52696C2050726F7879204D61696E20 name="u:object_r:atm_mdmode_prop:s0" dev="tmpfs" ino=11760 scontext=u:r:mtkfusionrild:s0 tcontext=u:object_r:atm_mdmode_prop:s0 tclass=file permissive=0
04-24 08:03:02.041 1049 1049 W /vendor/bin/mtkfusionrild: type=1400 audit(0.0:38864): avc: denied { read } for comm=52696C2050726F7879204D61696E20 name="u:object_r:atm_mdmode_prop:s0" dev="tmpfs" ino=11760 scontext=u:r:mtkfusionrild:s0 tcontext=u:object_r:atm_mdmode_prop:s0 tclass=file permissive=0
04-24 08:03:02.048 1049 1097 E libc : Access denied finding property "persist.atm.mdmode"
04-24 08:03:02.057 1049 1049 W /vendor/bin/mtkfusionrild: type=1400 audit(0.0:38865): avc: denied { read } for comm=52696C2050726F7879204D61696E20 name="u:object_r:atm_mdmode_prop:s0" dev="tmpfs" ino=11760 scontext=u:r:mtkfusionrild:s0 tcontext=u:object_r:atm_mdmode_prop:s0 tclass=file permissive=0
04-24 08:03:02.057 1049 1049 W /vendor/bin/mtkfusionrild: type=1400 audit(0.0:38866): avc: denied { read } for comm=52696C2050726F7879204D61696E20 name="u:object_r:atm_mdmode_prop:s0" dev="tmpfs" ino=11760 scontext=u:r:mtkfusionrild:s0 tcontext=u:object_r:atm_mdmode_prop:s0 tclass=file permissive=0
04-24 08:03:02.061 1049 1097 E libc : Access denied finding property "persist.atm.mdmode"
04-24 08:03:02.061 1049 1097 E libc : Access denied finding property "persist.atm.mdmode"
04-24 08:03:02.064 1914 1914 D SST : [GsmSST0] EVENT_POLL_STATE_REGISTRATION mSS getRilVoiceRadioTechnology:14, regState:1, NewSS RilVoiceRadioTechnology:14, lac:826, cid:66609159
04-24 08:03:02.065 1049 1049 W /vendor/bin/mtkfusionrild: type=1400 audit(0.0:38867): avc: denied { read } for comm=52696C2050726F7879204D61696E20 name="u:object_r:atm_mdmode_prop:s0" dev="tmpfs" ino=11760 scontext=u:r:mtkfusionrild:s0 tcontext=u:object_r:atm_mdmode_prop:s0 tclass=file permissive=0
04-24 08:03:02.068 1914 1914 D SST : [GsmSST0] [states.length] = 16, regState = 1, isVoiceCapable = true, mEmergencyOnly = false
04-24 08:03:02.068 1049 1097 E libc : Access denied finding property "persist.atm.mdmode"
04-24 08:03:02.076 1914 1914 D SST : [GsmSST0] set roaming=false,mGsmRoaming= false,mDataRoaming= false
04-24 08:03:02.082 1914 1914 D SST : [GsmSST0] Poll ServiceState done: oldSS=[0 0 voice home data home beeline Beeline 25099 beeline Beeline 25099 LTE LTE CSS not supported 0 0 RoamInd=-1 DefRoamInd=-1 EmergOnly=false Ril Voice Regist state: 1 Ril Data Regist state: 1 mProprietaryDataRadioTechnology: 0 VoiceRejectCause: 0 DataRejectCause: -1 IsDataRoamingFromRegistration=false IsUsingCarrierAggregation=true] newSS=[0 0 voice home data home Beeline Beeline 25099 Beeline Beeline 25099 LTE LTE CSS not supported 0 0 RoamInd=-1 DefRoamInd=-1 EmergOnly=false Ril Voice Regist state: 1 Ril Data Regist state: 1 mProprietaryDataRadioTechnology: 0 VoiceRejectCause: 0 DataRejectCause: -1 IsDataRoamingFromRegistration=false IsUsingCarrierAggregation=false] oldMaxDataCalls=1 mNewMaxDataCalls=1 oldReasonDataDenied=-1 mNewReasonDataDenied=-1
04-24 08:03:02.084 1914 1914 D SST : [GsmSST0] pollStateDone,hasRegistered:false,hasDeregistered:false,hasGprsAttached:false,hasRilVoiceRadioTechnologyChanged:false,hasRilDataRadioTechnologyChanged:false,hasVoiceRegStateChanged:false,hasDataRegStateChanged:false,hasChanged:true,hasVoiceRoamingOn:false,hasVoiceRoamingOff:false,hasDataRoamingOn:false,hasDataRoamingOff:false,hasLocationChanged:false,hasLacChanged:false,sReceiveNitz:true,hasDataRoamingTypeChanged:false
04-24 08:03:02.089 1914 1914 D SST : [GsmSST0] Home PLMN, get CPHS ons
04-24 08:03:02.089 1914 1914 D SST : [GsmSST0] No matched EONS and No CPHS ONS
04-24 08:03:02.090 1914 1914 D OppoTelephonyFunction: local Language =ru local country = ru
04-24 08:03:02.090 1914 1914 E OppoTelephonyFunction: leon operatorNumic is not included in our romupdate xml file
04-24 08:03:02.093 1914 1914 E OppoTelephonyFunction: leon operatorNumic is 25099, mmcmncplmn is Beeline
04-24 08:03:02.093 1914 1914 D SST : [GsmSST0] updateSpnDisplay: languageName = Beeline
04-24 08:03:02.095 1914 1914 D SST : [GsmSST0] updateAllOpertorInfo with spn:beeline, mNeedNotify=true
04-24 08:03:02.096 1914 1914 D TelephonyManager: setTelephonyProperty: success phoneId=0 property=gsm.operator.alpha value: beeline propVal=beeline,MTS RUS
04-24 08:03:02.099 1914 1914 D SubscriptionController: getSubState()
04-24 08:03:02.111 1914 1914 D TelephonyManager: setTelephonyProperty: success phoneId=0 property=gsm.operator.numeric value: 25099 propVal=25099,25001
04-24 08:03:02.113 1914 1914 D TelephonyManager: setTelephonyProperty: success phoneId=0 property=gsm.operator.iso-country value: ru propVal=ru,ru
04-24 08:03:02.116 1914 1914 D TelephonyManager: setTelephonyProperty: success phoneId=0 property=gsm.operator.isroaming value: false propVal=false,false
04-24 08:03:02.120 1914 1914 D SST : [GsmSST0] Broadcasting ServiceState : 0 0 voice home data home beeline Beeline 25099 beeline Beeline 25099 LTE LTE CSS not supported 0 0 RoamInd=-1 DefRoamInd=-1 EmergOnly=false Ril Voice Regist state: 1 Ril Data Regist state: 1 mProprietaryDataRadioTechnology: 0 VoiceRejectCause: 0 DataRejectCause: -1 IsDataRoamingFromRegistration=false IsUsingCarrierAggregation=false
04-24 08:03:02.122 1914 1914 D DefaultPhoneNotifier: nofityServiceState: mRegistry=com.android.internal.telephony.ITelephonyRegistry$Stub$Proxy@74061ab ss=0 0 voice home data home beeline Beeline 25099 beeline Beeline 25099 LTE LTE CSS not supported 0 0 RoamInd=-1 DefRoamInd=-1 EmergOnly=false Ril Voice Regist state: 1 Ril Data Regist state: 1 mProprietaryDataRadioTechnology: 0 VoiceRejectCause: 0 DataRejectCause: -1 IsDataRoamingFromRegistration=false IsUsingCarrierAggregation=false sender=Handler (com.android.internal.telephony.GsmCdmaPhone) {625ca47} phondId=0 subId=1
04-24 08:03:02.130 2225 2225 D MWIS : [MwiSvc] handleMessage: EVENT_NOTIFY_SERVICE_STATE_CHANGE = { when=0 what=4 arg1=1 obj=0 0 voice home data home beeline Beeline 25099 beeline Beeline 25099 LTE LTE CSS not supported 0 0 RoamInd=-1 DefRoamInd=-1 EmergOnly=false Ril Voice Regist state: 1 Ril Data Regist state: 1 mProprietaryDataRadioTechnology: 0 VoiceRejectCause: 0 DataRejectCause: -1 IsDataRoamingFromRegistration=false IsUsingCarrierAggregation=false target=com.mediatek.wfo.impl.MwiService$2 obj=0 0 voice home data home beeline Beeline 25099 beeline Beeline 25099 LTE LTE CSS not supported 0 0 RoamInd=-1 DefRoamInd=-1 EmergOnly=false Ril Voice Regist state: 1 Ril Data Regist state: 1 mProprietaryDataRadioTechnology: 0 VoiceRejectCause: 0 DataRejectCause: -1 IsDataRoamingFromRegistration=false IsUsingCarrierAggregation=false }
04-24 08:03:02.132 2225 2225 D MWIS : [MwiSvc] updateServiceState VoiceRegState is 0, simId=0
04-24 08:03:02.134 2225 2225 D MWIS : [MwiSvc] notifyMdServiceState simIdx: 0 getVoiceRegState: 0 getDataRegState: 0 getVoiceRoamingType: 0 getDataRoamingType: 0 getRilVoiceRegState: 1 getRilDataRegState:1
04-24 08:03:02.135 2225 2225 D MWISRILA: Set service state: 0, 0, 0, 0, 1, 1
04-24 08:03:02.136 2225 2225 D MWISRILA: [3741]> RIL_REQUEST_SET_SERVICE_STATE 0 0 voice home data home beeline Beeline 25099 beeline Beeline 25099 LTE LTE CSS not supported 0 0 RoamInd=-1 DefRoamInd=-1 EmergOnly=false Ril Voice Regist state: 1 Ril Data Regist state: 1 mProprietaryDataRadioTechnology: 0 VoiceRejectCause: 0 DataRejectCause: -1 IsDataRoamingFromRegistration=false IsUsingCarrierAggregation=false [SUB0]
04-24 08:03:02.140 19918 19967 I Kgd.AsyncKeyguardUpdateMonitor: handleCarrierInfoUpdate: sim info mSimSlot =0, mPlmn Нет сети, mIsSimInserted = true
04-24 08:03:02.137 1049 1049 W /vendor/bin/mtkfusionrild: type=1400 audit(0.0:38868): avc: denied { read } for comm=52696C2050726F7879204D61696E20 name="u:object_r:atm_mdmode_prop:s0" dev="tmpfs" ino=11760 scontext=u:r:mtkfusionrild:s0 tcontext=u:object_r:atm_mdmode_prop:s0 tclass=file permissive=0
04-24 08:03:02.142 1049 1097 E libc : Access denied finding property "persist.atm.mdmode"
04-24 08:03:02.149 1049 1049 W /vendor/bin/mtkfusionrild: type=1400 audit(0.0:38869): avc: denied { read } for comm=52696C2050726F7879204D61696E20 name="u:object_r:atm_mdmode_prop:s0" dev="tmpfs" ino=11760 scontext=u:r:mtkfusionrild:s0 tcontext=u:object_r:atm_mdmode_prop:s0 tclass=file permissive=0
04-24 08:03:02.154 1049 1097 E libc : Access denied finding property "persist.atm.mdmode"
04-24 08:03:02.155 1049 1097 E libc : Access denied finding property "persist.atm.mdmode"
04-24 08:03:02.149 1049 1049 W /vendor/bin/mtkfusionrild: type=1400 audit(0.0:38870): avc: denied { read } for comm=52696C2050726F7879204D61696E20 name="u:object_r:atm_mdmode_prop:s0" dev="tmpfs" ino=11760 scontext=u:r:mtkfusionrild:s0 tcontext=u:object_r:atm_mdmode_prop:s0 tclass=file permissive=0
04-24 08:03:02.156 2225 2556 D MWISRILA: [3741]< RIL_REQUEST_SET_SERVICE_STATE {} [SUB0]
04-24 08:03:02.162 1914 1914 D CdmaVolteServiceChecker: onReceive, action = android.intent.action.SERVICE_STATE
04-24 08:03:02.162 1914 1914 D CdmaVolteServiceChecker: updateState, checking = false
04-24 08:03:02.163 1914 1914 D CdmaVolteServiceChecker: getMainCapabilitySubId = 1
04-24 08:03:03.713 1049 1097 E libc : Access denied finding property "persist.atm.mdmode"
04-24 08:03:03.709 1049 1049 W /vendor/bin/mtkfusionrild: type=1400 audit(0.0:38871): avc: denied { read } for comm=52696C2050726F7879204D61696E20 name="u:object_r:atm_mdmode_prop:s0" dev="tmpfs" ino=11760 scontext=u:r:mtkfusionrild:s0 tcontext=u:object_r:atm_mdmode_prop:s0 tclass=file permissive=0
04-24 08:03:03.715 1914 1914 W SignalStrength: leon getOEMLevel networktype=3,level=2
04-24 08:03:03.716 1914 1914 W SignalStrength: leon getOEMLevel networktype=3,level=2
04-24 08:03:03.977 533 533 I thermal_repeater: select timeout
04-24 08:03:05.480 30921 32124 D TrafficStatsHelper: ifaceNames[0]:lo
04-24 08:03:05.481 30921 32124 D TrafficStatsHelper: ifaceNames[1]:p2p0
04-24 08:03:05.483 30921 32124 D TrafficStatsHelper: ifaceNames[2]:wlan0
04-24 08:03:05.484 30921 32124 D TrafficStatsHelper: ifaceNames[3]:ccmni0
04-24 08:03:05.489 30921 32124 D TrafficStatsHelper: transmitted_validWifiData.get(0) = wlan0
04-24 08:03:05.641 1490 12807 D NativeCrypto: ssl=0x791ee201c0 NativeCrypto_SSL_interrupt
04-24 08:03:06.758 30921 30921 I Choreographer: Skipped 1 frames! The application may be doing too much work on its main thread.
04-24 08:03:07.755 30921 30921 I Choreographer: Skipped 1 frames! The application may be doing too much work on its main thread.
04-24 08:03:08.300 2181 26250 I NearbyMediums: No BLE Fast/GATT advertisements found in the latest cycle.
04-24 08:03:08.302 2181 26250 I NearbyMediums: Current Tracked Scanning Clients are : {NearbyConnections.EnvironmentMonitor, NearbySharing}
04-24 08:03:08.829 1049 1049 W /vendor/bin/mtkfusionrild: type=1400 audit(0.0:38872): avc: denied { read } for comm=52696C2050726F7879204D61696E20 name="u:object_r:atm_mdmode_prop:s0" dev="tmpfs" ino=11760 scontext=u:r:mtkfusionrild:s0 tcontext=u:object_r:atm_mdmode_prop:s0 tclass=file permissive=0
04-24 08:03:08.834 1049 1097 E libc : Access denied finding property "persist.atm.mdmode"
04-24 08:03:08.836 1914 1914 W SignalStrength: leon getOEMLevel networktype=3,level=2
04-24 08:03:08.837 1914 1914 W SignalStrength: leon getOEMLevel networktype=3,level=2
04-24 08:03:08.979 533 533 I thermal_repeater: oh, queryMdThermalInfo (0)No such file or directory
04-24 08:03:08.982 1049 1097 E libc : Access denied finding property "persist.atm.mdmode"
04-24 08:03:08.977 1049 1049 W /vendor/bin/mtkfusionrild: type=1400 audit(0.0:38873): avc: denied { read } for comm=52696C2050726F7879204D61696E20 name="u:object_r:atm_mdmode_prop:s0" dev="tmpfs" ino=11760 scontext=u:r:mtkfusionrild:s0 tcontext=u:object_r:atm_mdmode_prop:s0 tclass=file permissive=0
04-24 08:03:08.993 1049 1049 W /vendor/bin/mtkfusionrild: type=1400 audit(0.0:38874): avc: denied { read } for comm=52696C2050726F7879204D61696E20 name="u:object_r:atm_mdmode_prop:s0" dev="tmpfs" ino=11760 scontext=u:r:mtkfusionrild:s0 tcontext=u:object_r:atm_mdmode_prop:s0 tclass=file permissive=0
04-24 08:03:08.997 1049 1097 E libc : Access denied finding property "persist.atm.mdmode"
04-24 08:03:08.998 533 533 I thermal_repeater: [recvMdThermalInfo] ret=32, strLen=127, 3, 36, -50, 11320, 32767, 25544
04-24 08:03:09.479 30921 32124 D TrafficStatsHelper: ifaceNames[0]:lo
04-24 08:03:09.480 30921 32124 D TrafficStatsHelper: ifaceNames[1]:p2p0
04-24 08:03:09.482 30921 32124 D TrafficStatsHelper: ifaceNames[2]:wlan0
04-24 08:03:09.485 30921 32124 D TrafficStatsHelper: ifaceNames[3]:ccmni0
04-24 08:03:09.491 30921 32124 D TrafficStatsHelper: transmitted_validWifiData.get(0) = wlan0
04-24 08:03:10.246 31174 31534 W SettingsInterface: Setting airplane_mode_on has moved from android.provider.Settings.System to android.provider.Settings.Global, returning read-only value.
04-24 08:03:13.022 3795 3795 W MDCLAN_FCH: Bypassing deoptimization check for FCIPCL failure
04-24 08:03:13.081 1490 2128 D AES : AEEIOCTL_GET/SET_SF_STATE IOCTL,cmd= 1074294797, lParam=0.
04-24 08:03:13.081 1490 2128 D AES : AEEIOCTL_RT_MON_Kick IOCTL,cmd= 2147774474, lParam=300.
04-24 08:03:13.479 30921 32124 D TrafficStatsHelper: ifaceNames[0]:lo
04-24 08:03:13.479 30921 32124 D TrafficStatsHelper: ifaceNames[1]:p2p0
04-24 08:03:13.481 30921 32124 D TrafficStatsHelper: ifaceNames[2]:wlan0
04-24 08:03:13.482 30921 32124 D TrafficStatsHelper: ifaceNames[3]:ccmni0
04-24 08:03:13.488 30921 32124 D TrafficStatsHelper: transmitted_validWifiData.get(0) = wlan0
04-24 08:03:13.954 1049 1097 E libc : Access denied finding property "persist.atm.mdmode"
04-24 08:03:13.949 1049 1049 W /vendor/bin/mtkfusionrild: type=1400 audit(0.0:38875): avc: denied { read } for comm=52696C2050726F7879204D61696E20 name="u:object_r:atm_mdmode_prop:s0" dev="tmpfs" ino=11760 scontext=u:r:mtkfusionrild:s0 tcontext=u:object_r:atm_mdmode_prop:s0 tclass=file permissive=0
04-24 08:03:13.956 1914 1914 W SignalStrength: leon getOEMLevel networktype=3,level=3
04-24 08:03:13.957 1914 1914 W SignalStrength: leon getOEMLevel networktype=3,level=3
04-24 08:03:14.004 533 533 I thermal_repeater: select timeout
04-24 08:03:15.798 30921 30921 I Choreographer: Skipped 2 frames! The application may be doing too much work on its main thread.
04-24 08:03:17.481 30921 32124 D TrafficStatsHelper: ifaceNames[0]:lo
04-24 08:03:17.482 30921 32124 D TrafficStatsHelper: ifaceNames[1]:p2p0
04-24 08:03:17.483 30921 32124 D TrafficStatsHelper: ifaceNames[2]:wlan0
04-24 08:03:17.484 30921 32124 D TrafficStatsHelper: ifaceNames[3]:ccmni0
04-24 08:03:17.488 30921 32124 D TrafficStatsHelper: transmitted_validWifiData.get(0) = wlan0
04-24 08:03:18.308 2181 26250 I NearbyMediums: No BLE Fast/GATT advertisements found in the latest cycle.
04-24 08:03:18.310 2181 26250 I NearbyMediums: Current Tracked Scanning Clients are : {NearbyConnections.EnvironmentMonitor, NearbySharing}
04-24 08:03:18.788 30921 30921 I Choreographer: Skipped 2 frames! The application may be doing too much work on its main thread.
04-24 08:03:19.005 533 533 I thermal_repeater: oh, queryMdThermalInfo (0)No such file or directory
04-24 08:03:19.005 1049 1049 W /vendor/bin/mtkfusionrild: type=1400 audit(0.0:38876): avc: denied { read } for comm=52696C2050726F7879204D61696E20 name="u:object_r:atm_mdmode_prop:s0" dev="tmpfs" ino=11760 scontext=u:r:mtkfusionrild:s0 tcontext=u:object_r:atm_mdmode_prop:s0 tclass=file permissive=0
04-24 08:03:19.010 1049 1097 E libc : Access denied finding property "persist.atm.mdmode"
04-24 08:03:19.021 1049 1049 W /vendor/bin/mtkfusionrild: type=1400 audit(0.0:38877): avc: denied { read } for comm=52696C2050726F7879204D61696E20 name="u:object_r:atm_mdmode_prop:s0" dev="tmpfs" ino=11760 scontext=u:r:mtkfusionrild:s0 tcontext=u:object_r:atm_mdmode_prop:s0 tclass=file permissive=0
04-24 08:03:19.025 1049 1097 E libc : Access denied finding property "persist.atm.mdmode"
04-24 08:03:19.026 533 533 I thermal_repeater: [recvMdThermalInfo] ret=32, strLen=127, 3, 36, -50, 12339, 32767, 25544
04-24 08:03:19.422 542 588 D : thermal_monitor main loop 2726 log_has_update = 0
04-24 08:03:19.428 542 588 D : upthreshold 0, downthreshold 0
04-24 08:03:19.787 30921 30921 I Choreographer: Skipped 1 frames! The application may be doing too much work on its main thread.
04-24 08:03:21.480 30921 32124 D TrafficStatsHelper: ifaceNames[0]:lo
04-24 08:03:21.481 30921 32124 D TrafficStatsHelper: ifaceNames[1]:p2p0
04-24 08:03:21.482 30921 32124 D TrafficStatsHelper: ifaceNames[2]:wlan0
04-24 08:03:21.484 30921 32124 D TrafficStatsHelper: ifaceNames[3]:ccmni0
04-24 08:03:21.489 30921 32124 D TrafficStatsHelper: transmitted_validWifiData.get(0) = wlan0
04-24 08:03:22.334 31174 31534 W SettingsInterface: Setting airplane_mode_on has moved from android.provider.Settings.System to android.provider.Settings.Global, returning read-only value.
04-24 08:03:22.796 30921 30921 I Choreographer: Skipped 2 frames! The application may be doing too much work on its main thread.
04-24 08:03:22.859 30921 30921 I Choreographer: Skipped 1 frames! The application may be doing too much work on its main thread.
04-24 08:03:24.032 533 533 I thermal_repeater: select timeout
04-24 08:03:24.189 1049 1049 W /vendor/bin/mtkfusionrild: type=1400 audit(0.0:38878): avc: denied { read } for comm=52696C2050726F7879204D61696E20 name="u:object_r:atm_mdmode_prop:s0" dev="tmpfs" ino=11760 scontext=u:r:mtkfusionrild:s0 tcontext=u:object_r:atm_mdmode_prop:s0 tclass=file permissive=0
04-24 08:03:24.194 1049 1097 E libc : Access denied finding property "persist.atm.mdmode"
04-24 08:03:24.196 1914 1914 W SignalStrength: leon getOEMLevel networktype=3,level=3
04-24 08:03:24.197 1914 1914 W SignalStrength: leon getOEMLevel networktype=3,level=3
04-24 08:03:24.800 30921 30921 I Choreographer: Skipped 2 frames! The application may be doing too much work on its main thread.
04-24 08:03:25.481 30921 32124 D TrafficStatsHelper: ifaceNames[0]:lo
04-24 08:03:25.482 30921 32124 D TrafficStatsHelper: ifaceNames[1]:p2p0
04-24 08:03:25.483 30921 32124 D TrafficStatsHelper: ifaceNames[2]:wlan0
04-24 08:03:25.484 30921 32124 D TrafficStatsHelper: ifaceNames[3]:ccmni0
04-24 08:03:25.489 30921 32124 D TrafficStatsHelper: transmitted_validWifiData.get(0) = wlan0
04-24 08:03:25.802 30921 30921 I Choreographer: Skipped 2 frames! The application may be doing too much work on its main thread.
04-24 08:03:27.812 30921 30921 I Choreographer: Skipped 2 frames! The application may be doing too much work on its main thread.
04-24 08:03:28.315 2181 26250 I NearbyMediums: No BLE Fast/GATT advertisements found in the latest cycle.
04-24 08:03:28.317 2181 26250 I NearbyMediums: Current Tracked Scanning Clients are : {NearbyConnections.EnvironmentMonitor, NearbySharing}
04-24 08:03:29.033 533 533 I thermal_repeater: oh, queryMdThermalInfo (0)No such file or directory
04-24 08:03:29.033 1049 1049 W /vendor/bin/mtkfusionrild: type=1400 audit(0.0:38879): avc: denied { read } for comm=52696C2050726F7879204D61696E20 name="u:object_r:atm_mdmode_prop:s0" dev="tmpfs" ino=11760 scontext=u:r:mtkfusionrild:s0 tcontext=u:object_r:atm_mdmode_prop:s0 tclass=file permissive=0
04-24 08:03:29.037 1049 1097 E libc : Access denied finding property "persist.atm.mdmode"
04-24 08:03:29.049 1049 1049 W /vendor/bin/mtkfusionrild: type=1400 audit(0.0:38880): avc: denied { read } for comm=52696C2050726F7879204D61696E20 name="u:object_r:atm_mdmode_prop:s0" dev="tmpfs" ino=11760 scontext=u:r:mtkfusionrild:s0 tcontext=u:object_r:atm_mdmode_prop:s0 tclass=file permissive=0
04-24 08:03:29.052 1049 1097 E libc : Access denied finding property "persist.atm.mdmode"
04-24 08:03:29.053 533 533 I thermal_repeater: [recvMdThermalInfo] ret=32, strLen=127, 3, 36, -50, 21315, 32767, 25544
04-24 08:03:29.314 1049 1097 E libc : Access denied finding property "persist.atm.mdmode"
04-24 08:03:29.309 1049 1049 W /vendor/bin/mtkfusionrild: type=1400 audit(0.0:38881): avc: denied { read } for comm=52696C2050726F7879204D61696E20 name="u:object_r:atm_mdmode_prop:s0" dev="tmpfs" ino=11760 scontext=u:r:mtkfusionrild:s0 tcontext=u:object_r:atm_mdmode_prop:s0 tclass=file permissive=0
04-24 08:03:29.316 1914 1914 W SignalStrength: leon getOEMLevel networktype=3,level=3
04-24 08:03:29.317 1914 1914 W SignalStrength: leon getOEMLevel networktype=3,level=3
04-24 08:03:29.481 30921 32124 D TrafficStatsHelper: ifaceNames[0]:lo
04-24 08:03:29.482 30921 32124 D TrafficStatsHelper: ifaceNames[1]:p2p0
04-24 08:03:29.483 30921 32124 D TrafficStatsHelper: ifaceNames[2]:wlan0
04-24 08:03:29.484 30921 32124 D TrafficStatsHelper: ifaceNames[3]:ccmni0
04-24 08:03:29.489 30921 32124 D TrafficStatsHelper: transmitted_validWifiData.get(0) = wlan0
04-24 08:03:31.821 30921 30921 I Choreographer: Skipped 2 frames! The application may be doing too much work on its main thread.
04-24 08:03:33.482 30921 32124 D TrafficStatsHelper: ifaceNames[0]:lo
04-24 08:03:33.484 30921 32124 D TrafficStatsHelper: ifaceNames[1]:p2p0
04-24 08:03:33.485 30921 32124 D TrafficStatsHelper: ifaceNames[2]:wlan0
04-24 08:03:33.486 30921 32124 D TrafficStatsHelper: ifaceNames[3]:ccmni0
04-24 08:03:33.491 30921 32124 D TrafficStatsHelper: transmitted_validWifiData.get(0) = wlan0
04-24 08:03:34.059 533 533 I thermal_repeater: select timeout
04-24 08:03:34.404 31174 31534 W SettingsInterface: Setting airplane_mode_on has moved from android.provider.Settings.System to android.provider.Settings.Global, returning read-only value.
04-24 08:03:35.069 1049 1049 W /vendor/bin/mtkfusionrild: type=1400 audit(0.0:38882): avc: denied { read } for comm=52696C2050726F7879204D61696E20 name="u:object_r:atm_mdmode_prop:s0" dev="tmpfs" ino=11760 scontext=u:r:mtkfusionrild:s0 tcontext=u:object_r:atm_mdmode_prop:s0 tclass=file permissive=0
04-24 08:03:35.074 1049 1097 E libc : Access denied finding property "persist.atm.mdmode"
04-24 08:03:35.076 1914 1914 W SignalStrength: leon getOEMLevel networktype=3,level=3
04-24 08:03:35.077 1914 1914 W SignalStrength: leon getOEMLevel networktype=3,level=3
04-24 08:03:36.838 30921 30921 I Choreographer: Skipped 1 frames! The application may be doing too much work on its main thread.
04-24 08:03:37.483 30921 32124 D TrafficStatsHelper: ifaceNames[0]:lo
04-24 08:03:37.484 30921 32124 D TrafficStatsHelper: ifaceNames[1]:p2p0
04-24 08:03:37.485 30921 32124 D TrafficStatsHelper: ifaceNames[2]:wlan0
04-24 08:03:37.486 30921 32124 D TrafficStatsHelper: ifaceNames[3]:ccmni0
04-24 08:03:37.490 30921 32124 D TrafficStatsHelper: transmitted_validWifiData.get(0) = wlan0
04-24 08:03:37.833 30921 30921 I Choreographer: Skipped 1 frames! The application may be doing too much work on its main thread.
04-24 08:03:38.322 2181 26250 I NearbyMediums: No BLE Fast/GATT advertisements found in the latest cycle.
04-24 08:03:38.324 2181 26250 I NearbyMediums: Current Tracked Scanning Clients are : {NearbyConnections.EnvironmentMonitor, NearbySharing}
04-24 08:03:39.061 533 533 I thermal_repeater: oh, queryMdThermalInfo (0)No such file or directory
04-24 08:03:39.065 1049 1097 E libc : Access denied finding property "persist.atm.mdmode"
04-24 08:03:39.061 1049 1049 W /vendor/bin/mtkfusionrild: type=1400 audit(0.0:38883): avc: denied { read } for comm=52696C2050726F7879204D61696E20 name="u:object_r:atm_mdmode_prop:s0" dev="tmpfs" ino=11760 scontext=u:r:mtkfusionrild:s0 tcontext=u:object_r:atm_mdmode_prop:s0 tclass=file permissive=0
04-24 08:03:39.076 1049 1097 E libc : Access denied finding property "persist.atm.mdmode"
04-24 08:03:39.069 1049 1049 W /vendor/bin/mtkfusionrild: type=1400 audit(0.0:38884): avc: denied { read } for comm=52696C2050726F7879204D61696E20 name="u:object_r:atm_mdmode_prop:s0" dev="tmpfs" ino=11760 scontext=u:r:mtkfusionrild:s0 tcontext=u:object_r:atm_mdmode_prop:s0 tclass=file permissive=0
04-24 08:03:39.077 533 533 I thermal_repeater: [recvMdThermalInfo] ret=32, strLen=127, 3, 35, -50, 12595, 32767, 25544
04-24 08:03:39.428 542 588 D : thermal_monitor main loop 2727 log_has_update = 0
04-24 08:03:39.434 542 588 D : upthreshold 0, downthreshold 0
04-24 08:03:40.825 1049 1049 W /vendor/bin/mtkfusionrild: type=1400 audit(0.0:38885): avc: denied { read } for comm=52696C2050726F7879204D61696E20 name="u:object_r:atm_mdmode_prop:s0" dev="tmpfs" ino=11760 scontext=u:r:mtkfusionrild:s0 tcontext=u:object_r:atm_mdmode_prop:s0 tclass=file permissive=0
04-24 08:03:40.831 1049 1097 E libc : Access denied finding property "persist.atm.mdmode"
04-24 08:03:40.832 1914 1914 W SignalStrength: leon getOEMLevel networktype=3,level=3
04-24 08:03:40.833 1914 1914 W SignalStrength: leon getOEMLevel networktype=3,level=3
04-24 08:03:40.840 1490 27402 D libc-netbsd: [getaddrinfo]: hostname=info.3g.qq.com; servname=(null); app_pid=1490; app_uid=1000; ai_flags=1024; ai_family=0; ai_socktype=1 from prox result 0
04-24 08:03:40.844 1490 27403 D libc-netbsd: [getaddrinfo]: hostname=m.sohu.com; servname=(null); app_pid=1490; app_uid=1000; ai_flags=1024; ai_family=0; ai_socktype=1 from prox result 0
04-24 08:03:40.850 1490 27402 D : [Posix_connect Debug]Process system_server :80
04-24 08:03:40.857 1490 27403 D : [Posix_connect Debug]Process system_server :443
04-24 08:03:40.859 1490 27404 D libc-netbsd: [getaddrinfo]: hostname=conn2.oppomobile.com; servname=(null); app_pid=1490; app_uid=1000; ai_flags=1024; ai_family=0; ai_socktype=1 from prox result 0
04-24 08:03:40.869 1490 27404 D : [Posix_connect Debug]Process system_server :80
04-24 08:03:40.940 1490 27403 D NativeCrypto: ssl=0x79343281c0 NativeCrypto_SSL_do_handshake fd=0x7931326378 shc=0x793132637c timeout_millis=10000 client_mode=1 npn=0x0
04-24 08:03:40.940 1490 27403 D NativeCrypto: ssl=0x79343281c0 info_callback calling handshakeCompleted
04-24 08:03:41.080 1490 27403 D NativeCrypto: ssl=0x79343281c0 cert_verify_callback => 1
04-24 08:03:41.084 1490 27403 D NativeCrypto: ssl=0x79343281c0 NativeCrypto_SSL_get_certificate => NULL
04-24 08:03:41.117 30921 30921 I Choreographer: Skipped 1 frames! The application may be doing too much work on its main thread.
04-24 08:03:41.194 1490 27403 D NativeCrypto: ssl=0x79343281c0 info_callback calling handshakeCompleted
04-24 08:03:41.484 30921 32124 D TrafficStatsHelper: ifaceNames[0]:lo
04-24 08:03:41.485 30921 32124 D TrafficStatsHelper: ifaceNames[1]:p2p0
04-24 08:03:41.486 30921 32124 D TrafficStatsHelper: ifaceNames[2]:wlan0
04-24 08:03:41.486 30921 32124 D TrafficStatsHelper: ifaceNames[3]:ccmni0
04-24 08:03:41.491 30921 32124 D TrafficStatsHelper: transmitted_validWifiData.get(0) = wlan0
04-24 08:03:43.083 1490 2128 D AES : AEEIOCTL_GET/SET_SF_STATE IOCTL,cmd= 1074294797, lParam=0.
04-24 08:03:43.083 1490 2128 D AES : AEEIOCTL_RT_MON_Kick IOCTL,cmd= 2147774474, lParam=300.
04-24 08:03:43.541 27147 27147 W mDNSResponder: [MainLoop] ticks = 68653
04-24 08:03:43.735 26965 26965 I Ads : Use RequestConfiguration.Builder().setTestDeviceIds(Arrays.asList("43995BC8F0A5D481A841B0B9577B7336")) to get test ads on this device.
04-24 08:03:43.794 26965 26965 W ServiceBindIntentUtils: Dynamic lookup for intent failed for action: com.google.android.gms.ads.service.CACHE
04-24 08:03:43.857 26965 27427 W ServiceBindIntentUtils: Dynamic lookup for intent failed for action: com.google.android.gms.ads.service.START
04-24 08:03:43.879 30921 30921 I Choreographer: Skipped 3 frames! The application may be doing too much work on its main thread.
04-24 08:03:44.000 31112 27431 I System.out: [OkHttp] sendRequest>>
04-24 08:03:44.001 31112 27431 I System.out: [OkHttp] sendRequest<<
04-24 08:03:44.079 533 533 I thermal_repeater: select timeout
04-24 08:03:44.305 31112 27431 I System.out: Wrong owner. Perhaps a late disconnect
04-24 08:03:44.403 26965 26965 I Ads : Ad failed to load : 3
04-24 08:03:44.410 26965 27424 I System.out: [OkHttp] sendRequest>>
04-24 08:03:44.411 26965 27424 I System.out: [OkHttp] sendRequest<<
04-24 08:03:44.490 26965 27137 D libc-netbsd: [getaddrinfo]: hostname=mediation.goog; servname=(null); app_pid=26965; app_uid=10192; ai_flags=1024; ai_family=0; ai_socktype=1 from prox result 0
04-24 08:03:44.492 26965 27137 D : [Posix_connect Debug]Process com.medhaapps.wififtpserver :443
04-24 08:03:44.536 26965 27137 D NativeCrypto: ssl=0x79167bb380 NativeCrypto_SSL_do_handshake fd=0x7892829118 shc=0x789282911c timeout_millis=60000 client_mode=1 npn=0x0
04-24 08:03:44.536 26965 27137 D NativeCrypto: ssl=0x79167bb380 info_callback calling handshakeCompleted
04-24 08:03:44.667 26965 27137 D NativeCrypto: ssl=0x79167bb380 cert_verify_callback => 1
04-24 08:03:44.672 26965 27137 D NativeCrypto: ssl=0x79167bb380 NativeCrypto_SSL_get_certificate => NULL
04-24 08:03:44.674 26965 27137 I System.out: [OkHttp] sendRequest>>
04-24 08:03:44.675 26965 27137 I System.out: [OkHttp] sendRequest<<
04-24 08:03:44.715 26965 27137 D NativeCrypto: ssl=0x79167bb380 info_callback calling handshakeCompleted
04-24 08:03:44.772 26965 27137 I System.out: Close in OkHttp
