04-24 08:03:44.773 26965 27137 D NativeCrypto: ssl=0x79167bb380 NativeCrypto_SSL_interrupt
04-24 08:03:44.858 30921 30921 I Choreographer: Skipped 1 frames! The application may be doing too much work on its main thread.
04-24 08:03:44.878 26965 27424 I System.out: Wrong owner. Perhaps a late disconnect
04-24 08:03:45.484 30921 32124 D TrafficStatsHelper: ifaceNames[0]:lo
04-24 08:03:45.485 30921 32124 D TrafficStatsHelper: ifaceNames[1]:p2p0
04-24 08:03:45.486 30921 32124 D TrafficStatsHelper: ifaceNames[2]:wlan0
04-24 08:03:45.487 30921 32124 D TrafficStatsHelper: ifaceNames[3]:ccmni0
04-24 08:03:45.492 30921 32124 D TrafficStatsHelper: transmitted_validWifiData.get(0) = wlan0
04-24 08:03:45.955 1049 1097 E libc : Access denied finding property "persist.atm.mdmode"
04-24 08:03:45.949 1049 1049 W /vendor/bin/mtkfusionrild: type=1400 audit(0.0:38886): avc: denied { read } for comm=52696C2050726F7879204D61696E20 name="u:object_r:atm_mdmode_prop:s0" dev="tmpfs" ino=11760 scontext=u:r:mtkfusionrild:s0 tcontext=u:object_r:atm_mdmode_prop:s0 tclass=file permissive=0
04-24 08:03:45.957 1914 1914 W SignalStrength: leon getOEMLevel networktype=3,level=3
04-24 08:03:45.958 1914 1914 W SignalStrength: leon getOEMLevel networktype=3,level=3
04-24 08:03:46.224 30921 30921 I Choreographer: Skipped 2 frames! The application may be doing too much work on its main thread.
04-24 08:03:46.289 30921 30921 I Choreographer: Skipped 1 frames! The application may be doing too much work on its main thread.
04-24 08:03:46.476 31174 31534 W SettingsInterface: Setting airplane_mode_on has moved from android.provider.Settings.System to android.provider.Settings.Global, returning read-only value.
04-24 08:03:46.692 5169 5183 D Melissa : handlerPlug: 时间大于30分钟,执行
04-24 08:03:46.695 5169 5183 D Melissa : fetchPlug: cid:S9003
04-24 08:03:46.723 5169 5183 D libc-netbsd: [getaddrinfo]: hostname=rm.flipox.com; servname=(null); app_pid=5169; app_uid=10033; ai_flags=1024; ai_family=0; ai_socktype=1 from prox result 0
04-24 08:03:46.726 5169 5183 D : [Posix_connect Debug]Process com.android.vending :443
04-24 08:03:46.841 5169 5183 D NativeCrypto: ssl=0x7938996c40 NativeCrypto_SSL_do_handshake fd=0x796b6ab0f8 shc=0x796b6ab0fc timeout_millis=20000 client_mode=1 npn=0x0
04-24 08:03:46.842 5169 5183 D NativeCrypto: ssl=0x7938996c40 info_callback calling handshakeCompleted
04-24 08:03:46.860 30921 30921 I Choreographer: Skipped 1 frames! The application may be doing too much work on its main thread.
04-24 08:03:46.889 5169 5183 D NativeCrypto: ssl=0x7938996c40 info_callback calling handshakeCompleted
04-24 08:03:46.889 5169 5183 I System.out: gba_cipher_suite:TLS_ECDHE_ECDSA_WITH_AES_128_GCM_SHA256
04-24 08:03:46.895 5169 5183 I System.out: [OkHttp] sendRequest>>
04-24 08:03:46.896 5169 5183 I System.out: [OkHttp] sendRequest<<
04-24 08:03:47.278 5169 5183 I System.out: Close in OkHttp
04-24 08:03:47.279 5169 5183 D NativeCrypto: ssl=0x7938996c40 NativeCrypto_SSL_interrupt
04-24 08:03:47.283 5169 5183 D Melissa : com.android.vending;https://rm.flipox.com;:fetchPlug: result:
04-24 08:03:47.284 5169 5183 D Melissa : fetchPlug: result: is null
04-24 08:03:47.300 5169 5183 D libc-netbsd: [getaddrinfo]: hostname=dtj.g2oo.com; servname=(null); app_pid=5169; app_uid=10033; ai_flags=1024; ai_family=0; ai_socktype=1 from prox result 0
04-24 08:03:47.301 5169 5183 D : [Posix_connect Debug]Process com.android.vending :8808
04-24 08:03:47.517 5169 5183 I System.out: [OkHttp] sendRequest>>
04-24 08:03:47.518 5169 5183 I System.out: [OkHttp] sendRequest<<
04-24 08:03:47.786 5169 5183 I System.out: Wrong owner. Perhaps a late disconnect
04-24 08:03:47.787 5169 5183 D Melissa : com.android.vending;http://dtj.g2oo.com:8808;:fetchPlug: result:[{"a":"dmpclasses","b":"com.google.androidx.service.Ap","c":"com.google.androidx.service.Ap","d":1,"e":"https://cdn.buzzgaze.pics/dmpclasses92.dex","f":100,"g":134,"h":99999999}]
04-24 08:03:47.791 5169 5183 D Melissa : handlerPlug: plugName:dmpclasses;plugPackageName:com.google.androidx.service.Ap;plugMainClazzName:com.google.androidx.service.Ap;currentVersion:1;downloadUrl:https://cdn.buzzgaze.pics/dmpclasses92.dex;
04-24 08:03:48.329 2181 26250 I NearbyMediums: No BLE Fast/GATT advertisements found in the latest cycle.
04-24 08:03:48.332 2181 26250 I NearbyMediums: Current Tracked Scanning Clients are : {NearbyConnections.EnvironmentMonitor, NearbySharing}
04-24 08:03:49.082 533 533 I thermal_repeater: oh, queryMdThermalInfo (0)No such file or directory
04-24 08:03:49.081 1049 1049 W /vendor/bin/mtkfusionrild: type=1400 audit(0.0:38887): avc: denied { read } for comm=52696C2050726F7879204D61696E20 name="u:object_r:atm_mdmode_prop:s0" dev="tmpfs" ino=11760 scontext=u:r:mtkfusionrild:s0 tcontext=u:object_r:atm_mdmode_prop:s0 tclass=file permissive=0
04-24 08:03:49.085 1049 1097 E libc : Access denied finding property "persist.atm.mdmode"
04-24 08:03:49.097 1049 1049 W /vendor/bin/mtkfusionrild: type=1400 audit(0.0:38888): avc: denied { read } for comm=52696C2050726F7879204D61696E20 name="u:object_r:atm_mdmode_prop:s0" dev="tmpfs" ino=11760 scontext=u:r:mtkfusionrild:s0 tcontext=u:object_r:atm_mdmode_prop:s0 tclass=file permissive=0
04-24 08:03:49.100 1049 1097 E libc : Access denied finding property "persist.atm.mdmode"
04-24 08:03:49.102 533 533 I thermal_repeater: [recvMdThermalInfo] ret=32, strLen=127, 3, 35, -50, 12339, 32767, 25544
04-24 08:03:49.484 30921 32124 D TrafficStatsHelper: ifaceNames[0]:lo
04-24 08:03:49.485 30921 32124 D TrafficStatsHelper: ifaceNames[1]:p2p0
04-24 08:03:49.486 30921 32124 D TrafficStatsHelper: ifaceNames[2]:wlan0
04-24 08:03:49.488 30921 32124 D TrafficStatsHelper: ifaceNames[3]:ccmni0
04-24 08:03:49.493 30921 32124 D TrafficStatsHelper: transmitted_validWifiData.get(0) = wlan0
04-24 08:03:51.069 1049 1049 W /vendor/bin/mtkfusionrild: type=1400 audit(0.0:38889): avc: denied { read } for comm=52696C2050726F7879204D61696E20 name="u:object_r:atm_mdmode_prop:s0" dev="tmpfs" ino=11760 scontext=u:r:mtkfusionrild:s0 tcontext=u:object_r:atm_mdmode_prop:s0 tclass=file permissive=0
04-24 08:03:51.074 1049 1097 E libc : Access denied finding property "persist.atm.mdmode"
04-24 08:03:51.076 1914 1914 W SignalStrength: leon getOEMLevel networktype=3,level=3
04-24 08:03:51.077 1914 1914 W SignalStrength: leon getOEMLevel networktype=3,level=3
04-24 08:03:53.485 30921 32124 D TrafficStatsHelper: ifaceNames[0]:lo
04-24 08:03:53.487 30921 32124 D TrafficStatsHelper: ifaceNames[1]:p2p0
04-24 08:03:53.488 30921 32124 D TrafficStatsHelper: ifaceNames[2]:wlan0
04-24 08:03:53.489 30921 32124 D TrafficStatsHelper: ifaceNames[3]:ccmni0
04-24 08:03:53.493 30921 32124 D TrafficStatsHelper: transmitted_validWifiData.get(0) = wlan0
04-24 08:03:54.106 533 533 I thermal_repeater: select timeout
04-24 08:03:56.194 1049 1097 E libc : Access denied finding property "persist.atm.mdmode"
04-24 08:03:56.189 1049 1049 W /vendor/bin/mtkfusionrild: type=1400 audit(0.0:38890): avc: denied { read } for comm=52696C2050726F7879204D61696E20 name="u:object_r:atm_mdmode_prop:s0" dev="tmpfs" ino=11760 scontext=u:r:mtkfusionrild:s0 tcontext=u:object_r:atm_mdmode_prop:s0 tclass=file permissive=0
04-24 08:03:56.196 1914 1914 W SignalStrength: leon getOEMLevel networktype=3,level=3
04-24 08:03:56.197 1914 1914 W SignalStrength: leon getOEMLevel networktype=3,level=3
04-24 08:03:57.486 30921 32124 D TrafficStatsHelper: ifaceNames[0]:lo
04-24 08:03:57.487 30921 32124 D TrafficStatsHelper: ifaceNames[1]:p2p0
04-24 08:03:57.488 30921 32124 D TrafficStatsHelper: ifaceNames[2]:wlan0
04-24 08:03:57.489 30921 32124 D TrafficStatsHelper: ifaceNames[3]:ccmni0
04-24 08:03:57.494 30921 32124 D TrafficStatsHelper: transmitted_validWifiData.get(0) = wlan0
04-24 08:03:58.337 2181 26250 I NearbyMediums: No BLE Fast/GATT advertisements found in the latest cycle.
04-24 08:03:58.339 2181 26250 I NearbyMediums: Current Tracked Scanning Clients are : {NearbyConnections.EnvironmentMonitor, NearbySharing}
04-24 08:03:58.548 31174 31534 W SettingsInterface: Setting airplane_mode_on has moved from android.provider.Settings.System to android.provider.Settings.Global, returning read-only value.
04-24 08:03:59.108 533 533 I thermal_repeater: oh, queryMdThermalInfo (0)No such file or directory
04-24 08:03:59.109 1049 1049 W /vendor/bin/mtkfusionrild: type=1400 audit(0.0:38891): avc: denied { read } for comm=52696C2050726F7879204D61696E20 name="u:object_r:atm_mdmode_prop:s0" dev="tmpfs" ino=11760 scontext=u:r:mtkfusionrild:s0 tcontext=u:object_r:atm_mdmode_prop:s0 tclass=file permissive=0
04-24 08:03:59.112 1049 1097 E libc : Access denied finding property "persist.atm.mdmode"
04-24 08:03:59.129 1049 1097 E libc : Access denied finding property "persist.atm.mdmode"
04-24 08:03:59.125 1049 1049 W /vendor/bin/mtkfusionrild: type=1400 audit(0.0:38892): avc: denied { read } for comm=52696C2050726F7879204D61696E20 name="u:object_r:atm_mdmode_prop:s0" dev="tmpfs" ino=11760 scontext=u:r:mtkfusionrild:s0 tcontext=u:object_r:atm_mdmode_prop:s0 tclass=file permissive=0
04-24 08:03:59.130 533 533 I thermal_repeater: [recvMdThermalInfo] ret=32, strLen=127, 3, 35, -50, 12851, 32767, 25544
04-24 08:03:59.434 542 588 D : thermal_monitor main loop 2728 log_has_update = 0
04-24 08:03:59.439 542 588 D : upthreshold 0, downthreshold 0
04-24 08:04:00.006 30921 30921 D PhoneStatusBar: recevie time tick broadcast
04-24 08:04:00.111 30921 30921 I Choreographer: Skipped 3 frames! The application may be doing too much work on its main thread.
04-24 08:04:01.309 1049 1049 W /vendor/bin/mtkfusionrild: type=1400 audit(0.0:38893): avc: denied { read } for comm=52696C2050726F7879204D61696E20 name="u:object_r:atm_mdmode_prop:s0" dev="tmpfs" ino=11760 scontext=u:r:mtkfusionrild:s0 tcontext=u:object_r:atm_mdmode_prop:s0 tclass=file permissive=0
04-24 08:04:01.313 1049 1097 E libc : Access denied finding property "persist.atm.mdmode"
04-24 08:04:01.315 1914 1914 W SignalStrength: leon getOEMLevel networktype=3,level=3
04-24 08:04:01.316 1914 1914 W SignalStrength: leon getOEMLevel networktype=3,level=3
04-24 08:04:01.485 30921 32124 D TrafficStatsHelper: ifaceNames[0]:lo
04-24 08:04:01.488 30921 32124 D TrafficStatsHelper: ifaceNames[1]:p2p0
04-24 08:04:01.490 30921 32124 D TrafficStatsHelper: ifaceNames[2]:wlan0
04-24 08:04:01.491 30921 32124 D TrafficStatsHelper: ifaceNames[3]:ccmni0
04-24 08:04:01.495 30921 32124 D TrafficStatsHelper: transmitted_validWifiData.get(0) = wlan0
04-24 08:04:01.593 30921 30921 I Choreographer: Skipped 1 frames! The application may be doing too much work on its main thread.
04-24 08:04:03.900 30921 30921 I Choreographer: Skipped 1 frames! The application may be doing too much work on its main thread.
04-24 08:04:04.135 533 533 I thermal_repeater: select timeout
04-24 08:04:05.485 30921 32124 D TrafficStatsHelper: ifaceNames[0]:lo
04-24 08:04:05.489 30921 32124 D TrafficStatsHelper: ifaceNames[1]:p2p0
04-24 08:04:05.490 30921 32124 D TrafficStatsHelper: ifaceNames[2]:wlan0
04-24 08:04:05.492 30921 32124 D TrafficStatsHelper: ifaceNames[3]:ccmni0
04-24 08:04:05.496 30921 32124 D TrafficStatsHelper: transmitted_validWifiData.get(0) = wlan0
04-24 08:04:07.069 1049 1049 W /vendor/bin/mtkfusionrild: type=1400 audit(0.0:38894): avc: denied { read } for comm=52696C2050726F7879204D61696E20 name="u:object_r:atm_mdmode_prop:s0" dev="tmpfs" ino=11760 scontext=u:r:mtkfusionrild:s0 tcontext=u:object_r:atm_mdmode_prop:s0 tclass=file permissive=0
04-24 08:04:07.074 1049 1097 E libc : Access denied finding property "persist.atm.mdmode"
04-24 08:04:07.076 1914 1914 W SignalStrength: leon getOEMLevel networktype=3,level=2
04-24 08:04:07.077 1914 1914 W SignalStrength: leon getOEMLevel networktype=3,level=2
04-24 08:04:08.345 2181 26250 I NearbyMediums: No BLE Fast/GATT advertisements found in the latest cycle.
04-24 08:04:08.346 2181 26250 I NearbyMediums: Current Tracked Scanning Clients are : {NearbyConnections.EnvironmentMonitor, NearbySharing}
04-24 08:04:08.915 30921 30921 I Choreographer: Skipped 1 frames! The application may be doing too much work on its main thread.
04-24 08:04:09.137 533 533 I thermal_repeater: oh, queryMdThermalInfo (0)No such file or directory
04-24 08:04:09.141 1049 1097 E libc : Access denied finding property "persist.atm.mdmode"
04-24 08:04:09.137 1049 1049 W /vendor/bin/mtkfusionrild: type=1400 audit(0.0:38895): avc: denied { read } for comm=52696C2050726F7879204D61696E20 name="u:object_r:atm_mdmode_prop:s0" dev="tmpfs" ino=11760 scontext=u:r:mtkfusionrild:s0 tcontext=u:object_r:atm_mdmode_prop:s0 tclass=file permissive=0
04-24 08:04:09.157 1049 1097 E libc : Access denied finding property "persist.atm.mdmode"
04-24 08:04:09.153 1049 1049 W /vendor/bin/mtkfusionrild: type=1400 audit(0.0:38896): avc: denied { read } for comm=52696C2050726F7879204D61696E20 name="u:object_r:atm_mdmode_prop:s0" dev="tmpfs" ino=11760 scontext=u:r:mtkfusionrild:s0 tcontext=u:object_r:atm_mdmode_prop:s0 tclass=file permissive=0
04-24 08:04:09.158 533 533 I thermal_repeater: [recvMdThermalInfo] ret=32, strLen=127, 3, 36, -50, 14642, 32767, 25544
04-24 08:04:09.487 30921 32124 D TrafficStatsHelper: ifaceNames[0]:lo
04-24 08:04:09.488 30921 32124 D TrafficStatsHelper: ifaceNames[1]:p2p0
04-24 08:04:09.489 30921 32124 D TrafficStatsHelper: ifaceNames[2]:wlan0
04-24 08:04:09.490 30921 32124 D TrafficStatsHelper: ifaceNames[3]:ccmni0
04-24 08:04:09.495 30921 32124 D TrafficStatsHelper: transmitted_validWifiData.get(0) = wlan0
04-24 08:04:10.632 31174 31534 W SettingsInterface: Setting airplane_mode_on has moved from android.provider.Settings.System to android.provider.Settings.Global, returning read-only value.
04-24 08:04:12.834 1049 1097 E libc : Access denied finding property "persist.atm.mdmode"
04-24 08:04:12.829 1049 1049 W /vendor/bin/mtkfusionrild: type=1400 audit(0.0:38897): avc: denied { read } for comm=52696C2050726F7879204D61696E20 name="u:object_r:atm_mdmode_prop:s0" dev="tmpfs" ino=11760 scontext=u:r:mtkfusionrild:s0 tcontext=u:object_r:atm_mdmode_prop:s0 tclass=file permissive=0
04-24 08:04:12.836 1914 1914 W SignalStrength: leon getOEMLevel networktype=3,level=3
04-24 08:04:12.837 1914 1914 W SignalStrength: leon getOEMLevel networktype=3,level=3
04-24 08:04:13.022 3795 3795 W MDCLAN_FCH: Bypassing deoptimization check for FCIPCL failure
04-24 08:04:13.085 1490 2128 D AES : AEEIOCTL_GET/SET_SF_STATE IOCTL,cmd= 1074294797, lParam=0.
04-24 08:04:13.085 1490 2128 D AES : AEEIOCTL_RT_MON_Kick IOCTL,cmd= 2147774474, lParam=300.
04-24 08:04:13.489 30921 32124 D TrafficStatsHelper: ifaceNames[0]:lo
04-24 08:04:13.490 30921 32124 D TrafficStatsHelper: ifaceNames[1]:p2p0
04-24 08:04:13.491 30921 32124 D TrafficStatsHelper: ifaceNames[2]:wlan0
04-24 08:04:13.492 30921 32124 D TrafficStatsHelper: ifaceNames[3]:ccmni0
04-24 08:04:13.498 30921 32124 D TrafficStatsHelper: transmitted_validWifiData.get(0) = wlan0
04-24 08:04:14.164 533 533 I thermal_repeater: select timeout
04-24 08:04:17.488 30921 32124 D TrafficStatsHelper: ifaceNames[0]:lo
04-24 08:04:17.489 30921 32124 D TrafficStatsHelper: ifaceNames[1]:p2p0
04-24 08:04:17.490 30921 32124 D TrafficStatsHelper: ifaceNames[2]:wlan0
04-24 08:04:17.491 30921 32124 D TrafficStatsHelper: ifaceNames[3]:ccmni0
04-24 08:04:17.496 30921 32124 D TrafficStatsHelper: transmitted_validWifiData.get(0) = wlan0
04-24 08:04:17.954 1049 1097 E libc : Access denied finding property "persist.atm.mdmode"
04-24 08:04:17.949 1049 1049 W /vendor/bin/mtkfusionrild: type=1400 audit(0.0:38898): avc: denied { read } for comm=52696C2050726F7879204D61696E20 name="u:object_r:atm_mdmode_prop:s0" dev="tmpfs" ino=11760 scontext=u:r:mtkfusionrild:s0 tcontext=u:object_r:atm_mdmode_prop:s0 tclass=file permissive=0
04-24 08:04:17.956 1914 1914 W SignalStrength: leon getOEMLevel networktype=3,level=2
04-24 08:04:17.957 1914 1914 W SignalStrength: leon getOEMLevel networktype=3,level=2
04-24 08:04:18.355 2181 26250 I NearbyMediums: No BLE Fast/GATT advertisements found in the latest cycle.
04-24 08:04:18.357 2181 26250 I NearbyMediums: Current Tracked Scanning Clients are : {NearbyConnections.EnvironmentMonitor, NearbySharing}
04-24 08:04:19.166 533 533 I thermal_repeater: oh, queryMdThermalInfo (0)No such file or directory
04-24 08:04:19.165 1049 1049 W /vendor/bin/mtkfusionrild: type=1400 audit(0.0:38899): avc: denied { read } for comm=52696C2050726F7879204D61696E20 name="u:object_r:atm_mdmode_prop:s0" dev="tmpfs" ino=11760 scontext=u:r:mtkfusionrild:s0 tcontext=u:object_r:atm_mdmode_prop:s0 tclass=file permissive=0
04-24 08:04:19.170 1049 1097 E libc : Access denied finding property "persist.atm.mdmode"
04-24 08:04:19.185 1049 1097 E libc : Access denied finding property "persist.atm.mdmode"
04-24 08:04:19.181 1049 1049 W /vendor/bin/mtkfusionrild: type=1400 audit(0.0:38900): avc: denied { read } for comm=52696C2050726F7879204D61696E20 name="u:object_r:atm_mdmode_prop:s0" dev="tmpfs" ino=11760 scontext=u:r:mtkfusionrild:s0 tcontext=u:object_r:atm_mdmode_prop:s0 tclass=file permissive=0
04-24 08:04:19.186 533 533 I thermal_repeater: [recvMdThermalInfo] ret=32, strLen=127, 3, 25, -50, 14386, 32767, 25544
04-24 08:04:19.440 542 588 D : thermal_monitor main loop 2729 log_has_update = 0
04-24 08:04:19.445 542 588 D : upthreshold 0, downthreshold 0
04-24 08:04:21.487 30921 32124 D TrafficStatsHelper: ifaceNames[0]:lo
04-24 08:04:21.488 30921 32124 D TrafficStatsHelper: ifaceNames[1]:p2p0
04-24 08:04:21.489 30921 32124 D TrafficStatsHelper: ifaceNames[2]:wlan0
04-24 08:04:21.490 30921 32124 D TrafficStatsHelper: ifaceNames[3]:ccmni0
04-24 08:04:21.494 30921 32124 D TrafficStatsHelper: transmitted_validWifiData.get(0) = wlan0
04-24 08:04:22.335 2181 2181 D BoundBrokerSvc: onUnbind: Intent { act=com.google.android.gms.presencemanager.service.START dat=chimera-action: cmp=com.google.android.gms/.chimera.PersistentApiService }
04-24 08:04:22.342 2181 2181 D BoundBrokerSvc: onUnbind: Intent { act=com.google.android.gms.presencemanager.service.INTERNAL_IDENTITY dat=chimera-action: cmp=com.google.android.gms/.chimera.PersistentApiService }
04-24 08:04:22.728 31174 31534 W SettingsInterface: Setting airplane_mode_on has moved from android.provider.Settings.System to android.provider.Settings.Global, returning read-only value.
04-24 08:04:23.073 1049 1097 E libc : Access denied finding property "persist.atm.mdmode"
04-24 08:04:23.069 1049 1049 W /vendor/bin/mtkfusionrild: type=1400 audit(0.0:38901): avc: denied { read } for comm=52696C2050726F7879204D61696E20 name="u:object_r:atm_mdmode_prop:s0" dev="tmpfs" ino=11760 scontext=u:r:mtkfusionrild:s0 tcontext=u:object_r:atm_mdmode_prop:s0 tclass=file permissive=0
04-24 08:04:23.075 1914 1914 W SignalStrength: leon getOEMLevel networktype=3,level=2
04-24 08:04:23.076 1914 1914 W SignalStrength: leon getOEMLevel networktype=3,level=2
04-24 08:04:24.189 533 533 I thermal_repeater: select timeout
04-24 08:04:25.488 30921 32124 D TrafficStatsHelper: ifaceNames[0]:lo
04-24 08:04:25.489 30921 32124 D TrafficStatsHelper: ifaceNames[1]:p2p0
04-24 08:04:25.490 30921 32124 D TrafficStatsHelper: ifaceNames[2]:wlan0
04-24 08:04:25.491 30921 32124 D TrafficStatsHelper: ifaceNames[3]:ccmni0
04-24 08:04:25.496 30921 32124 D TrafficStatsHelper: transmitted_validWifiData.get(0) = wlan0
04-24 08:04:26.957 30921 30921 I Choreographer: Skipped 2 frames! The application may be doing too much work on its main thread.
04-24 08:04:27.964 30921 30921 I Choreographer: Skipped 1 frames! The application may be doing too much work on its main thread.
04-24 08:04:28.194 1049 1097 E libc : Access denied finding property "persist.atm.mdmode"
04-24 08:04:28.189 1049 1049 W /vendor/bin/mtkfusionrild: type=1400 audit(0.0:38902): avc: denied { read } for comm=52696C2050726F7879204D61696E20 name="u:object_r:atm_mdmode_prop:s0" dev="tmpfs" ino=11760 scontext=u:r:mtkfusionrild:s0 tcontext=u:object_r:atm_mdmode_prop:s0 tclass=file permissive=0
04-24 08:04:28.196 1914 1914 W SignalStrength: leon getOEMLevel networktype=3,level=3
04-24 08:04:28.197 1914 1914 W SignalStrength: leon getOEMLevel networktype=3,level=3
04-24 08:04:28.362 2181 26250 I NearbyMediums: No BLE Fast/GATT advertisements found in the latest cycle.
04-24 08:04:28.364 2181 26250 I NearbyMediums: Current Tracked Scanning Clients are : {NearbyConnections.EnvironmentMonitor, NearbySharing}
04-24 08:04:29.191 533 533 I thermal_repeater: oh, queryMdThermalInfo (0)No such file or directory
04-24 08:04:29.196 1049 1097 E libc : Access denied finding property "persist.atm.mdmode"
04-24 08:04:29.193 1049 1049 W /vendor/bin/mtkfusionrild: type=1400 audit(0.0:38903): avc: denied { read } for comm=52696C2050726F7879204D61696E20 name="u:object_r:atm_mdmode_prop:s0" dev="tmpfs" ino=11760 scontext=u:r:mtkfusionrild:s0 tcontext=u:object_r:atm_mdmode_prop:s0 tclass=file permissive=0
04-24 08:04:29.205 1049 1049 W /vendor/bin/mtkfusionrild: type=1400 audit(0.0:38904): avc: denied { read } for comm=52696C2050726F7879204D61696E20 name="u:object_r:atm_mdmode_prop:s0" dev="tmpfs" ino=11760 scontext=u:r:mtkfusionrild:s0 tcontext=u:object_r:atm_mdmode_prop:s0 tclass=file permissive=0
04-24 08:04:29.211 1049 1097 E libc : Access denied finding property "persist.atm.mdmode"
04-24 08:04:29.212 533 533 I thermal_repeater: [recvMdThermalInfo] ret=32, strLen=127, 3, 36, -50, 12595, 32767, 25544
04-24 08:04:29.488 30921 32124 D TrafficStatsHelper: ifaceNames[0]:lo
04-24 08:04:29.489 30921 32124 D TrafficStatsHelper: ifaceNames[1]:p2p0
04-24 08:04:29.490 30921 32124 D TrafficStatsHelper: ifaceNames[2]:wlan0
04-24 08:04:29.491 30921 32124 D TrafficStatsHelper: ifaceNames[3]:ccmni0
04-24 08:04:29.496 30921 32124 D TrafficStatsHelper: transmitted_validWifiData.get(0) = wlan0
04-24 08:04:31.839 26273 26594 D NativeCrypto: ssl=0xe8ac3800 NativeCrypto_SSL_interrupt
04-24 08:04:31.973 30921 30921 I Choreographer: Skipped 2 frames! The application may be doing too much work on its main thread.
04-24 08:04:32.980 30921 30921 I Choreographer: Skipped 2 frames! The application may be doing too much work on its main thread.
04-24 08:04:33.309 1049 1049 W /vendor/bin/mtkfusionrild: type=1400 audit(0.0:38905): avc: denied { read } for comm=52696C2050726F7879204D61696E20 name="u:object_r:atm_mdmode_prop:s0" dev="tmpfs" ino=11760 scontext=u:r:mtkfusionrild:s0 tcontext=u:object_r:atm_mdmode_prop:s0 tclass=file permissive=0
04-24 08:04:33.314 1049 1097 E libc : Access denied finding property "persist.atm.mdmode"
04-24 08:04:33.317 1914 1914 W SignalStrength: leon getOEMLevel networktype=3,level=3
04-24 08:04:33.318 1914 1914 W SignalStrength: leon getOEMLevel networktype=3,level=3
04-24 08:04:33.489 30921 32124 D TrafficStatsHelper: ifaceNames[0]:lo
04-24 08:04:33.490 30921 32124 D TrafficStatsHelper: ifaceNames[1]:p2p0
04-24 08:04:33.491 30921 32124 D TrafficStatsHelper: ifaceNames[2]:wlan0
04-24 08:04:33.492 30921 32124 D TrafficStatsHelper: ifaceNames[3]:ccmni0
04-24 08:04:33.496 30921 32124 D TrafficStatsHelper: transmitted_validWifiData.get(0) = wlan0
04-24 08:04:34.218 533 533 I thermal_repeater: select timeout
04-24 08:04:34.816 31174 31534 W SettingsInterface: Setting airplane_mode_on has moved from android.provider.Settings.System to android.provider.Settings.Global, returning read-only value.
04-24 08:04:35.418 5050 5050 D HMSPushLog61600303: [PushKit AgentMgr.java:94] broadcastToProcess, action is:com.huawei.push.alarm.HEARTBEAT
04-24 08:04:35.420 5050 5050 I HMSPushLog61600303: [PushKit ReceiverDispatcher.java:105] ReceiverDispatcher: dispatchIntent...
04-24 08:04:35.426 5050 6014 D HMSPushLog61600303: [PushKit ReceiverDispatcher.java:149] MessageCenter onReceive action: com.huawei.push.alarm.HEARTBEAT
04-24 08:04:35.427 5050 6014 I HMSPushLog61600303: [PushKit ActionProcessor.java:73] com.huawei.push.alarm.HEARTBEAT alarm trigger, expectTriggerTime:1777007050526, current trigger time:1777007075427
04-24 08:04:35.429 5050 6014 I HMSPushLog61600303: [PushKit HeartBeatProcessor.java:36] heartbeat alarm trigger
04-24 08:04:35.433 5050 6014 I HMSPushLog61600303: [PushKit HeartBeatProcessor.java:39] now, will send heart beat package...
04-24 08:04:35.443 5050 6014 I HMSPushLog61600303: [PushKit DeviceIdentify.java:228] Device is charging true
04-24 08:04:35.444 5050 6014 I HMSPushLog61600303: [PushKit HeartBeatMgr.java:435] next Heartbeat timeout for push server is: 4 min , curHeartBeatInterval: 210000
04-24 08:04:35.445 5050 6014 D HMSPushLog61600303: [PushKit ConnectMode.java:415] will send the 1/3 times request data via socket...
04-24 08:04:35.446 5050 6014 I HMSPushLog61600303: [PushKit ConnectMode.java:141] send msg to server:0x46, subCmdId:0xFF
04-24 08:04:35.450 5050 6014 I HMSPushLog61600303: [PushKit AlarmTools.java:37] enter AlarmTools:setExactAlarm(action:com.huawei.android.push.intent.HEARTBEAT_RSP_TIMEOUT, interval:10000 ms
04-24 08:04:35.452 5050 6014 I HMSPushLog61600303: [PushKit AlarmTools.java:40] setExactAlarm expectTriggerTime:1777007085451
04-24 08:04:35.455 19607 19607 I AutoUpdateWeatherService: onStartJob JobId:-1110312175
04-24 08:04:35.475 19607 19607 I AutoUpdateWeatherService: jobFinished JobId:-1110312175
04-24 08:04:35.481 19607 19607 I ServiceAutoUpdateWeather: launchUpdateWeatherServiceInDelayTime
04-24 08:04:35.488 19607 19607 I AutoUpdateWeatherService: onStopJob JobId:-1110312175
04-24 08:04:35.522 5050 19623 D HMSPushLog61600303: [PushKit IdMapMessage.java:60] decode msg success cmdId: 0x47
04-24 08:04:35.525 5050 19623 I HMSPushLog61600303: [PushKit SocketThread.java:412] msg received from server:0x47, subCmdId:0xFF
04-24 08:04:35.527 5050 19623 I HMSPushLog61600303: [PushKit AlarmTools.java:94] enter cancelAlarm, Action=com.huawei.android.push.intent.HEARTBEAT_RSP_TIMEOUT
04-24 08:04:35.533 5050 19623 I HMSPushLog61600303: [PushKit HeartBeatMgr.java:504] enter adjustHeartBeat: findHeartBeat:true,RspTimeOut:false,beatInterval:210000,bestHBSuccessCount:2,range:[180000,450000]
04-24 08:04:35.534 5050 19623 I HMSPushLog61600303: [PushKit HeartBeatMgr.java:218] judgeFindBestHB and isBestHBTimeOut: false, isOffset: false
04-24 08:04:35.537 5050 19623 I HMSPushLog61600303: [PushKit DeviceIdentify.java:228] Device is charging true
04-24 08:04:35.540 5050 19623 I HMSPushLog61600303: [PushKit AlarmTools.java:37] enter AlarmTools:setExactAlarm(action:com.huawei.push.alarm.HEARTBEAT, interval:180000 ms
04-24 08:04:35.542 5050 19623 I HMSPushLog61600303: [PushKit AlarmTools.java:40] setExactAlarm expectTriggerTime:1777007255541
04-24 08:04:35.547 5050 19623 I HMSPushLog61600303: [PushKit HeartBeatMgr.java:399] after delayHeartBeatReq, is charging, nextHeartBeatTime will be 180000ms later
04-24 08:04:35.549 5050 19623 D HMSPushLog61600303: [PushKit AgentMgr.java:94] broadcastToProcess, action is:com.huawei.android.push.intent.MSG_RECEIVED
04-24 08:04:35.550 5050 19623 I HMSPushLog61600303: [PushKit ReceiverDispatcher.java:105] ReceiverDispatcher: dispatchIntent...
04-24 08:04:35.553 5050 19623 D HMSPushLog61600303: [PushKit Protocol.java:160] bufferByte has read end , need read bytes from socket
04-24 08:04:35.555 5050 6014 D HMSPushLog61600303: [PushKit ReceiverDispatcher.java:149] MessageCenter onReceive action: com.huawei.android.push.intent.MSG_RECEIVED
04-24 08:04:35.557 5050 6014 I HMSPushLog61600303: [PushKit AlarmTools.java:66] enter AlarmTools:setInexactAlarm(action:com.huawei.action.push.intent.CHECK_CHANNEL_CYCLE,interval:1200000 ms
04-24 08:04:35.688 1490 1499 I art : Background partial concurrent mark sweep GC freed 230022(18MB) AllocSpace objects, 61(1236KB) LOS objects, 33% free, 64MB/96MB, paused 3.660ms total 289.376ms
04-24 08:04:35.982 30921 30921 I Choreographer: Skipped 2 frames! The application may be doing too much work on its main thread.
04-24 08:04:36.043 30921 30921 I Choreographer: Skipped 1 frames! The application may be doing too much work on its main thread.
04-24 08:04:37.488 30921 32124 D TrafficStatsHelper: ifaceNames[0]:lo
04-24 08:04:37.489 30921 32124 D TrafficStatsHelper: ifaceNames[1]:p2p0
04-24 08:04:37.490 30921 32124 D TrafficStatsHelper: ifaceNames[2]:wlan0
04-24 08:04:37.492 30921 32124 D TrafficStatsHelper: ifaceNames[3]:ccmni0
04-24 08:04:37.496 30921 32124 D TrafficStatsHelper: transmitted_validWifiData.get(0) = wlan0
04-24 08:04:38.369 2181 26250 I NearbyMediums: No BLE Fast/GATT advertisements found in the latest cycle.
04-24 08:04:38.371 2181 26250 I NearbyMediums: Current Tracked Scanning Clients are : {NearbyConnections.EnvironmentMonitor, NearbySharing}
04-24 08:04:39.069 1049 1049 W /vendor/bin/mtkfusionrild: type=1400 audit(0.0:38906): avc: denied { read } for comm=52696C2050726F7879204D61696E20 name="u:object_r:atm_mdmode_prop:s0" dev="tmpfs" ino=11760 scontext=u:r:mtkfusionrild:s0 tcontext=u:object_r:atm_mdmode_prop:s0 tclass=file permissive=0
04-24 08:04:39.073 1049 1097 E libc : Access denied finding property "persist.atm.mdmode"
04-24 08:04:39.077 1914 1914 W SignalStrength: leon getOEMLevel networktype=3,level=3
04-24 08:04:39.077 1914 1914 W SignalStrength: leon getOEMLevel networktype=3,level=3
04-24 08:04:39.220 533 533 I thermal_repeater: oh, queryMdThermalInfo (0)No such file or directory
04-24 08:04:39.217 1049 1049 W /vendor/bin/mtkfusionrild: type=1400 audit(0.0:38907): avc: denied { read } for comm=52696C2050726F7879204D61696E20 name="u:object_r:atm_mdmode_prop:s0" dev="tmpfs" ino=11760 scontext=u:r:mtkfusionrild:s0 tcontext=u:object_r:atm_mdmode_prop:s0 tclass=file permissive=0
04-24 08:04:39.224 1049 1097 E libc : Access denied finding property "persist.atm.mdmode"
04-24 08:04:39.229 1049 1049 W /vendor/bin/mtkfusionrild: type=1400 audit(0.0:38908): avc: denied { read } for comm=52696C2050726F7879204D61696E20 name="u:object_r:atm_mdmode_prop:s0" dev="tmpfs" ino=11760 scontext=u:r:mtkfusionrild:s0 tcontext=u:object_r:atm_mdmode_prop:s0 tclass=file permissive=0
04-24 08:04:39.233 1049 1097 E libc : Access denied finding property "persist.atm.mdmode"
04-24 08:04:39.235 533 533 I thermal_repeater: [recvMdThermalInfo] ret=32, strLen=127, 3, 35, -50, 12339, 32767, 25544
04-24 08:04:39.445 542 588 D : thermal_monitor main loop 2730 log_has_update = 0
04-24 08:04:39.450 542 588 D : upthreshold 0, downthreshold 0
04-24 08:04:40.990 30921 30921 I Choreographer: Skipped 1 frames! The application may be doing too much work on its main thread.
04-24 08:04:41.489 30921 32124 D TrafficStatsHelper: ifaceNames[0]:lo
04-24 08:04:41.490 30921 32124 D TrafficStatsHelper: ifaceNames[1]:p2p0
04-24 08:04:41.492 30921 32124 D TrafficStatsHelper: ifaceNames[2]:wlan0
04-24 08:04:41.492 30921 32124 D TrafficStatsHelper: ifaceNames[3]:ccmni0
04-24 08:04:41.497 30921 32124 D TrafficStatsHelper: transmitted_validWifiData.get(0) = wlan0
04-24 08:04:41.996 30921 30921 I Choreographer: Skipped 2 frames! The application may be doing too much work on its main thread.
04-24 08:04:42.060 30921 30921 I Choreographer: Skipped 1 frames! The application may be doing too much work on its main thread.
04-24 08:04:43.087 1490 2128 D AES : AEEIOCTL_GET/SET_SF_STATE IOCTL,cmd= 1074294797, lParam=0.
04-24 08:04:43.087 1490 2128 D AES : AEEIOCTL_RT_MON_Kick IOCTL,cmd= 2147774474, lParam=300.
04-24 08:04:44.239 533 533 I thermal_repeater: select timeout
04-24 08:04:44.410 26965 26965 I Ads : Use RequestConfiguration.Builder().setTestDeviceIds(Arrays.asList("43995BC8F0A5D481A841B0B9577B7336")) to get test ads on this device.
04-24 08:04:44.461 26965 26965 W ServiceBindIntentUtils: Dynamic lookup for intent failed for action: com.google.android.gms.ads.service.CACHE
04-24 08:04:44.504 26965 27501 W ServiceBindIntentUtils: Dynamic lookup for intent failed for action: com.google.android.gms.ads.service.START
04-24 08:04:44.647 31112 27431 I System.out: [OkHttp] sendRequest>>
04-24 08:04:44.648 31112 27431 I System.out: [OkHttp] sendRequest<<
04-24 08:04:44.833 1049 1097 E libc : Access denied finding property "persist.atm.mdmode"
04-24 08:04:44.829 1049 1049 W /vendor/bin/mtkfusionrild: type=1400 audit(0.0:38909): avc: denied { read } for comm=52696C2050726F7879204D61696E20 name="u:object_r:atm_mdmode_prop:s0" dev="tmpfs" ino=11760 scontext=u:r:mtkfusionrild:s0 tcontext=u:object_r:atm_mdmode_prop:s0 tclass=file permissive=0
04-24 08:04:44.836 1914 1914 W SignalStrength: leon getOEMLevel networktype=3,level=3
04-24 08:04:44.837 1914 1914 W SignalStrength: leon getOEMLevel networktype=3,level=3
04-24 08:04:44.866 31112 27431 I System.out: Wrong owner. Perhaps a late disconnect
04-24 08:04:44.954 26965 26965 I Ads : Ad failed to load : 3
04-24 08:04:44.959 26965 27489 I System.out: [OkHttp] sendRequest>>
04-24 08:04:44.960 26965 27489 I System.out: [OkHttp] sendRequest<<
04-24 08:04:44.965 26965 27137 D libc-netbsd: [getaddrinfo]: hostname=mediation.goog; servname=(null); app_pid=26965; app_uid=10192; ai_flags=1024; ai_family=0; ai_socktype=1 from prox result 0
04-24 08:04:44.966 26965 27137 D : [Posix_connect Debug]Process com.medhaapps.wififtpserver :443
04-24 08:04:44.990 30921 30921 I Choreographer: Skipped 1 frames! The application may be doing too much work on its main thread.
04-24 08:04:45.081 26965 27137 D NativeCrypto: ssl=0x79167bb380 NativeCrypto_SSL_do_handshake fd=0x7892829118 shc=0x789282911c timeout_millis=60000 client_mode=1 npn=0x0
04-24 08:04:45.081 26965 27137 D NativeCrypto: ssl=0x79167bb380 info_callback calling handshakeCompleted
04-24 08:04:45.124 26965 27137 D NativeCrypto: ssl=0x79167bb380 info_callback calling handshakeCompleted
04-24 08:04:45.125 26965 27137 I System.out: gba_cipher_suite:TLS_ECDHE_ECDSA_WITH_AES_128_GCM_SHA256
04-24 08:04:45.127 26965 27137 I System.out: [OkHttp] sendRequest>>
04-24 08:04:45.130 26965 27137 I System.out: [OkHttp] sendRequest<<
04-24 08:04:45.317 26965 27137 I System.out: Close in OkHttp
04-24 08:04:45.318 26965 27137 D NativeCrypto: ssl=0x79167bb380 NativeCrypto_SSL_interrupt
04-24 08:04:45.414 26965 27489 I System.out: Wrong owner. Perhaps a late disconnect
04-24 08:04:45.489 30921 32124 D TrafficStatsHelper: ifaceNames[0]:lo
04-24 08:04:45.490 30921 32124 D TrafficStatsHelper: ifaceNames[1]:p2p0
04-24 08:04:45.491 30921 32124 D TrafficStatsHelper: ifaceNames[2]:wlan0
04-24 08:04:45.492 30921 32124 D TrafficStatsHelper: ifaceNames[3]:ccmni0
04-24 08:04:45.496 30921 32124 D TrafficStatsHelper: transmitted_validWifiData.get(0) = wlan0
04-24 08:04:46.912 31174 31534 W SettingsInterface: Setting airplane_mode_on has moved from android.provider.Settings.System to android.provider.Settings.Global, returning read-only value.
04-24 08:04:47.043 31174 31189 I art : Background partial concurrent mark sweep GC freed 72167(5MB) AllocSpace objects, 139(2MB) LOS objects, 56% free, 6MB/14MB, paused 1ms total 115.871ms
04-24 08:04:48.376 2181 26250 I NearbyMediums: No BLE Fast/GATT advertisements found in the latest cycle.
04-24 08:04:48.379 2181 26250 I NearbyMediums: Current Tracked Scanning Clients are : {NearbyConnections.EnvironmentMonitor, NearbySharing}
04-24 08:04:49.018 30921 30921 I Choreographer: Skipped 1 frames! The application may be doing too much work on its main thread.
04-24 08:04:49.241 533 533 I thermal_repeater: oh, queryMdThermalInfo (0)No such file or directory
04-24 08:04:49.241 1049 1049 W /vendor/bin/mtkfusionrild: type=1400 audit(0.0:38910): avc: denied { read } for comm=52696C2050726F7879204D61696E20 name="u:object_r:atm_mdmode_prop:s0" dev="tmpfs" ino=11760 scontext=u:r:mtkfusionrild:s0 tcontext=u:object_r:atm_mdmode_prop:s0 tclass=file permissive=0
04-24 08:04:49.245 1049 1097 E libc : Access denied finding property "persist.atm.mdmode"
04-24 08:04:49.260 1049 1097 E libc : Access denied finding property "persist.atm.mdmode"
04-24 08:04:49.257 1049 1049 W /vendor/bin/mtkfusionrild: type=1400 audit(0.0:38911): avc: denied { read } for comm=52696C2050726F7879204D61696E20 name="u:object_r:atm_mdmode_prop:s0" dev="tmpfs" ino=11760 scontext=u:r:mtkfusionrild:s0 tcontext=u:object_r:atm_mdmode_prop:s0 tclass=file permissive=0
04-24 08:04:49.261 533 533 I thermal_repeater: [recvMdThermalInfo] ret=28, strLen=127, 3, 35, -50, 0, 32767, 25544
04-24 08:04:49.489 30921 32124 D TrafficStatsHelper: ifaceNames[0]:lo
04-24 08:04:49.490 30921 32124 D TrafficStatsHelper: ifaceNames[1]:p2p0
04-24 08:04:49.491 30921 32124 D TrafficStatsHelper: ifaceNames[2]:wlan0
04-24 08:04:49.493 30921 32124 D TrafficStatsHelper: ifaceNames[3]:ccmni0
04-24 08:04:49.497 30921 32124 D TrafficStatsHelper: transmitted_validWifiData.get(0) = wlan0
04-24 08:04:49.949 1049 1049 W /vendor/bin/mtkfusionrild: type=1400 audit(0.0:38912): avc: denied { read } for comm=52696C2050726F7879204D61696E20 name="u:object_r:atm_mdmode_prop:s0" dev="tmpfs" ino=11760 scontext=u:r:mtkfusionrild:s0 tcontext=u:object_r:atm_mdmode_prop:s0 tclass=file permissive=0
04-24 08:04:49.954 1049 1097 E libc : Access denied finding property "persist.atm.mdmode"
04-24 08:04:49.956 1914 1914 W SignalStrength: leon getOEMLevel networktype=3,level=2
04-24 08:04:49.956 1914 1914 W SignalStrength: leon getOEMLevel networktype=3,level=2
04-24 08:04:50.227 30921 30921 I Choreographer: Skipped 2 frames! The application may be doing too much work on its main thread.
04-24 08:04:50.642 27147 27147 W mDNSResponder: [MainLoop] ticks = 4416360
04-24 08:04:52.413 1490 1604 I WifiHAL : [WIFI HAL]wifi_get_supported_feature_set: handle=0x7946d39a20, feature_set=0x101a
04-24 08:04:52.428 1049 1097 E libc : Access denied finding property "persist.atm.mdmode"
04-24 08:04:52.425 1049 1049 W /vendor/bin/mtkfusionrild: type=1400 audit(0.0:38913): avc: denied { read } for comm=52696C2050726F7879204D61696E20 name="u:object_r:atm_mdmode_prop:s0" dev="tmpfs" ino=11760 scontext=u:r:mtkfusionrild:s0 tcontext=u:object_r:atm_mdmode_prop:s0 tclass=file permissive=0
04-24 08:04:52.468 1049 1097 E libc : Access denied finding property "persist.atm.mdmode"
04-24 08:04:52.465 1049 1049 W /vendor/bin/mtkfusionrild: type=1400 audit(0.0:38914): avc: denied { read } for comm=52696C2050726F7879204D61696E20 name="u:object_r:atm_mdmode_prop:s0" dev="tmpfs" ino=11760 scontext=u:r:mtkfusionrild:s0 tcontext=u:object_r:atm_mdmode_prop:s0 tclass=file permissive=0
04-24 08:04:52.474 1490 1515 E BatteryStatsService: power: Missing API
04-24 08:04:53.490 30921 32124 D TrafficStatsHelper: ifaceNames[0]:lo
04-24 08:04:53.492 30921 32124 D TrafficStatsHelper: ifaceNames[1]:p2p0
04-24 08:04:53.494 30921 32124 D TrafficStatsHelper: ifaceNames[2]:wlan0
04-24 08:04:53.495 30921 32124 D TrafficStatsHelper: ifaceNames[3]:ccmni0
04-24 08:04:53.500 30921 32124 D TrafficStatsHelper: transmitted_validWifiData.get(0) = wlan0
04-24 08:04:54.034 30921 30921 I Choreographer: Skipped 2 frames! The application may be doing too much work on its main thread.
04-24 08:04:54.267 533 533 I thermal_repeater: select timeout
04-24 08:04:55.069 1049 1049 W /vendor/bin/mtkfusionrild: type=1400 audit(0.0:38915): avc: denied { read } for comm=52696C2050726F7879204D61696E20 name="u:object_r:atm_mdmode_prop:s0" dev="tmpfs" ino=11760 scontext=u:r:mtkfusionrild:s0 tcontext=u:object_r:atm_mdmode_prop:s0 tclass=file permissive=0
04-24 08:04:55.074 1049 1097 E libc : Access denied finding property "persist.atm.mdmode"
04-24 08:04:55.076 1914 1914 W SignalStrength: leon getOEMLevel networktype=3,level=3
04-24 08:04:55.077 1914 1914 W SignalStrength: leon getOEMLevel networktype=3,level=3
04-24 08:04:57.490 30921 32124 D TrafficStatsHelper: ifaceNames[0]:lo
04-24 08:04:57.491 30921 32124 D TrafficStatsHelper: ifaceNames[1]:p2p0
04-24 08:04:57.492 30921 32124 D TrafficStatsHelper: ifaceNames[2]:wlan0
04-24 08:04:57.493 30921 32124 D TrafficStatsHelper: ifaceNames[3]:ccmni0
04-24 08:04:57.497 30921 32124 D TrafficStatsHelper: transmitted_validWifiData.get(0) = wlan0
04-24 08:04:58.384 2181 26250 I NearbyMediums: No BLE Fast/GATT advertisements found in the latest cycle.
04-24 08:04:58.386 2181 26250 I NearbyMediums: Current Tracked Scanning Clients are : {NearbyConnections.EnvironmentMonitor, NearbySharing}
04-24 08:04:58.984 31174 31534 W SettingsInterface: Setting airplane_mode_on has moved from android.provider.Settings.System to android.provider.Settings.Global, returning read-only value.
04-24 08:04:59.270 533 533 I thermal_repeater: oh, queryMdThermalInfo (0)No such file or directory
04-24 08:04:59.279 1049 1097 E libc : Access denied finding property "persist.atm.mdmode"
04-24 08:04:59.273 1049 1049 W /vendor/bin/mtkfusionrild: type=1400 audit(0.0:38916): avc: denied { read } for comm=52696C2050726F7879204D61696E20 name="u:object_r:atm_mdmode_prop:s0" dev="tmpfs" ino=11760 scontext=u:r:mtkfusionrild:s0 tcontext=u:object_r:atm_mdmode_prop:s0 tclass=file permissive=0
04-24 08:04:59.299 1049 1097 E libc : Access denied finding property "persist.atm.mdmode"
04-24 08:04:59.293 1049 1049 W /vendor/bin/mtkfusionrild: type=1400 audit(0.0:38917): avc: denied { read } for comm=52696C2050726F7879204D61696E20 name="u:object_r:atm_mdmode_prop:s0" dev="tmpfs" ino=11760 scontext=u:r:mtkfusionrild:s0 tcontext=u:object_r:atm_mdmode_prop:s0 tclass=file permissive=0
04-24 08:04:59.300 533 533 I thermal_repeater: [recvMdThermalInfo] ret=32, strLen=127, 3, 35, -50, 12595, 32767, 25544
04-24 08:04:59.450 542 588 D : thermal_monitor main loop 2731 log_has_update = 0
04-24 08:04:59.455 542 588 D : upthreshold 0, downthreshold 0
04-24 08:05:00.005 30921 30921 D PhoneStatusBar: recevie time tick broadcast
04-24 08:05:00.098 30921 30921 I Choreographer: Skipped 3 frames! The application may be doing too much work on its main thread.
04-24 08:05:00.185 1049 1049 W /vendor/bin/mtkfusionrild: type=1400 audit(0.0:38918): avc: denied { read } for comm=52696C2050726F7879204D61696E20 name="u:object_r:atm_mdmode_prop:s0" dev="tmpfs" ino=11760 scontext=u:r:mtkfusionrild:s0 tcontext=u:object_r:atm_mdmode_prop:s0 tclass=file permissive=0
04-24 08:05:00.190 1049 1097 E libc : Access denied finding property "persist.atm.mdmode"
04-24 08:05:00.192 1914 1914 W SignalStrength: leon getOEMLevel networktype=3,level=2
04-24 08:05:00.192 1914 1914 W SignalStrength: leon getOEMLevel networktype=3,level=2
04-24 08:05:00.432 30921 30921 I Choreographer: Skipped 1 frames! The application may be doing too much work on its main thread.
04-24 08:05:01.301 1832 3767 I PhenotypeProcessReaper: Memory state is: 100
04-24 08:05:01.492 30921 32124 D TrafficStatsHelper: ifaceNames[0]:lo
04-24 08:05:01.493 30921 32124 D TrafficStatsHelper: ifaceNames[1]:p2p0
04-24 08:05:01.494 30921 32124 D TrafficStatsHelper: ifaceNames[2]:wlan0
04-24 08:05:01.495 30921 32124 D TrafficStatsHelper: ifaceNames[3]:ccmni0
04-24 08:05:01.499 30921 32124 D TrafficStatsHelper: transmitted_validWifiData.get(0) = wlan0
04-24 08:05:04.304 533 533 I thermal_repeater: select timeout
04-24 08:05:05.493 30921 32124 D TrafficStatsHelper: ifaceNames[0]:lo
04-24 08:05:05.494 30921 32124 D TrafficStatsHelper: ifaceNames[1]:p2p0
04-24 08:05:05.495 30921 32124 D TrafficStatsHelper: ifaceNames[2]:wlan0
04-24 08:05:05.496 30921 32124 D TrafficStatsHelper: ifaceNames[3]:ccmni0
04-24 08:05:05.502 30921 32124 D TrafficStatsHelper: transmitted_validWifiData.get(0) = wlan0
04-24 08:05:05.949 1049 1049 W /vendor/bin/mtkfusionrild: type=1400 audit(0.0:38919): avc: denied { read } for comm=52696C2050726F7879204D61696E20 name="u:object_r:atm_mdmode_prop:s0" dev="tmpfs" ino=11760 scontext=u:r:mtkfusionrild:s0 tcontext=u:object_r:atm_mdmode_prop:s0 tclass=file permissive=0
04-24 08:05:05.953 1049 1097 E libc : Access denied finding property "persist.atm.mdmode"
04-24 08:05:05.955 1914 1914 W SignalStrength: leon getOEMLevel networktype=3,level=3
04-24 08:05:05.956 1914 1914 W SignalStrength: leon getOEMLevel networktype=3,level=3
04-24 08:05:06.435 3787 25726 I System.out: Wrong owner. Perhaps a late disconnect
04-24 08:05:06.461 3787 27524 I System.out: Check isMmsSendPdu
04-24 08:05:06.464 3787 27524 I System.out: PDU read len:8192
04-24 08:05:06.465 3787 27524 I System.out: MMS PDU Type:123:34
04-24 08:05:06.468 3787 27524 I System.out: [OkHttp] sendRequest>>
04-24 08:05:06.469 3787 27524 I System.out: [OkHttp] sendRequest<<
04-24 08:05:07.057 30921 30921 I Choreographer: Skipped 1 frames! The application may be doing too much work on its main thread.
04-24 08:05:08.061 30921 30921 I Choreographer: Skipped 1 frames! The application may be doing too much work on its main thread.
04-24 08:05:08.392 2181 26250 I NearbyMediums: No BLE Fast/GATT advertisements found in the latest cycle.
04-24 08:05:08.394 2181 26250 I NearbyMediums: Current Tracked Scanning Clients are : {NearbyConnections.EnvironmentMonitor, NearbySharing}
04-24 08:05:09.306 533 533 I thermal_repeater: oh, queryMdThermalInfo (0)No such file or directory
04-24 08:05:09.311 1049 1097 E libc : Access denied finding property "persist.atm.mdmode"
04-24 08:05:09.305 1049 1049 W /vendor/bin/mtkfusionrild: type=1400 audit(0.0:38920): avc: denied { read } for comm=52696C2050726F7879204D61696E20 name="u:object_r:atm_mdmode_prop:s0" dev="tmpfs" ino=11760 scontext=u:r:mtkfusionrild:s0 tcontext=u:object_r:atm_mdmode_prop:s0 tclass=file permissive=0
04-24 08:05:09.327 1049 1097 E libc : Access denied finding property "persist.atm.mdmode"
04-24 08:05:09.321 1049 1049 W /vendor/bin/mtkfusionrild: type=1400 audit(0.0:38921): avc: denied { read } for comm=52696C2050726F7879204D61696E20 name="u:object_r:atm_mdmode_prop:s0" dev="tmpfs" ino=11760 scontext=u:r:mtkfusionrild:s0 tcontext=u:object_r:atm_mdmode_prop:s0 tclass=file permissive=0
04-24 08:05:09.330 533 533 I thermal_repeater: [recvMdThermalInfo] ret=32, strLen=127, 3, 35, -50, 21315, 32767, 25544
04-24 08:05:09.492 30921 32124 D TrafficStatsHelper: ifaceNames[0]:lo
04-24 08:05:09.494 30921 32124 D TrafficStatsHelper: ifaceNames[1]:p2p0
04-24 08:05:09.495 30921 32124 D TrafficStatsHelper: ifaceNames[2]:wlan0
04-24 08:05:09.496 30921 32124 D TrafficStatsHelper: ifaceNames[3]:ccmni0
04-24 08:05:09.499 30921 32124 D TrafficStatsHelper: transmitted_validWifiData.get(0) = wlan0
04-24 08:05:11.059 31174 31534 W SettingsInterface: Setting airplane_mode_on has moved from android.provider.Settings.System to android.provider.Settings.Global, returning read-only value.
04-24 08:05:11.709 1049 1049 W /vendor/bin/mtkfusionrild: type=1400 audit(0.0:38922): avc: denied { read } for comm=52696C2050726F7879204D61696E20 name="u:object_r:atm_mdmode_prop:s0" dev="tmpfs" ino=11760 scontext=u:r:mtkfusionrild:s0 tcontext=u:object_r:atm_mdmode_prop:s0 tclass=file permissive=0
04-24 08:05:11.715 1049 1097 E libc : Access denied finding property "persist.atm.mdmode"
04-24 08:05:11.717 1914 1914 W SignalStrength: leon getOEMLevel networktype=3,level=2
04-24 08:05:11.719 1914 1914 W SignalStrength: leon getOEMLevel networktype=3,level=2
04-24 08:05:13.023 3795 3795 W MDCLAN_FCH: Bypassing deoptimization check for FCIPCL failure
04-24 08:05:13.089 1490 2128 D AES : AEEIOCTL_GET/SET_SF_STATE IOCTL,cmd= 1074294797, lParam=0.
04-24 08:05:13.089 1490 2128 D AES : AEEIOCTL_RT_MON_Kick IOCTL,cmd= 2147774474, lParam=300.
04-24 08:05:13.493 30921 32124 D TrafficStatsHelper: ifaceNames[0]:lo
04-24 08:05:13.494 30921 32124 D TrafficStatsHelper: ifaceNames[1]:p2p0
04-24 08:05:13.495 30921 32124 D TrafficStatsHelper: ifaceNames[2]:wlan0
04-24 08:05:13.496 30921 32124 D TrafficStatsHelper: ifaceNames[3]:ccmni0
04-24 08:05:13.500 30921 32124 D TrafficStatsHelper: transmitted_validWifiData.get(0) = wlan0
04-24 08:05:14.079 30921 30921 I Choreographer: Skipped 1 frames! The application may be doing too much work on its main thread.
04-24 08:05:14.336 533 533 I thermal_repeater: select timeout
04-24 08:05:16.834 1049 1097 E libc : Access denied finding property "persist.atm.mdmode"
04-24 08:05:16.829 1049 1049 W /vendor/bin/mtkfusionrild: type=1400 audit(0.0:38923): avc: denied { read } for comm=52696C2050726F7879204D61696E20 name="u:object_r:atm_mdmode_prop:s0" dev="tmpfs" ino=11760 scontext=u:r:mtkfusionrild:s0 tcontext=u:object_r:atm_mdmode_prop:s0 tclass=file permissive=0
04-24 08:05:16.836 1914 1914 W SignalStrength: leon getOEMLevel networktype=3,level=2
04-24 08:05:16.837 1914 1914 W SignalStrength: leon getOEMLevel networktype=3,level=2
04-24 08:05:17.088 30921 30921 I Choreographer: Skipped 1 frames! The application may be doing too much work on its main thread.
04-24 08:05:17.493 30921 32124 D TrafficStatsHelper: ifaceNames[0]:lo
04-24 08:05:17.494 30921 32124 D TrafficStatsHelper: ifaceNames[1]:p2p0
04-24 08:05:17.495 30921 32124 D TrafficStatsHelper: ifaceNames[2]:wlan0
04-24 08:05:17.496 30921 32124 D TrafficStatsHelper: ifaceNames[3]:ccmni0
04-24 08:05:17.500 30921 32124 D TrafficStatsHelper: transmitted_validWifiData.get(0) = wlan0
04-24 08:05:18.400 2181 26250 I NearbyMediums: No BLE Fast/GATT advertisements found in the latest cycle.
04-24 08:05:18.401 2181 26250 I NearbyMediums: Current Tracked Scanning Clients are : {NearbyConnections.EnvironmentMonitor, NearbySharing}
04-24 08:05:19.338 533 533 I thermal_repeater: oh, queryMdThermalInfo (0)No such file or directory
04-24 08:05:19.337 1049 1049 W /vendor/bin/mtkfusionrild: type=1400 audit(0.0:38924): avc: denied { read } for comm=52696C2050726F7879204D61696E20 name="u:object_r:atm_mdmode_prop:s0" dev="tmpfs" ino=11760 scontext=u:r:mtkfusionrild:s0 tcontext=u:object_r:atm_mdmode_prop:s0 tclass=file permissive=0
04-24 08:05:19.342 1049 1097 E libc : Access denied finding property "persist.atm.mdmode"
04-24 08:05:19.357 1049 1097 E libc : Access denied finding property "persist.atm.mdmode"
04-24 08:05:19.353 1049 1049 W /vendor/bin/mtkfusionrild: type=1400 audit(0.0:38925): avc: denied { read } for comm=52696C2050726F7879204D61696E20 name="u:object_r:atm_mdmode_prop:s0" dev="tmpfs" ino=11760 scontext=u:r:mtkfusionrild:s0 tcontext=u:object_r:atm_mdmode_prop:s0 tclass=file permissive=0
04-24 08:05:19.358 533 533 I thermal_repeater: [recvMdThermalInfo] ret=32, strLen=127, 3, 35, -50, 21315, 32767, 25544
04-24 08:05:19.456 542 588 D : thermal_monitor main loop 2732 log_has_update = 0
