--------- beginning of main
04-24 08:01:49.169 25382 27283 I ADB_SERVICES: post waitpid (pid=27282) status=0000
04-24 08:01:49.241 1049 1049 W /vendor/bin/mtkfusionrild: type=1400 audit(0.0:38719): avc: denied { read } for comm=52696C2050726F7879204D61696E20 name="u:object_r:atm_mdmode_prop:s0" dev="tmpfs" ino=11760 scontext=u:r:mtkfusionrild:s0 tcontext=u:object_r:atm_mdmode_prop:s0 tclass=file permissive=0
04-24 08:01:49.246 1049 1097 E libc : Access denied finding property "persist.atm.mdmode"
04-24 08:01:49.249 1914 1914 W SignalStrength: leon getOEMLevel networktype=3,level=3
04-24 08:01:49.249 1914 1914 W SignalStrength: leon getOEMLevel networktype=3,level=3
04-24 08:01:49.474 30921 32124 D TrafficStatsHelper: ifaceNames[0]:lo
04-24 08:01:49.475 30921 32124 D TrafficStatsHelper: ifaceNames[1]:p2p0
04-24 08:01:49.476 30921 32124 D TrafficStatsHelper: ifaceNames[2]:wlan0
04-24 08:01:49.477 30921 32124 D TrafficStatsHelper: ifaceNames[3]:ccmni0
04-24 08:01:49.481 30921 32124 D TrafficStatsHelper: transmitted_validWifiData.get(0) = wlan0
04-24 08:01:49.514 30921 30921 I Choreographer: Skipped 1 frames! The application may be doing too much work on its main thread.
04-24 08:01:51.865 5169 5282 I Finsky : [1802] Stats for Executor: BlockingExecutor vpx@1452024[Running, pool size = 0, active threads = 0, queued tasks = 0, completed tasks = 40]
04-24 08:01:51.867 5169 5282 I Finsky : [1802] Stats for Executor: LightweightExecutor vpx@a11d78d[Running, pool size = 4, active threads = 0, queued tasks = 0, completed tasks = 277]
04-24 08:01:51.869 5169 5282 I Finsky : [1802] Stats for Executor: bgExecutor vpx@d53ed42[Running, pool size = 4, active threads = 0, queued tasks = 0, completed tasks = 362]
04-24 08:01:51.886 1049 1097 E libc : Access denied finding property "persist.atm.mdmode"
04-24 08:01:51.881 1049 1049 W /vendor/bin/mtkfusionrild: type=1400 audit(0.0:38720): avc: denied { read } for comm=52696C2050726F7879204D61696E20 name="u:object_r:atm_mdmode_prop:s0" dev="tmpfs" ino=11760 scontext=u:r:mtkfusionrild:s0 tcontext=u:object_r:atm_mdmode_prop:s0 tclass=file permissive=0
04-24 08:01:51.888 1914 1914 W SignalStrength: leon getOEMLevel networktype=3,level=3
04-24 08:01:51.889 1914 1914 W SignalStrength: leon getOEMLevel networktype=3,level=3
04-24 08:01:53.474 30921 32124 D TrafficStatsHelper: ifaceNames[0]:lo
04-24 08:01:53.475 30921 32124 D TrafficStatsHelper: ifaceNames[1]:p2p0
04-24 08:01:53.476 30921 32124 D TrafficStatsHelper: ifaceNames[2]:wlan0
04-24 08:01:53.477 30921 32124 D TrafficStatsHelper: ifaceNames[3]:ccmni0
04-24 08:01:53.480 30921 32124 D TrafficStatsHelper: transmitted_validWifiData.get(0) = wlan0
04-24 08:01:53.521 5169 5282 I Finsky : [1802] Stats for Executor: GrpcBackgroundExecutor vpx@2125153[Running, pool size = 4, active threads = 0, queued tasks = 0, completed tasks = 5]
04-24 08:01:53.733 25382 25382 I ADB_SERVICES: service_to_fd shell:export ANDROID_LOG_TAGS=""""; exec logcat
04-24 08:01:53.791 533 533 I thermal_repeater: select timeout
04-24 08:01:53.805 27286 27286 D : logcat arg logcat.
04-24 08:01:54.526 1049 1097 E libc : Access denied finding property "persist.atm.mdmode"
04-24 08:01:54.521 1049 1049 W /vendor/bin/mtkfusionrild: type=1400 audit(0.0:38721): avc: denied { read } for comm=52696C2050726F7879204D61696E20 name="u:object_r:atm_mdmode_prop:s0" dev="tmpfs" ino=11760 scontext=u:r:mtkfusionrild:s0 tcontext=u:object_r:atm_mdmode_prop:s0 tclass=file permissive=0
04-24 08:01:54.529 1914 1914 W SignalStrength: leon getOEMLevel networktype=3,level=3
04-24 08:01:54.529 1914 1914 W SignalStrength: leon getOEMLevel networktype=3,level=3
04-24 08:01:54.793 30921 30921 I Choreographer: Skipped 1 frames! The application may be doing too much work on its main thread.
04-24 08:01:56.710 1049 1097 E libc : Access denied finding property "persist.atm.mdmode"
04-24 08:01:56.705 1049 1049 W /vendor/bin/mtkfusionrild: type=1400 audit(0.0:38722): avc: denied { read } for comm=52696C2050726F7879204D61696E20 name="u:object_r:atm_mdmode_prop:s0" dev="tmpfs" ino=11760 scontext=u:r:mtkfusionrild:s0 tcontext=u:object_r:atm_mdmode_prop:s0 tclass=file permissive=0
04-24 08:01:56.719 1914 1914 D SST : [GsmSST0] pollState RadioState is RADIO_ON, currentNetworkMode= 9, mPollingContext=0, modemTriggered=true, hasPendingPollState=false
04-24 08:01:56.725 1049 1097 E libc : Access denied finding property "persist.atm.mdmode"
04-24 08:01:56.721 1049 1049 W /vendor/bin/mtkfusionrild: type=1400 audit(0.0:38723): avc: denied { read } for comm=52696C2050726F7879204D61696E20 name="u:object_r:atm_mdmode_prop:s0" dev="tmpfs" ino=11760 scontext=u:r:mtkfusionrild:s0 tcontext=u:object_r:atm_mdmode_prop:s0 tclass=file permissive=0
04-24 08:01:56.728 1049 1097 E libc : Access denied finding property "persist.atm.mdmode"
04-24 08:01:56.721 1049 1049 W /vendor/bin/mtkfusionrild: type=1400 audit(0.0:38724): avc: denied { read } for comm=52696C2050726F7879204D61696E20 name="u:object_r:atm_mdmode_prop:s0" dev="tmpfs" ino=11760 scontext=u:r:mtkfusionrild:s0 tcontext=u:object_r:atm_mdmode_prop:s0 tclass=file permissive=0
04-24 08:01:56.725 1049 1049 W /vendor/bin/mtkfusionrild: type=1400 audit(0.0:38725): avc: denied { read } for comm=52696C2050726F7879204D61696E20 name="u:object_r:atm_mdmode_prop:s0" dev="tmpfs" ino=11760 scontext=u:r:mtkfusionrild:s0 tcontext=u:object_r:atm_mdmode_prop:s0 tclass=file permissive=0
04-24 08:01:56.732 1049 1097 E libc : Access denied finding property "persist.atm.mdmode"
04-24 08:01:56.729 1049 1049 W /vendor/bin/mtkfusionrild: type=1400 audit(0.0:38726): avc: denied { read } for comm=52696C2050726F7879204D61696E20 name="u:object_r:atm_mdmode_prop:s0" dev="tmpfs" ino=11760 scontext=u:r:mtkfusionrild:s0 tcontext=u:object_r:atm_mdmode_prop:s0 tclass=file permissive=0
04-24 08:01:56.734 1049 1097 E libc : Access denied finding property "persist.atm.mdmode"
04-24 08:01:56.737 1049 1097 E libc : Access denied finding property "persist.atm.mdmode"
04-24 08:01:56.738 1049 1097 E libc : Access denied finding property "persist.atm.mdmode"
04-24 08:01:56.733 1049 1049 W /vendor/bin/mtkfusionrild: type=1400 audit(0.0:38727): avc: denied { read } for comm=52696C2050726F7879204D61696E20 name="u:object_r:atm_mdmode_prop:s0" dev="tmpfs" ino=11760 scontext=u:r:mtkfusionrild:s0 tcontext=u:object_r:atm_mdmode_prop:s0 tclass=file permissive=0
04-24 08:01:56.733 1049 1049 W /vendor/bin/mtkfusionrild: type=1400 audit(0.0:38728): avc: denied { read } for comm=52696C2050726F7879204D61696E20 name="u:object_r:atm_mdmode_prop:s0" dev="tmpfs" ino=11760 scontext=u:r:mtkfusionrild:s0 tcontext=u:object_r:atm_mdmode_prop:s0 tclass=file permissive=0
04-24 08:01:56.745 1914 1914 D SST : [GsmSST0] EVENT_POLL_STATE_OPERATOR: OperatorLong use lookFromNetwork
04-24 08:01:56.749 1914 1914 D SST : [GsmSST0] EVENT_POLL_STATE_OPERATOR: OperatorShort use lookupOperatorNameFromNetwork
04-24 08:01:56.750 1914 1914 D SST : [GsmSST0] EVENT_POLL_STATE_OPERATOR: Beeline, Beeline
04-24 08:01:56.749 1049 1049 W /vendor/bin/mtkfusionrild: type=1400 audit(0.0:38729): avc: denied { read } for comm=52696C2050726F7879204D61696E20 name="u:object_r:atm_mdmode_prop:s0" dev="tmpfs" ino=11760 scontext=u:r:mtkfusionrild:s0 tcontext=u:object_r:atm_mdmode_prop:s0 tclass=file permissive=0
04-24 08:01:56.755 1049 1097 E libc : Access denied finding property "persist.atm.mdmode"
04-24 08:01:56.753 1049 1049 W /vendor/bin/mtkfusionrild: type=1400 audit(0.0:38730): avc: denied { read } for comm=52696C2050726F7879204D61696E20 name="u:object_r:atm_mdmode_prop:s0" dev="tmpfs" ino=11760 scontext=u:r:mtkfusionrild:s0 tcontext=u:object_r:atm_mdmode_prop:s0 tclass=file permissive=0
04-24 08:01:56.756 1049 1097 E libc : Access denied finding property "persist.atm.mdmode"
04-24 08:01:56.765 1049 1049 W /vendor/bin/mtkfusionrild: type=1400 audit(0.0:38731): avc: denied { read } for comm=52696C2050726F7879204D61696E20 name="u:object_r:atm_mdmode_prop:s0" dev="tmpfs" ino=11760 scontext=u:r:mtkfusionrild:s0 tcontext=u:object_r:atm_mdmode_prop:s0 tclass=file permissive=0
04-24 08:01:56.765 1049 1049 W /vendor/bin/mtkfusionrild: type=1400 audit(0.0:38732): avc: denied { read } for comm=52696C2050726F7879204D61696E20 name="u:object_r:atm_mdmode_prop:s0" dev="tmpfs" ino=11760 scontext=u:r:mtkfusionrild:s0 tcontext=u:object_r:atm_mdmode_prop:s0 tclass=file permissive=0
04-24 08:01:56.768 1049 1097 E libc : Access denied finding property "persist.atm.mdmode"
04-24 08:01:56.769 1049 1097 E libc : Access denied finding property "persist.atm.mdmode"
04-24 08:01:56.776 1049 1097 E libc : Access denied finding property "persist.atm.mdmode"
04-24 08:01:56.773 1049 1049 W /vendor/bin/mtkfusionrild: type=1400 audit(0.0:38733): avc: denied { read } for comm=52696C2050726F7879204D61696E20 name="u:object_r:atm_mdmode_prop:s0" dev="tmpfs" ino=11760 scontext=u:r:mtkfusionrild:s0 tcontext=u:object_r:atm_mdmode_prop:s0 tclass=file permissive=0
04-24 08:01:56.776 1914 1914 D SST : [GsmSST0] EVENT_POLL_STATE_REGISTRATION mSS getRilVoiceRadioTechnology:14, regState:1, NewSS RilVoiceRadioTechnology:14, lac:826, cid:66609159
04-24 08:01:56.778 1914 1914 D SST : [GsmSST0] [states.length] = 16, regState = 1, isVoiceCapable = true, mEmergencyOnly = false
04-24 08:01:56.787 1914 1914 D SST : [GsmSST0] set roaming=false,mGsmRoaming= false,mDataRoaming= false
04-24 08:01:56.795 1914 1914 D SST : [GsmSST0] Poll ServiceState done: oldSS=[0 0 voice home data home beeline Beeline 25099 beeline Beeline 25099 LTE LTE CSS not supported 0 0 RoamInd=-1 DefRoamInd=-1 EmergOnly=false Ril Voice Regist state: 1 Ril Data Regist state: 1 mProprietaryDataRadioTechnology: 0 VoiceRejectCause: 0 DataRejectCause: -1 IsDataRoamingFromRegistration=false IsUsingCarrierAggregation=true] newSS=[0 0 voice home data home Beeline Beeline 25099 Beeline Beeline 25099 LTE LTE CSS not supported 0 0 RoamInd=-1 DefRoamInd=-1 EmergOnly=false Ril Voice Regist state: 1 Ril Data Regist state: 1 mProprietaryDataRadioTechnology: 0 VoiceRejectCause: 0 DataRejectCause: -1 IsDataRoamingFromRegistration=false IsUsingCarrierAggregation=false] oldMaxDataCalls=1 mNewMaxDataCalls=1 oldReasonDataDenied=-1 mNewReasonDataDenied=-1
04-24 08:01:56.798 1914 1914 D SST : [GsmSST0] pollStateDone,hasRegistered:false,hasDeregistered:false,hasGprsAttached:false,hasRilVoiceRadioTechnologyChanged:false,hasRilDataRadioTechnologyChanged:false,hasVoiceRegStateChanged:false,hasDataRegStateChanged:false,hasChanged:true,hasVoiceRoamingOn:false,hasVoiceRoamingOff:false,hasDataRoamingOn:false,hasDataRoamingOff:false,hasLocationChanged:false,hasLacChanged:false,sReceiveNitz:true,hasDataRoamingTypeChanged:false
04-24 08:01:56.804 1914 1914 D SST : [GsmSST0] Home PLMN, get CPHS ons
04-24 08:01:56.805 1914 1914 D SST : [GsmSST0] No matched EONS and No CPHS ONS
04-24 08:01:56.806 1914 1914 D OppoTelephonyFunction: local Language =ru local country = ru
04-24 08:01:56.807 1914 1914 E OppoTelephonyFunction: leon operatorNumic is not included in our romupdate xml file
04-24 08:01:56.809 1914 1914 E OppoTelephonyFunction: leon operatorNumic is 25099, mmcmncplmn is Beeline
04-24 08:01:56.810 1914 1914 D SST : [GsmSST0] updateSpnDisplay: languageName = Beeline
04-24 08:01:56.811 1914 1914 D SST : [GsmSST0] updateAllOpertorInfo with spn:beeline, mNeedNotify=true
04-24 08:01:56.812 1914 1914 D TelephonyManager: setTelephonyProperty: success phoneId=0 property=gsm.operator.alpha value: beeline propVal=beeline,MTS RUS
04-24 08:01:56.816 1914 1914 D SubscriptionController: getSubState()
04-24 08:01:56.831 1914 1914 D TelephonyManager: setTelephonyProperty: success phoneId=0 property=gsm.operator.numeric value: 25099 propVal=25099,25001
04-24 08:01:56.833 1914 1914 D TelephonyManager: setTelephonyProperty: success phoneId=0 property=gsm.operator.iso-country value: ru propVal=ru,ru
04-24 08:01:56.837 1914 1914 D TelephonyManager: setTelephonyProperty: success phoneId=0 property=gsm.operator.isroaming value: false propVal=false,false
04-24 08:01:56.841 1914 1914 D SST : [GsmSST0] Broadcasting ServiceState : 0 0 voice home data home beeline Beeline 25099 beeline Beeline 25099 LTE LTE CSS not supported 0 0 RoamInd=-1 DefRoamInd=-1 EmergOnly=false Ril Voice Regist state: 1 Ril Data Regist state: 1 mProprietaryDataRadioTechnology: 0 VoiceRejectCause: 0 DataRejectCause: -1 IsDataRoamingFromRegistration=false IsUsingCarrierAggregation=false
04-24 08:01:56.844 1914 1914 D DefaultPhoneNotifier: nofityServiceState: mRegistry=com.android.internal.telephony.ITelephonyRegistry$Stub$Proxy@74061ab ss=0 0 voice home data home beeline Beeline 25099 beeline Beeline 25099 LTE LTE CSS not supported 0 0 RoamInd=-1 DefRoamInd=-1 EmergOnly=false Ril Voice Regist state: 1 Ril Data Regist state: 1 mProprietaryDataRadioTechnology: 0 VoiceRejectCause: 0 DataRejectCause: -1 IsDataRoamingFromRegistration=false IsUsingCarrierAggregation=false sender=Handler (com.android.internal.telephony.GsmCdmaPhone) {625ca47} phondId=0 subId=1
04-24 08:01:56.851 2225 2225 D MWIS : [MwiSvc] handleMessage: EVENT_NOTIFY_SERVICE_STATE_CHANGE = { when=0 what=4 arg1=1 obj=0 0 voice home data home beeline Beeline 25099 beeline Beeline 25099 LTE LTE CSS not supported 0 0 RoamInd=-1 DefRoamInd=-1 EmergOnly=false Ril Voice Regist state: 1 Ril Data Regist state: 1 mProprietaryDataRadioTechnology: 0 VoiceRejectCause: 0 DataRejectCause: -1 IsDataRoamingFromRegistration=false IsUsingCarrierAggregation=false target=com.mediatek.wfo.impl.MwiService$2 obj=0 0 voice home data home beeline Beeline 25099 beeline Beeline 25099 LTE LTE CSS not supported 0 0 RoamInd=-1 DefRoamInd=-1 EmergOnly=false Ril Voice Regist state: 1 Ril Data Regist state: 1 mProprietaryDataRadioTechnology: 0 VoiceRejectCause: 0 DataRejectCause: -1 IsDataRoamingFromRegistration=false IsUsingCarrierAggregation=false }
04-24 08:01:56.853 2225 2225 D MWIS : [MwiSvc] updateServiceState VoiceRegState is 0, simId=0
04-24 08:01:56.854 2225 2225 D MWIS : [MwiSvc] notifyMdServiceState simIdx: 0 getVoiceRegState: 0 getDataRegState: 0 getVoiceRoamingType: 0 getDataRoamingType: 0 getRilVoiceRegState: 1 getRilDataRegState:1
04-24 08:01:56.855 2225 2225 D MWISRILA: Set service state: 0, 0, 0, 0, 1, 1
04-24 08:01:56.856 2225 2225 D MWISRILA: [3739]> RIL_REQUEST_SET_SERVICE_STATE 0 0 voice home data home beeline Beeline 25099 beeline Beeline 25099 LTE LTE CSS not supported 0 0 RoamInd=-1 DefRoamInd=-1 EmergOnly=false Ril Voice Regist state: 1 Ril Data Regist state: 1 mProprietaryDataRadioTechnology: 0 VoiceRejectCause: 0 DataRejectCause: -1 IsDataRoamingFromRegistration=false IsUsingCarrierAggregation=false [SUB0]
04-24 08:01:56.860 19918 19967 I Kgd.AsyncKeyguardUpdateMonitor: handleCarrierInfoUpdate: sim info mSimSlot =0, mPlmn Нет сети, mIsSimInserted = true
04-24 08:01:56.861 1049 1049 W /vendor/bin/mtkfusionrild: type=1400 audit(0.0:38734): avc: denied { read } for comm=52696C2050726F7879204D61696E20 name="u:object_r:atm_mdmode_prop:s0" dev="tmpfs" ino=11760 scontext=u:r:mtkfusionrild:s0 tcontext=u:object_r:atm_mdmode_prop:s0 tclass=file permissive=0
04-24 08:01:56.866 1049 1097 E libc : Access denied finding property "persist.atm.mdmode"
04-24 08:01:56.869 1049 1049 W /vendor/bin/mtkfusionrild: type=1400 audit(0.0:38735): avc: denied { read } for comm=52696C2050726F7879204D61696E20 name="u:object_r:atm_mdmode_prop:s0" dev="tmpfs" ino=11760 scontext=u:r:mtkfusionrild:s0 tcontext=u:object_r:atm_mdmode_prop:s0 tclass=file permissive=0
04-24 08:01:56.874 1049 1097 E libc : Access denied finding property "persist.atm.mdmode"
04-24 08:01:56.875 1049 1097 E libc : Access denied finding property "persist.atm.mdmode"
04-24 08:01:56.876 2225 2556 D MWISRILA: [3739]< RIL_REQUEST_SET_SERVICE_STATE {} [SUB0]
04-24 08:01:56.869 1049 1049 W /vendor/bin/mtkfusionrild: type=1400 audit(0.0:38736): avc: denied { read } for comm=52696C2050726F7879204D61696E20 name="u:object_r:atm_mdmode_prop:s0" dev="tmpfs" ino=11760 scontext=u:r:mtkfusionrild:s0 tcontext=u:object_r:atm_mdmode_prop:s0 tclass=file permissive=0
04-24 08:01:56.883 1914 1914 D CdmaVolteServiceChecker: onReceive, action = android.intent.action.SERVICE_STATE
04-24 08:01:56.884 1914 1914 D CdmaVolteServiceChecker: updateState, checking = false
04-24 08:01:56.885 1914 1914 D CdmaVolteServiceChecker: getMainCapabilitySubId = 1
04-24 08:01:57.116 30921 30921 I Choreographer: Skipped 1 frames! The application may be doing too much work on its main thread.
04-24 08:01:57.474 30921 32124 D TrafficStatsHelper: ifaceNames[0]:lo
04-24 08:01:57.475 30921 32124 D TrafficStatsHelper: ifaceNames[1]:p2p0
04-24 08:01:57.476 30921 32124 D TrafficStatsHelper: ifaceNames[2]:wlan0
04-24 08:01:57.477 30921 32124 D TrafficStatsHelper: ifaceNames[3]:ccmni0
04-24 08:01:57.481 30921 32124 D TrafficStatsHelper: transmitted_validWifiData.get(0) = wlan0
04-24 08:01:57.585 30921 30921 I Choreographer: Skipped 1 frames! The application may be doing too much work on its main thread.
04-24 08:01:57.789 1049 1049 W /vendor/bin/mtkfusionrild: type=1400 audit(0.0:38737): avc: denied { read } for comm=52696C2050726F7879204D61696E20 name="u:object_r:atm_mdmode_prop:s0" dev="tmpfs" ino=11760 scontext=u:r:mtkfusionrild:s0 tcontext=u:object_r:atm_mdmode_prop:s0 tclass=file permissive=0
04-24 08:01:57.793 1049 1097 E libc : Access denied finding property "persist.atm.mdmode"
04-24 08:01:57.795 1914 1914 W SignalStrength: leon getOEMLevel networktype=3,level=2
04-24 08:01:57.796 1914 1914 W SignalStrength: leon getOEMLevel networktype=3,level=2
04-24 08:01:57.802 31174 31534 W SettingsInterface: Setting airplane_mode_on has moved from android.provider.Settings.System to android.provider.Settings.Global, returning read-only value.
04-24 08:01:58.246 2181 26250 I NearbyMediums: No BLE Fast/GATT advertisements found in the latest cycle.
04-24 08:01:58.248 2181 26250 I NearbyMediums: Current Tracked Scanning Clients are : {NearbyConnections.EnvironmentMonitor, NearbySharing}
04-24 08:01:58.793 533 533 I thermal_repeater: oh, queryMdThermalInfo (0)No such file or directory
04-24 08:01:58.797 1049 1097 E libc : Access denied finding property "persist.atm.mdmode"
04-24 08:01:58.793 1049 1049 W /vendor/bin/mtkfusionrild: type=1400 audit(0.0:38738): avc: denied { read } for comm=52696C2050726F7879204D61696E20 name="u:object_r:atm_mdmode_prop:s0" dev="tmpfs" ino=11760 scontext=u:r:mtkfusionrild:s0 tcontext=u:object_r:atm_mdmode_prop:s0 tclass=file permissive=0
04-24 08:01:58.812 1049 1097 E libc : Access denied finding property "persist.atm.mdmode"
04-24 08:01:58.809 1049 1049 W /vendor/bin/mtkfusionrild: type=1400 audit(0.0:38739): avc: denied { read } for comm=52696C2050726F7879204D61696E20 name="u:object_r:atm_mdmode_prop:s0" dev="tmpfs" ino=11760 scontext=u:r:mtkfusionrild:s0 tcontext=u:object_r:atm_mdmode_prop:s0 tclass=file permissive=0
04-24 08:01:58.813 533 533 I thermal_repeater: [recvMdThermalInfo] ret=32, strLen=127, 3, 37, -50, 14642, 32767, 25544
04-24 08:01:59.400 542 588 D : thermal_monitor main loop 2722 log_has_update = 0
04-24 08:01:59.405 542 588 D : upthreshold 0, downthreshold 0
04-24 08:01:59.914 1049 1097 E libc : Access denied finding property "persist.atm.mdmode"
04-24 08:01:59.909 1049 1049 W /vendor/bin/mtkfusionrild: type=1400 audit(0.0:38740): avc: denied { read } for comm=52696C2050726F7879204D61696E20 name="u:object_r:atm_mdmode_prop:s0" dev="tmpfs" ino=11760 scontext=u:r:mtkfusionrild:s0 tcontext=u:object_r:atm_mdmode_prop:s0 tclass=file permissive=0
04-24 08:01:59.916 1914 1914 W SignalStrength: leon getOEMLevel networktype=1,level=3
04-24 08:01:59.917 1914 1914 W SignalStrength: leon getOEMLevel networktype=0,level=0
04-24 08:02:00.007 30921 30921 D PhoneStatusBar: recevie time tick broadcast
04-24 08:02:00.090 30921 30921 I Choreographer: Skipped 3 frames! The application may be doing too much work on its main thread.
04-24 08:02:00.144 30921 30921 I Choreographer: Skipped 2 frames! The application may be doing too much work on its main thread.
04-24 08:02:00.191 30921 30921 I Choreographer: Skipped 2 frames! The application may be doing too much work on its main thread.
04-24 08:02:01.410 1049 1097 E libc : Access denied finding property "persist.atm.mdmode"
04-24 08:02:01.405 1049 1049 W /vendor/bin/mtkfusionrild: type=1400 audit(0.0:38741): avc: denied { read } for comm=52696C2050726F7879204D61696E20 name="u:object_r:atm_mdmode_prop:s0" dev="tmpfs" ino=11760 scontext=u:r:mtkfusionrild:s0 tcontext=u:object_r:atm_mdmode_prop:s0 tclass=file permissive=0
04-24 08:02:01.405 1049 1049 W /vendor/bin/mtkfusionrild: type=1400 audit(0.0:38742): avc: denied { read } for comm=52696C2050726F7879204D61696E20 name="u:object_r:atm_mdmode_prop:s0" dev="tmpfs" ino=11760 scontext=u:r:mtkfusionrild:s0 tcontext=u:object_r:atm_mdmode_prop:s0 tclass=file permissive=0
04-24 08:02:01.414 1049 1097 E libc : Access denied finding property "persist.atm.mdmode"
04-24 08:02:01.417 1914 1914 D SST : [GsmSST0] onNetworkStateChangeResult state:1 lac:826 cid:66609160 Act:14 cause:0
04-24 08:02:01.419 1049 1097 E libc : Access denied finding property "persist.atm.mdmode"
04-24 08:02:01.413 1049 1049 W /vendor/bin/mtkfusionrild: type=1400 audit(0.0:38743): avc: denied { read } for comm=52696C2050726F7879204D61696E20 name="u:object_r:atm_mdmode_prop:s0" dev="tmpfs" ino=11760 scontext=u:r:mtkfusionrild:s0 tcontext=u:object_r:atm_mdmode_prop:s0 tclass=file permissive=0
04-24 08:02:01.417 1049 1049 W /vendor/bin/mtkfusionrild: type=1400 audit(0.0:38744): avc: denied { read } for comm=52696C2050726F7879204D61696E20 name="u:object_r:atm_mdmode_prop:s0" dev="tmpfs" ino=11760 scontext=u:r:mtkfusionrild:s0 tcontext=u:object_r:atm_mdmode_prop:s0 tclass=file permissive=0
04-24 08:02:01.423 1049 1097 E libc : Access denied finding property "persist.atm.mdmode"
04-24 08:02:01.424 1914 1914 D SST : [GsmSST0] pollState RadioState is RADIO_ON, currentNetworkMode= 9, mPollingContext=0, modemTriggered=true, hasPendingPollState=false
04-24 08:02:01.425 1049 1097 E libc : Access denied finding property "persist.atm.mdmode"
04-24 08:02:01.428 2225 2556 D MWISRILA: [UNSL]< CELLULAR_DATA_REG_STATE {1} [SUB0]
04-24 08:02:01.429 2225 2225 D MWIS : [MwiSvc] handleMessage: EVENT_PHONE0_CELLULAR_DATA_REG_STATE_CHANGED = { when=0 what=0 obj=android.os.AsyncResult@60b83aa target=com.mediatek.wfo.impl.MwiService$2 obj=android.os.AsyncResult@60b83aa }
04-24 08:02:01.421 1049 1049 W /vendor/bin/mtkfusionrild: type=1400 audit(0.0:38745): avc: denied { read } for comm=52696C2050726F7879204D61696E20 name="u:object_r:atm_mdmode_prop:s0" dev="tmpfs" ino=11760 scontext=u:r:mtkfusionrild:s0 tcontext=u:object_r:atm_mdmode_prop:s0 tclass=file permissive=0
04-24 08:02:01.432 1914 5909 D PhoneInterfaceManagerEx: [PhoneIntfMgrEx] getSubIdBySlot, simId 0subId 1
04-24 08:02:01.433 1049 1049 W /vendor/bin/mtkfusionrild: type=1400 audit(0.0:38746): avc: denied { read } for comm=52696C2050726F7879204D61696E20 name="u:object_r:atm_mdmode_prop:s0" dev="tmpfs" ino=11760 scontext=u:r:mtkfusionrild:s0 tcontext=u:object_r:atm_mdmode_prop:s0 tclass=file permissive=0
04-24 08:02:01.436 1049 1097 E libc : Access denied finding property "persist.atm.mdmode"
04-24 08:02:01.439 2225 2225 D MWIS : [MwiSvc] getDataRegState:0,newUrcState:0,info[0]:1
04-24 08:02:01.440 2225 2225 D MWIS : [MwiSvc] onCellularDataRegStateChanged VoiceRegState is 0, phoneId=0
04-24 08:02:01.437 1049 1049 W /vendor/bin/mtkfusionrild: type=1400 audit(0.0:38747): avc: denied { read } for comm=52696C2050726F7879204D61696E20 name="u:object_r:atm_mdmode_prop:s0" dev="tmpfs" ino=11760 scontext=u:r:mtkfusionrild:s0 tcontext=u:object_r:atm_mdmode_prop:s0 tclass=file permissive=0
04-24 08:02:01.437 1049 1049 W /vendor/bin/mtkfusionrild: type=1400 audit(0.0:38748): avc: denied { read } for comm=52696C2050726F7879204D61696E20 name="u:object_r:atm_mdmode_prop:s0" dev="tmpfs" ino=11760 scontext=u:r:mtkfusionrild:s0 tcontext=u:object_r:atm_mdmode_prop:s0 tclass=file permissive=0
04-24 08:02:01.441 1049 1049 W /vendor/bin/mtkfusionrild: type=1400 audit(0.0:38749): avc: denied { read } for comm=52696C2050726F7879204D61696E20 name="u:object_r:atm_mdmode_prop:s0" dev="tmpfs" ino=11760 scontext=u:r:mtkfusionrild:s0 tcontext=u:object_r:atm_mdmode_prop:s0 tclass=file permissive=0
04-24 08:02:01.445 1049 1049 W /vendor/bin/mtkfusionrild: type=1400 audit(0.0:38750): avc: denied { read } for comm=52696C2050726F7879204D61696E20 name="u:object_r:atm_mdmode_prop:s0" dev="tmpfs" ino=11760 scontext=u:r:mtkfusionrild:s0 tcontext=u:object_r:atm_mdmode_prop:s0 tclass=file permissive=0
04-24 08:02:01.441 1049 1097 E libc : Access denied finding property "persist.atm.mdmode"
04-24 08:02:01.444 1049 1097 E libc : Access denied finding property "persist.atm.mdmode"
04-24 08:02:01.444 2225 2225 D MWIS : [MwiSvc] MCC/MNC = 25099
04-24 08:02:01.448 1049 1097 E libc : Access denied finding property "persist.atm.mdmode"
04-24 08:02:01.448 1914 1914 D SST : [GsmSST0] onPsNetworkStateChangeResult, mPsRegState:1,new:0,result:1
04-24 08:02:01.449 1049 1097 E libc : Access denied finding property "persist.atm.mdmode"
04-24 08:02:01.450 1049 1097 E libc : Access denied finding property "persist.atm.mdmode"
04-24 08:02:01.445 1049 1049 W /vendor/bin/mtkfusionrild: type=1400 audit(0.0:38751): avc: denied { read } for comm=52696C2050726F7879204D61696E20 name="u:object_r:atm_mdmode_prop:s0" dev="tmpfs" ino=11760 scontext=u:r:mtkfusionrild:s0 tcontext=u:object_r:atm_mdmode_prop:s0 tclass=file permissive=0
04-24 08:02:01.454 1914 2474 D PhoneInterfaceManagerEx: [PhoneIntfMgrEx] getSubIdBySlot, simId 0subId 1
04-24 08:02:01.454 1914 1914 D SST : [GsmSST0] pollState RadioState is RADIO_ON, currentNetworkMode= 9, mPollingContext=4, modemTriggered=true, hasPendingPollState=false
04-24 08:02:01.455 1914 1933 D PhoneInterfaceManagerEx: [PhoneIntfMgrEx] getIccCardType subId=1
04-24 08:02:01.459 1914 1914 D SST : [GsmSST0] EVENT_POLL_STATE_OPERATOR: OperatorLong use lookFromNetwork
04-24 08:02:01.457 1049 1049 W /vendor/bin/mtkfusionrild: type=1400 audit(0.0:38752): avc: denied { read } for comm=52696C2050726F7879204D61696E20 name="u:object_r:atm_mdmode_prop:s0" dev="tmpfs" ino=11760 scontext=u:r:mtkfusionrild:s0 tcontext=u:object_r:atm_mdmode_prop:s0 tclass=file permissive=0
04-24 08:02:01.460 1049 1097 E libc : Access denied finding property "persist.atm.mdmode"
04-24 08:02:01.457 1049 1049 W /vendor/bin/mtkfusionrild: type=1400 audit(0.0:38753): avc: denied { read } for comm=52696C2050726F7879204D61696E20 name="u:object_r:atm_mdmode_prop:s0" dev="tmpfs" ino=11760 scontext=u:r:mtkfusionrild:s0 tcontext=u:object_r:atm_mdmode_prop:s0 tclass=file permissive=0
04-24 08:02:01.462 1049 1097 E libc : Access denied finding property "persist.atm.mdmode"
04-24 08:02:01.464 1914 1914 D SST : [GsmSST0] EVENT_POLL_STATE_OPERATOR: OperatorShort use lookupOperatorNameFromNetwork
04-24 08:02:01.465 1914 1914 D SST : [GsmSST0] EVENT_POLL_STATE_OPERATOR: Beeline, Beeline
04-24 08:02:01.468 2225 2225 D MWIS : [MwiSvc] MCC/MNC = 25099
04-24 08:02:01.469 1049 1097 E libc : Access denied finding property "persist.atm.mdmode"
04-24 08:02:01.470 1049 1097 E libc : Access denied finding property "persist.atm.mdmode"
04-24 08:02:01.465 1049 1049 W /vendor/bin/mtkfusionrild: type=1400 audit(0.0:38754): avc: denied { read } for comm=52696C2050726F7879204D61696E20 name="u:object_r:atm_mdmode_prop:s0" dev="tmpfs" ino=11760 scontext=u:r:mtkfusionrild:s0 tcontext=u:object_r:atm_mdmode_prop:s0 tclass=file permissive=0
04-24 08:02:01.465 1049 1049 W /vendor/bin/mtkfusionrild: type=1400 audit(0.0:38755): avc: denied { read } for comm=52696C2050726F7879204D61696E20 name="u:object_r:atm_mdmode_prop:s0" dev="tmpfs" ino=11760 scontext=u:r:mtkfusionrild:s0 tcontext=u:object_r:atm_mdmode_prop:s0 tclass=file permissive=0
04-24 08:02:01.473 1914 1914 D SST : [GsmSST0] EVENT_POLL_STATE_REGISTRATION mSS getRilVoiceRadioTechnology:14, regState:1, NewSS RilVoiceRadioTechnology:14, lac:826, cid:66609160
04-24 08:02:01.474 30921 32124 D TrafficStatsHelper: ifaceNames[0]:lo
04-24 08:02:01.474 30921 32124 D TrafficStatsHelper: ifaceNames[1]:p2p0
04-24 08:02:01.475 1914 2655 D PhoneInterfaceManagerEx: [PhoneIntfMgrEx] getSubIdBySlot, simId 0subId 1
04-24 08:02:01.475 30921 32124 D TrafficStatsHelper: ifaceNames[2]:wlan0
04-24 08:02:01.476 1914 5993 D PhoneInterfaceManagerEx: [PhoneIntfMgrEx] getIccCardType subId=1
04-24 08:02:01.476 1914 1914 D SST : [GsmSST0] [states.length] = 16, regState = 1, isVoiceCapable = true, mEmergencyOnly = false
04-24 08:02:01.478 30921 32124 D TrafficStatsHelper: ifaceNames[3]:ccmni0
04-24 08:02:01.477 1049 1049 W /vendor/bin/mtkfusionrild: type=1400 audit(0.0:38756): avc: denied { read } for comm=52696C2050726F7879204D61696E20 name="u:object_r:atm_mdmode_prop:s0" dev="tmpfs" ino=11760 scontext=u:r:mtkfusionrild:s0 tcontext=u:object_r:atm_mdmode_prop:s0 tclass=file permissive=0
04-24 08:02:01.480 1049 1097 E libc : Access denied finding property "persist.atm.mdmode"
04-24 08:02:01.481 30921 32124 D TrafficStatsHelper: transmitted_validWifiData.get(0) = wlan0
04-24 08:02:01.482 1914 1914 D SST : [GsmSST0] set roaming=false,mGsmRoaming= false,mDataRoaming= false
04-24 08:02:01.485 2225 2225 D MWIS : [MwiSvc] MCC/MNC = 25099
04-24 08:02:01.487 1914 1930 D PhoneInterfaceManagerEx: [PhoneIntfMgrEx] getSubIdBySlot, simId 0subId 1
04-24 08:02:01.488 1914 1914 D SST : [GsmSST0] Poll ServiceState done: oldSS=[0 0 voice home data home beeline Beeline 25099 beeline Beeline 25099 LTE LTE CSS not supported 0 0 RoamInd=-1 DefRoamInd=-1 EmergOnly=false Ril Voice Regist state: 1 Ril Data Regist state: 1 mProprietaryDataRadioTechnology: 0 VoiceRejectCause: 0 DataRejectCause: -1 IsDataRoamingFromRegistration=false IsUsingCarrierAggregation=false] newSS=[0 0 voice home data home Beeline Beeline 25099 Beeline Beeline 25099 LTE LTE CSS not supported 0 0 RoamInd=-1 DefRoamInd=-1 EmergOnly=false Ril Voice Regist state: 1 Ril Data Regist state: 1 mProprietaryDataRadioTechnology: 0 VoiceRejectCause: 0 DataRejectCause: -1 IsDataRoamingFromRegistration=false IsUsingCarrierAggregation=false] oldMaxDataCalls=1 mNewMaxDataCalls=1 oldReasonDataDenied=-1 mNewReasonDataDenied=-1
04-24 08:02:01.489 1914 2474 D PhoneInterfaceManagerEx: [PhoneIntfMgrEx] getIccCardType subId=1
04-24 08:02:01.491 2225 2225 D MWIS : [MwiSvc] MCC/MNC = 25099
04-24 08:02:01.491 1914 1914 D SST : [GsmSST0] pollStateDone,hasRegistered:false,hasDeregistered:false,hasGprsAttached:false,hasRilVoiceRadioTechnologyChanged:false,hasRilDataRadioTechnologyChanged:false,hasVoiceRegStateChanged:false,hasDataRegStateChanged:false,hasChanged:true,hasVoiceRoamingOn:false,hasVoiceRoamingOff:false,hasDataRoamingOn:false,hasDataRoamingOff:false,hasLocationChanged:true,hasLacChanged:false,sReceiveNitz:true,hasDataRoamingTypeChanged:false
04-24 08:02:01.493 1914 5982 D PhoneInterfaceManagerEx: [PhoneIntfMgrEx] getSubIdBySlot, simId 0subId 1
04-24 08:02:01.494 1914 2532 D PhoneInterfaceManagerEx: [PhoneIntfMgrEx] getIccCardType subId=1
04-24 08:02:01.496 1914 1914 D SST : [GsmSST0] Home PLMN, get CPHS ons
04-24 08:02:01.496 1914 1914 D SST : [GsmSST0] No matched EONS and No CPHS ONS
04-24 08:02:01.497 1914 1914 D OppoTelephonyFunction: local Language =ru local country = ru
04-24 08:02:01.497 2225 2225 D MWIS : [MwiSvc] MCC/MNC = 25099
04-24 08:02:01.498 1914 1914 E OppoTelephonyFunction: leon operatorNumic is not included in our romupdate xml file
04-24 08:02:01.500 1914 5993 D PhoneInterfaceManagerEx: [PhoneIntfMgrEx] getSubIdBySlot, simId 0subId 1
04-24 08:02:01.500 1914 1914 E OppoTelephonyFunction: leon operatorNumic is 25099, mmcmncplmn is Beeline
04-24 08:02:01.501 1914 1914 D SST : [GsmSST0] updateSpnDisplay: languageName = Beeline
04-24 08:02:01.501 1914 5909 D PhoneInterfaceManagerEx: [PhoneIntfMgrEx] getIccCardType subId=1
04-24 08:02:01.502 1914 1914 D SST : [GsmSST0] updateAllOpertorInfo with spn:beeline, mNeedNotify=true
04-24 08:02:01.502 2225 2225 D MWIS : [MwiSvc] set roaming=false,voiceRegRoaming= false,DataRegRoaming= false
04-24 08:02:01.503 1914 1914 D TelephonyManager: setTelephonyProperty: success phoneId=0 property=gsm.operator.alpha value: beeline propVal=beeline,MTS RUS
04-24 08:02:01.506 1914 2540 D PhoneInterfaceManagerEx: [PhoneIntfMgrEx] getSubIdBySlot, simId 0subId 1
04-24 08:02:01.506 1914 1914 D SubscriptionController: getSubState()
04-24 08:02:01.508 1914 1930 D PhoneInterfaceManagerEx: [PhoneIntfMgrEx] getIccCardType subId=1
04-24 08:02:01.510 2225 2225 D MWIS : [MwiSvc] MCC/MNC = 25099
04-24 08:02:01.514 1914 1933 D PhoneInterfaceManagerEx: [PhoneIntfMgrEx] getSubIdBySlot, simId 0subId 1
04-24 08:02:01.522 2225 2225 D MWIS : [MwiSvc] onCellularDataRegStateChanged, hasChanged:false
04-24 08:02:01.522 1914 1914 D TelephonyManager: setTelephonyProperty: success phoneId=0 property=gsm.operator.numeric value: 25099 propVal=25099,25001
04-24 08:02:01.524 1914 1914 D TelephonyManager: setTelephonyProperty: success phoneId=0 property=gsm.operator.iso-country value: ru propVal=ru,ru
04-24 08:02:01.526 1914 1914 D TelephonyManager: setTelephonyProperty: success phoneId=0 property=gsm.operator.isroaming value: false propVal=false,false
04-24 08:02:01.530 1914 1914 D SST : [GsmSST0] Broadcasting ServiceState : 0 0 voice home data home beeline Beeline 25099 beeline Beeline 25099 LTE LTE CSS not supported 0 0 RoamInd=-1 DefRoamInd=-1 EmergOnly=false Ril Voice Regist state: 1 Ril Data Regist state: 1 mProprietaryDataRadioTechnology: 0 VoiceRejectCause: 0 DataRejectCause: -1 IsDataRoamingFromRegistration=false IsUsingCarrierAggregation=false
04-24 08:02:01.531 1914 1914 D DefaultPhoneNotifier: nofityServiceState: mRegistry=com.android.internal.telephony.ITelephonyRegistry$Stub$Proxy@74061ab ss=0 0 voice home data home beeline Beeline 25099 beeline Beeline 25099 LTE LTE CSS not supported 0 0 RoamInd=-1 DefRoamInd=-1 EmergOnly=false Ril Voice Regist state: 1 Ril Data Regist state: 1 mProprietaryDataRadioTechnology: 0 VoiceRejectCause: 0 DataRejectCause: -1 IsDataRoamingFromRegistration=false IsUsingCarrierAggregation=false sender=Handler (com.android.internal.telephony.GsmCdmaPhone) {625ca47} phondId=0 subId=1
04-24 08:02:01.538 2225 2225 D MWIS : [MwiSvc] handleMessage: EVENT_NOTIFY_SERVICE_STATE_CHANGE = { when=0 what=4 arg1=1 obj=0 0 voice home data home beeline Beeline 25099 beeline Beeline 25099 LTE LTE CSS not supported 0 0 RoamInd=-1 DefRoamInd=-1 EmergOnly=false Ril Voice Regist state: 1 Ril Data Regist state: 1 mProprietaryDataRadioTechnology: 0 VoiceRejectCause: 0 DataRejectCause: -1 IsDataRoamingFromRegistration=false IsUsingCarrierAggregation=false target=com.mediatek.wfo.impl.MwiService$2 obj=0 0 voice home data home beeline Beeline 25099 beeline Beeline 25099 LTE LTE CSS not supported 0 0 RoamInd=-1 DefRoamInd=-1 EmergOnly=false Ril Voice Regist state: 1 Ril Data Regist state: 1 mProprietaryDataRadioTechnology: 0 VoiceRejectCause: 0 DataRejectCause: -1 IsDataRoamingFromRegistration=false IsUsingCarrierAggregation=false }
04-24 08:02:01.540 2225 2225 D MWIS : [MwiSvc] updateServiceState VoiceRegState is 0, simId=0
04-24 08:02:01.555 1914 1914 D GsmCellLocation: fillInNotifierBundle:Bundle[{cid=66609160, lac=826, psc=-1, type=1}]
04-24 08:02:01.565 1914 1914 D SST : [GsmSST0] pollState RadioState is RADIO_ON, currentNetworkMode= 9, mPollingContext=0, modemTriggered=false, hasPendingPollState=false
04-24 08:02:01.566 31174 31208 D CellLocation: phoneType=1
04-24 08:02:01.566 31174 31208 E CellLocation: create GsmCellLocation
04-24 08:02:01.570 1049 1097 E libc : Access denied finding property "persist.atm.mdmode"
04-24 08:02:01.565 1049 1049 W /vendor/bin/mtkfusionrild: type=1400 audit(0.0:38757): avc: denied { read } for comm=52696C2050726F7879204D61696E20 name="u:object_r:atm_mdmode_prop:s0" dev="tmpfs" ino=11760 scontext=u:r:mtkfusionrild:s0 tcontext=u:object_r:atm_mdmode_prop:s0 tclass=file permissive=0
04-24 08:02:01.569 1049 1049 W /vendor/bin/mtkfusionrild: type=1400 audit(0.0:38758): avc: denied { read } for comm=52696C2050726F7879204D61696E20 name="u:object_r:atm_mdmode_prop:s0" dev="tmpfs" ino=11760 scontext=u:r:mtkfusionrild:s0 tcontext=u:object_r:atm_mdmode_prop:s0 tclass=file permissive=0
04-24 08:02:01.572 1049 1097 E libc : Access denied finding property "persist.atm.mdmode"
04-24 08:02:01.569 1049 1049 W /vendor/bin/mtkfusionrild: type=1400 audit(0.0:38759): avc: denied { read } for comm=52696C2050726F7879204D61696E20 name="u:object_r:atm_mdmode_prop:s0" dev="tmpfs" ino=11760 scontext=u:r:mtkfusionrild:s0 tcontext=u:object_r:atm_mdmode_prop:s0 tclass=file permissive=0
04-24 08:02:01.573 1049 1097 E libc : Access denied finding property "persist.atm.mdmode"
04-24 08:02:01.569 1049 1049 W /vendor/bin/mtkfusionrild: type=1400 audit(0.0:38760): avc: denied { read } for comm=52696C2050726F7879204D61696E20 name="u:object_r:atm_mdmode_prop:s0" dev="tmpfs" ino=11760 scontext=u:r:mtkfusionrild:s0 tcontext=u:object_r:atm_mdmode_prop:s0 tclass=file permissive=0
04-24 08:02:01.574 1049 1097 E libc : Access denied finding property "persist.atm.mdmode"
04-24 08:02:01.577 1914 1914 D CdmaVolteServiceChecker: onReceive, action = android.intent.action.SERVICE_STATE
04-24 08:02:01.578 1914 1914 D CdmaVolteServiceChecker: updateState, checking = false
04-24 08:02:01.579 1914 1914 D CdmaVolteServiceChecker: getMainCapabilitySubId = 1
04-24 08:02:01.582 1049 1097 E libc : Access denied finding property "persist.atm.mdmode"
04-24 08:02:01.577 1049 1049 W /vendor/bin/mtkfusionrild: type=1400 audit(0.0:38761): avc: denied { read } for comm=52696C2050726F7879204D61696E20 name="u:object_r:atm_mdmode_prop:s0" dev="tmpfs" ino=11760 scontext=u:r:mtkfusionrild:s0 tcontext=u:object_r:atm_mdmode_prop:s0 tclass=file permissive=0
04-24 08:02:01.577 1049 1049 W /vendor/bin/mtkfusionrild: type=1400 audit(0.0:38762): avc: denied { read } for comm=52696C2050726F7879204D61696E20 name="u:object_r:atm_mdmode_prop:s0" dev="tmpfs" ino=11760 scontext=u:r:mtkfusionrild:s0 tcontext=u:object_r:atm_mdmode_prop:s0 tclass=file permissive=0
04-24 08:02:01.582 1049 1097 E libc : Access denied finding property "persist.atm.mdmode"
04-24 08:02:01.586 1914 1914 D SST : [GsmSST0] EVENT_POLL_STATE_OPERATOR: OperatorLong use lookFromNetwork
04-24 08:02:01.588 1914 1914 D SST : [GsmSST0] EVENT_POLL_STATE_OPERATOR: OperatorShort use lookupOperatorNameFromNetwork
04-24 08:02:01.588 1914 1914 D SST : [GsmSST0] EVENT_POLL_STATE_OPERATOR: Beeline, Beeline
04-24 08:02:01.599 1049 1097 E libc : Access denied finding property "persist.atm.mdmode"
04-24 08:02:01.593 1049 1049 W /vendor/bin/mtkfusionrild: type=1400 audit(0.0:38763): avc: denied { read } for comm=52696C2050726F7879204D61696E20 name="u:object_r:atm_mdmode_prop:s0" dev="tmpfs" ino=11760 scontext=u:r:mtkfusionrild:s0 tcontext=u:object_r:atm_mdmode_prop:s0 tclass=file permissive=0
04-24 08:02:01.600 1049 1097 E libc : Access denied finding property "persist.atm.mdmode"
04-24 08:02:01.597 1049 1049 W /vendor/bin/mtkfusionrild: type=1400 audit(0.0:38764): avc: denied { read } for comm=52696C2050726F7879204D61696E20 name="u:object_r:atm_mdmode_prop:s0" dev="tmpfs" ino=11760 scontext=u:r:mtkfusionrild:s0 tcontext=u:object_r:atm_mdmode_prop:s0 tclass=file permissive=0
04-24 08:02:01.613 1049 1049 W /vendor/bin/mtkfusionrild: type=1400 audit(0.0:38765): avc: denied { read } for comm=52696C2050726F7879204D61696E20 name="u:object_r:atm_mdmode_prop:s0" dev="tmpfs" ino=11760 scontext=u:r:mtkfusionrild:s0 tcontext=u:object_r:atm_mdmode_prop:s0 tclass=file permissive=0
04-24 08:02:01.617 1049 1049 W /vendor/bin/mtkfusionrild: type=1400 audit(0.0:38766): avc: denied { read } for comm=52696C2050726F7879204D61696E20 name="u:object_r:atm_mdmode_prop:s0" dev="tmpfs" ino=11760 scontext=u:r:mtkfusionrild:s0 tcontext=u:object_r:atm_mdmode_prop:s0 tclass=file permissive=0
04-24 08:02:01.619 1049 1097 E libc : Access denied finding property "persist.atm.mdmode"
04-24 08:02:01.620 1049 1097 E libc : Access denied finding property "persist.atm.mdmode"
04-24 08:02:01.622 1914 1914 D SST : [GsmSST0] EVENT_POLL_STATE_REGISTRATION mSS getRilVoiceRadioTechnology:14, regState:1, NewSS RilVoiceRadioTechnology:14, lac:826, cid:66609160
04-24 08:02:01.623 1914 1914 D SST : [GsmSST0] [states.length] = 16, regState = 1, isVoiceCapable = true, mEmergencyOnly = false
04-24 08:02:01.621 1049 1049 W /vendor/bin/mtkfusionrild: type=1400 audit(0.0:38767): avc: denied { read } for comm=52696C2050726F7879204D61696E20 name="u:object_r:atm_mdmode_prop:s0" dev="tmpfs" ino=11760 scontext=u:r:mtkfusionrild:s0 tcontext=u:object_r:atm_mdmode_prop:s0 tclass=file permissive=0
04-24 08:02:01.623 1049 1097 E libc : Access denied finding property "persist.atm.mdmode"
04-24 08:02:01.629 1914 1914 D SST : [GsmSST0] set roaming=false,mGsmRoaming= false,mDataRoaming= false
04-24 08:02:01.633 1914 1914 D SST : [GsmSST0] Poll ServiceState done: oldSS=[0 0 voice home data home beeline Beeline 25099 beeline Beeline 25099 LTE LTE CSS not supported 0 0 RoamInd=-1 DefRoamInd=-1 EmergOnly=false Ril Voice Regist state: 1 Ril Data Regist state: 1 mProprietaryDataRadioTechnology: 0 VoiceRejectCause: 0 DataRejectCause: -1 IsDataRoamingFromRegistration=false IsUsingCarrierAggregation=false] newSS=[0 0 voice home data home Beeline Beeline 25099 Beeline Beeline 25099 LTE LTE CSS not supported 0 0 RoamInd=-1 DefRoamInd=-1 EmergOnly=false Ril Voice Regist state: 1 Ril Data Regist state: 1 mProprietaryDataRadioTechnology: 0 VoiceRejectCause: 0 DataRejectCause: -1 IsDataRoamingFromRegistration=false IsUsingCarrierAggregation=false] oldMaxDataCalls=1 mNewMaxDataCalls=1 oldReasonDataDenied=-1 mNewReasonDataDenied=-1
04-24 08:02:01.636 1914 1914 D SST : [GsmSST0] pollStateDone,hasRegistered:false,hasDeregistered:false,hasGprsAttached:false,hasRilVoiceRadioTechnologyChanged:false,hasRilDataRadioTechnologyChanged:false,hasVoiceRegStateChanged:false,hasDataRegStateChanged:false,hasChanged:true,hasVoiceRoamingOn:false,hasVoiceRoamingOff:false,hasDataRoamingOn:false,hasDataRoamingOff:false,hasLocationChanged:false,hasLacChanged:false,sReceiveNitz:true,hasDataRoamingTypeChanged:false
04-24 08:02:01.639 1914 1914 D SST : [GsmSST0] Home PLMN, get CPHS ons
04-24 08:02:01.639 1914 1914 D SST : [GsmSST0] No matched EONS and No CPHS ONS
04-24 08:02:01.640 1914 1914 D OppoTelephonyFunction: local Language =ru local country = ru
04-24 08:02:01.640 1914 1914 E OppoTelephonyFunction: leon operatorNumic is not included in our romupdate xml file
04-24 08:02:01.642 1914 1914 E OppoTelephonyFunction: leon operatorNumic is 25099, mmcmncplmn is Beeline
04-24 08:02:01.642 1914 1914 D SST : [GsmSST0] updateSpnDisplay: languageName = Beeline
04-24 08:02:01.643 1914 1914 D SST : [GsmSST0] updateAllOpertorInfo with spn:beeline, mNeedNotify=true
04-24 08:02:01.644 1914 1914 D TelephonyManager: setTelephonyProperty: success phoneId=0 property=gsm.operator.alpha value: beeline propVal=beeline,MTS RUS
04-24 08:02:01.646 1914 1914 D SubscriptionController: getSubState()
04-24 08:02:01.658 1914 1914 D TelephonyManager: setTelephonyProperty: success phoneId=0 property=gsm.operator.numeric value: 25099 propVal=25099,25001
04-24 08:02:01.660 1914 1914 D TelephonyManager: setTelephonyProperty: success phoneId=0 property=gsm.operator.iso-country value: ru propVal=ru,ru
04-24 08:02:01.662 1914 1914 D TelephonyManager: setTelephonyProperty: success phoneId=0 property=gsm.operator.isroaming value: false propVal=false,false
04-24 08:02:01.665 1914 1914 D SST : [GsmSST0] Broadcasting ServiceState : 0 0 voice home data home beeline Beeline 25099 beeline Beeline 25099 LTE LTE CSS not supported 0 0 RoamInd=-1 DefRoamInd=-1 EmergOnly=false Ril Voice Regist state: 1 Ril Data Regist state: 1 mProprietaryDataRadioTechnology: 0 VoiceRejectCause: 0 DataRejectCause: -1 IsDataRoamingFromRegistration=false IsUsingCarrierAggregation=false
04-24 08:02:01.666 1914 1914 D DefaultPhoneNotifier: nofityServiceState: mRegistry=com.android.internal.telephony.ITelephonyRegistry$Stub$Proxy@74061ab ss=0 0 voice home data home beeline Beeline 25099 beeline Beeline 25099 LTE LTE CSS not supported 0 0 RoamInd=-1 DefRoamInd=-1 EmergOnly=false Ril Voice Regist state: 1 Ril Data Regist state: 1 mProprietaryDataRadioTechnology: 0 VoiceRejectCause: 0 DataRejectCause: -1 IsDataRoamingFromRegistration=false IsUsingCarrierAggregation=false sender=Handler (com.android.internal.telephony.GsmCdmaPhone) {625ca47} phondId=0 subId=1
04-24 08:02:01.672 2225 2225 D MWIS : [MwiSvc] handleMessage: EVENT_NOTIFY_SERVICE_STATE_CHANGE = { when=0 what=4 arg1=1 obj=0 0 voice home data home beeline Beeline 25099 beeline Beeline 25099 LTE LTE CSS not supported 0 0 RoamInd=-1 DefRoamInd=-1 EmergOnly=false Ril Voice Regist state: 1 Ril Data Regist state: 1 mProprietaryDataRadioTechnology: 0 VoiceRejectCause: 0 DataRejectCause: -1 IsDataRoamingFromRegistration=false IsUsingCarrierAggregation=false target=com.mediatek.wfo.impl.MwiService$2 obj=0 0 voice home data home beeline Beeline 25099 beeline Beeline 25099 LTE LTE CSS not supported 0 0 RoamInd=-1 DefRoamInd=-1 EmergOnly=false Ril Voice Regist state: 1 Ril Data Regist state: 1 mProprietaryDataRadioTechnology: 0 VoiceRejectCause: 0 DataRejectCause: -1 IsDataRoamingFromRegistration=false IsUsingCarrierAggregation=false }
04-24 08:02:01.674 2225 2225 D MWIS : [MwiSvc] updateServiceState VoiceRegState is 0, simId=0
04-24 08:02:01.692 1914 1914 D CdmaVolteServiceChecker: onReceive, action = android.intent.action.SERVICE_STATE
04-24 08:02:01.692 1914 1914 D CdmaVolteServiceChecker: updateState, checking = false
04-24 08:02:01.693 1914 1914 D CdmaVolteServiceChecker: getMainCapabilitySubId = 1
04-24 08:02:02.914 1049 1097 E libc : Access denied finding property "persist.atm.mdmode"
04-24 08:02:02.909 1049 1049 W /vendor/bin/mtkfusionrild: type=1400 audit(0.0:38768): avc: denied { read } for comm=52696C2050726F7879204D61696E20 name="u:object_r:atm_mdmode_prop:s0" dev="tmpfs" ino=11760 scontext=u:r:mtkfusionrild:s0 tcontext=u:object_r:atm_mdmode_prop:s0 tclass=file permissive=0
04-24 08:02:02.917 1914 1914 W SignalStrength: leon getOEMLevel networktype=3,level=2
04-24 08:02:02.918 1914 1914 W SignalStrength: leon getOEMLevel networktype=3,level=2
04-24 08:02:03.183 30921 30921 I Choreographer: Skipped 2 frames! The application may be doing too much work on its main thread.
04-24 08:02:03.819 533 533 I thermal_repeater: select timeout
04-24 08:02:04.608 30921 30921 I Choreographer: Skipped 1 frames! The application may be doing too much work on its main thread.
04-24 08:02:05.475 30921 32124 D TrafficStatsHelper: ifaceNames[0]:lo
04-24 08:02:05.476 30921 32124 D TrafficStatsHelper: ifaceNames[1]:p2p0
04-24 08:02:05.478 30921 32124 D TrafficStatsHelper: ifaceNames[2]:wlan0
04-24 08:02:05.478 30921 32124 D TrafficStatsHelper: ifaceNames[3]:ccmni0
04-24 08:02:05.483 30921 32124 D TrafficStatsHelper: transmitted_validWifiData.get(0) = wlan0
04-24 08:02:05.609 30921 30921 I Choreographer: Skipped 2 frames! The application may be doing too much work on its main thread.
04-24 08:02:08.254 2181 26250 I NearbyMediums: No BLE Fast/GATT advertisements found in the latest cycle.
04-24 08:02:08.256 2181 26250 I NearbyMediums: Current Tracked Scanning Clients are : {NearbyConnections.EnvironmentMonitor, NearbySharing}
04-24 08:02:08.669 1049 1049 W /vendor/bin/mtkfusionrild: type=1400 audit(0.0:38769): avc: denied { read } for comm=52696C2050726F7879204D61696E20 name="u:object_r:atm_mdmode_prop:s0" dev="tmpfs" ino=11760 scontext=u:r:mtkfusionrild:s0 tcontext=u:object_r:atm_mdmode_prop:s0 tclass=file permissive=0
04-24 08:02:08.674 1049 1097 E libc : Access denied finding property "persist.atm.mdmode"
04-24 08:02:08.676 1914 1914 W SignalStrength: leon getOEMLevel networktype=3,level=3
04-24 08:02:08.677 1914 1914 W SignalStrength: leon getOEMLevel networktype=3,level=3
04-24 08:02:08.821 533 533 I thermal_repeater: oh, queryMdThermalInfo (0)No such file or directory
04-24 08:02:08.821 1049 1049 W /vendor/bin/mtkfusionrild: type=1400 audit(0.0:38770): avc: denied { read } for comm=52696C2050726F7879204D61696E20 name="u:object_r:atm_mdmode_prop:s0" dev="tmpfs" ino=11760 scontext=u:r:mtkfusionrild:s0 tcontext=u:object_r:atm_mdmode_prop:s0 tclass=file permissive=0
04-24 08:02:08.825 1049 1097 E libc : Access denied finding property "persist.atm.mdmode"
04-24 08:02:08.833 1049 1049 W /vendor/bin/mtkfusionrild: type=1400 audit(0.0:38771): avc: denied { read } for comm=52696C2050726F7879204D61696E20 name="u:object_r:atm_mdmode_prop:s0" dev="tmpfs" ino=11760 scontext=u:r:mtkfusionrild:s0 tcontext=u:object_r:atm_mdmode_prop:s0 tclass=file permissive=0
04-24 08:02:08.839 1049 1097 E libc : Access denied finding property "persist.atm.mdmode"
04-24 08:02:08.840 533 533 I thermal_repeater: [recvMdThermalInfo] ret=32, strLen=127, 3, 36, -50, 12339, 32767, 25544
04-24 08:02:09.325 1049 1049 W /vendor/bin/mtkfusionrild: type=1400 audit(0.0:38772): avc: denied { read } for comm=52696C2050726F7879204D61696E20 name="u:object_r:atm_mdmode_prop:s0" dev="tmpfs" ino=11760 scontext=u:r:mtkfusionrild:s0 tcontext=u:object_r:atm_mdmode_prop:s0 tclass=file permissive=0
04-24 08:02:09.329 1049 1097 E libc : Access denied finding property "persist.atm.mdmode"
04-24 08:02:09.332 1914 1914 W SignalStrength: leon getOEMLevel networktype=1,level=3
04-24 08:02:09.334 1914 1914 W SignalStrength: leon getOEMLevel networktype=0,level=0
04-24 08:02:09.476 30921 32124 D TrafficStatsHelper: ifaceNames[0]:lo
04-24 08:02:09.477 30921 32124 D TrafficStatsHelper: ifaceNames[1]:p2p0
04-24 08:02:09.478 30921 32124 D TrafficStatsHelper: ifaceNames[2]:wlan0
04-24 08:02:09.479 30921 32124 D TrafficStatsHelper: ifaceNames[3]:ccmni0
04-24 08:02:09.484 30921 32124 D TrafficStatsHelper: transmitted_validWifiData.get(0) = wlan0
