04-24 08:02:09.872 31174 31534 W SettingsInterface: Setting airplane_mode_on has moved from android.provider.Settings.System to android.provider.Settings.Global, returning read-only value.
04-24 08:02:13.022 3795 3795 W MDCLAN_FCH: Bypassing deoptimization check for FCIPCL failure
04-24 08:02:13.077 1490 2128 D AES : AEEIOCTL_GET/SET_SF_STATE IOCTL,cmd= 1074294797, lParam=0.
04-24 08:02:13.078 1490 2128 D AES : AEEIOCTL_RT_MON_Kick IOCTL,cmd= 2147774474, lParam=300.
04-24 08:02:13.477 30921 32124 D TrafficStatsHelper: ifaceNames[0]:lo
04-24 08:02:13.478 30921 32124 D TrafficStatsHelper: ifaceNames[1]:p2p0
04-24 08:02:13.479 30921 32124 D TrafficStatsHelper: ifaceNames[2]:wlan0
04-24 08:02:13.480 30921 32124 D TrafficStatsHelper: ifaceNames[3]:ccmni0
04-24 08:02:13.484 30921 32124 D TrafficStatsHelper: transmitted_validWifiData.get(0) = wlan0
04-24 08:02:13.846 533 533 I thermal_repeater: select timeout
04-24 08:02:17.476 30921 32124 D TrafficStatsHelper: ifaceNames[0]:lo
04-24 08:02:17.477 30921 32124 D TrafficStatsHelper: ifaceNames[1]:p2p0
04-24 08:02:17.478 30921 32124 D TrafficStatsHelper: ifaceNames[2]:wlan0
04-24 08:02:17.484 30921 32124 D TrafficStatsHelper: ifaceNames[3]:ccmni0
04-24 08:02:17.488 30921 32124 D TrafficStatsHelper: transmitted_validWifiData.get(0) = wlan0
04-24 08:02:18.261 2181 26250 I NearbyMediums: No BLE Fast/GATT advertisements found in the latest cycle.
04-24 08:02:18.263 2181 26250 I NearbyMediums: Current Tracked Scanning Clients are : {NearbyConnections.EnvironmentMonitor, NearbySharing}
04-24 08:02:18.269 1049 1049 W /vendor/bin/mtkfusionrild: type=1400 audit(0.0:38773): avc: denied { read } for comm=52696C2050726F7879204D61696E20 name="u:object_r:atm_mdmode_prop:s0" dev="tmpfs" ino=11760 scontext=u:r:mtkfusionrild:s0 tcontext=u:object_r:atm_mdmode_prop:s0 tclass=file permissive=0
04-24 08:02:18.278 1914 1914 W SignalStrength: leon getOEMLevel networktype=1,level=3
04-24 08:02:18.282 1914 1914 W SignalStrength: leon getOEMLevel networktype=0,level=0
04-24 08:02:18.558 30921 30921 I Choreographer: Skipped 2 frames! The application may be doing too much work on its main thread.
04-24 08:02:18.617 30921 30921 I Choreographer: Skipped 1 frames! The application may be doing too much work on its main thread.
04-24 08:02:18.848 533 533 I thermal_repeater: oh, queryMdThermalInfo (0)No such file or directory
04-24 08:02:18.845 1049 1049 W /vendor/bin/mtkfusionrild: type=1400 audit(0.0:38774): avc: denied { read } for comm=52696C2050726F7879204D61696E20 name="u:object_r:atm_mdmode_prop:s0" dev="tmpfs" ino=11760 scontext=u:r:mtkfusionrild:s0 tcontext=u:object_r:atm_mdmode_prop:s0 tclass=file permissive=0
04-24 08:02:18.851 1049 1097 E libc : Access denied finding property "persist.atm.mdmode"
04-24 08:02:18.857 1049 1049 W /vendor/bin/mtkfusionrild: type=1400 audit(0.0:38775): avc: denied { read } for comm=52696C2050726F7879204D61696E20 name="u:object_r:atm_mdmode_prop:s0" dev="tmpfs" ino=11760 scontext=u:r:mtkfusionrild:s0 tcontext=u:object_r:atm_mdmode_prop:s0 tclass=file permissive=0
04-24 08:02:18.863 1049 1097 E libc : Access denied finding property "persist.atm.mdmode"
04-24 08:02:18.864 533 533 I thermal_repeater: [recvMdThermalInfo] ret=28, strLen=127, 3, 36, -50, 0, 32767, 25544
04-24 08:02:18.914 1049 1097 E libc : Access denied finding property "persist.atm.mdmode"
04-24 08:02:18.909 1049 1049 W /vendor/bin/mtkfusionrild: type=1400 audit(0.0:38776): avc: denied { read } for comm=52696C2050726F7879204D61696E20 name="u:object_r:atm_mdmode_prop:s0" dev="tmpfs" ino=11760 scontext=u:r:mtkfusionrild:s0 tcontext=u:object_r:atm_mdmode_prop:s0 tclass=file permissive=0
04-24 08:02:18.916 1914 1914 W SignalStrength: leon getOEMLevel networktype=3,level=2
04-24 08:02:18.917 1914 1914 W SignalStrength: leon getOEMLevel networktype=3,level=2
04-24 08:02:19.405 542 588 D : thermal_monitor main loop 2723 log_has_update = 0
04-24 08:02:19.410 542 588 D : upthreshold 0, downthreshold 0
04-24 08:02:21.478 30921 32124 D TrafficStatsHelper: ifaceNames[0]:lo
04-24 08:02:21.480 30921 32124 D TrafficStatsHelper: ifaceNames[1]:p2p0
04-24 08:02:21.481 30921 32124 D TrafficStatsHelper: ifaceNames[2]:wlan0
04-24 08:02:21.483 30921 32124 D TrafficStatsHelper: ifaceNames[3]:ccmni0
04-24 08:02:21.489 30921 32124 D TrafficStatsHelper: transmitted_validWifiData.get(0) = wlan0
04-24 08:02:21.949 31174 31534 W SettingsInterface: Setting airplane_mode_on has moved from android.provider.Settings.System to android.provider.Settings.Global, returning read-only value.
04-24 08:02:22.414 1490 1604 I WifiHAL : [WIFI HAL]wifi_get_supported_feature_set: handle=0x7946d39a20, feature_set=0x101a
04-24 08:02:22.437 1049 1049 W /vendor/bin/mtkfusionrild: type=1400 audit(0.0:38777): avc: denied { read } for comm=52696C2050726F7879204D61696E20 name="u:object_r:atm_mdmode_prop:s0" dev="tmpfs" ino=11760 scontext=u:r:mtkfusionrild:s0 tcontext=u:object_r:atm_mdmode_prop:s0 tclass=file permissive=0
04-24 08:02:22.440 1049 1097 E libc : Access denied finding property "persist.atm.mdmode"
04-24 08:02:22.477 1049 1049 W /vendor/bin/mtkfusionrild: type=1400 audit(0.0:38778): avc: denied { read } for comm=52696C2050726F7879204D61696E20 name="u:object_r:atm_mdmode_prop:s0" dev="tmpfs" ino=11760 scontext=u:r:mtkfusionrild:s0 tcontext=u:object_r:atm_mdmode_prop:s0 tclass=file permissive=0
04-24 08:02:22.480 1049 1097 E libc : Access denied finding property "persist.atm.mdmode"
04-24 08:02:22.489 1490 1515 E BatteryStatsService: power: Missing API
04-24 08:02:23.868 533 533 I thermal_repeater: select timeout
04-24 08:02:24.034 1049 1097 E libc : Access denied finding property "persist.atm.mdmode"
04-24 08:02:24.029 1049 1049 W /vendor/bin/mtkfusionrild: type=1400 audit(0.0:38779): avc: denied { read } for comm=52696C2050726F7879204D61696E20 name="u:object_r:atm_mdmode_prop:s0" dev="tmpfs" ino=11760 scontext=u:r:mtkfusionrild:s0 tcontext=u:object_r:atm_mdmode_prop:s0 tclass=file permissive=0
04-24 08:02:24.036 1914 1914 W SignalStrength: leon getOEMLevel networktype=3,level=2
04-24 08:02:24.037 1914 1914 W SignalStrength: leon getOEMLevel networktype=3,level=2
04-24 08:02:25.477 30921 32124 D TrafficStatsHelper: ifaceNames[0]:lo
04-24 08:02:25.478 30921 32124 D TrafficStatsHelper: ifaceNames[1]:p2p0
04-24 08:02:25.480 30921 32124 D TrafficStatsHelper: ifaceNames[2]:wlan0
04-24 08:02:25.481 30921 32124 D TrafficStatsHelper: ifaceNames[3]:ccmni0
04-24 08:02:25.485 30921 32124 D TrafficStatsHelper: transmitted_validWifiData.get(0) = wlan0
04-24 08:02:28.268 2181 26250 I NearbyMediums: No BLE Fast/GATT advertisements found in the latest cycle.
04-24 08:02:28.271 2181 26250 I NearbyMediums: Current Tracked Scanning Clients are : {NearbyConnections.EnvironmentMonitor, NearbySharing}
04-24 08:02:28.870 533 533 I thermal_repeater: oh, queryMdThermalInfo (0)No such file or directory
04-24 08:02:28.869 1049 1049 W /vendor/bin/mtkfusionrild: type=1400 audit(0.0:38780): avc: denied { read } for comm=52696C2050726F7879204D61696E20 name="u:object_r:atm_mdmode_prop:s0" dev="tmpfs" ino=11760 scontext=u:r:mtkfusionrild:s0 tcontext=u:object_r:atm_mdmode_prop:s0 tclass=file permissive=0
04-24 08:02:28.874 1049 1097 E libc : Access denied finding property "persist.atm.mdmode"
04-24 08:02:28.885 1049 1049 W /vendor/bin/mtkfusionrild: type=1400 audit(0.0:38781): avc: denied { read } for comm=52696C2050726F7879204D61696E20 name="u:object_r:atm_mdmode_prop:s0" dev="tmpfs" ino=11760 scontext=u:r:mtkfusionrild:s0 tcontext=u:object_r:atm_mdmode_prop:s0 tclass=file permissive=0
04-24 08:02:28.889 1049 1097 E libc : Access denied finding property "persist.atm.mdmode"
04-24 08:02:28.890 533 533 I thermal_repeater: [recvMdThermalInfo] ret=32, strLen=127, 3, 36, -50, 14386, 32767, 25544
04-24 08:02:29.149 1049 1049 W /vendor/bin/mtkfusionrild: type=1400 audit(0.0:38782): avc: denied { read } for comm=52696C2050726F7879204D61696E20 name="u:object_r:atm_mdmode_prop:s0" dev="tmpfs" ino=11760 scontext=u:r:mtkfusionrild:s0 tcontext=u:object_r:atm_mdmode_prop:s0 tclass=file permissive=0
04-24 08:02:29.155 1049 1097 E libc : Access denied finding property "persist.atm.mdmode"
04-24 08:02:29.157 1914 1914 W SignalStrength: leon getOEMLevel networktype=3,level=2
04-24 08:02:29.158 1914 1914 W SignalStrength: leon getOEMLevel networktype=3,level=2
04-24 08:02:29.477 30921 32124 D TrafficStatsHelper: ifaceNames[0]:lo
04-24 08:02:29.478 30921 32124 D TrafficStatsHelper: ifaceNames[1]:p2p0
04-24 08:02:29.480 30921 32124 D TrafficStatsHelper: ifaceNames[2]:wlan0
04-24 08:02:29.481 30921 32124 D TrafficStatsHelper: ifaceNames[3]:ccmni0
04-24 08:02:29.485 30921 32124 D TrafficStatsHelper: transmitted_validWifiData.get(0) = wlan0
04-24 08:02:33.478 30921 32124 D TrafficStatsHelper: ifaceNames[0]:lo
04-24 08:02:33.480 30921 32124 D TrafficStatsHelper: ifaceNames[1]:p2p0
04-24 08:02:33.481 30921 32124 D TrafficStatsHelper: ifaceNames[2]:wlan0
04-24 08:02:33.482 30921 32124 D TrafficStatsHelper: ifaceNames[3]:ccmni0
04-24 08:02:33.486 30921 32124 D TrafficStatsHelper: transmitted_validWifiData.get(0) = wlan0
04-24 08:02:33.674 30921 30921 I Choreographer: Skipped 1 frames! The application may be doing too much work on its main thread.
04-24 08:02:33.895 533 533 I thermal_repeater: select timeout
04-24 08:02:34.024 31174 31534 W SettingsInterface: Setting airplane_mode_on has moved from android.provider.Settings.System to android.provider.Settings.Global, returning read-only value.
04-24 08:02:34.914 1049 1097 E libc : Access denied finding property "persist.atm.mdmode"
04-24 08:02:34.909 1049 1049 W /vendor/bin/mtkfusionrild: type=1400 audit(0.0:38783): avc: denied { read } for comm=52696C2050726F7879204D61696E20 name="u:object_r:atm_mdmode_prop:s0" dev="tmpfs" ino=11760 scontext=u:r:mtkfusionrild:s0 tcontext=u:object_r:atm_mdmode_prop:s0 tclass=file permissive=0
04-24 08:02:34.916 1914 1914 W SignalStrength: leon getOEMLevel networktype=3,level=2
04-24 08:02:34.917 1914 1914 W SignalStrength: leon getOEMLevel networktype=3,level=2
04-24 08:02:37.478 30921 32124 D TrafficStatsHelper: ifaceNames[0]:lo
04-24 08:02:37.479 30921 32124 D TrafficStatsHelper: ifaceNames[1]:p2p0
04-24 08:02:37.480 30921 32124 D TrafficStatsHelper: ifaceNames[2]:wlan0
04-24 08:02:37.481 30921 32124 D TrafficStatsHelper: ifaceNames[3]:ccmni0
04-24 08:02:37.485 30921 32124 D TrafficStatsHelper: transmitted_validWifiData.get(0) = wlan0
04-24 08:02:37.517 1049 1049 W /vendor/bin/mtkfusionrild: type=1400 audit(0.0:38784): avc: denied { read } for comm=52696C2050726F7879204D61696E20 name="u:object_r:atm_mdmode_prop:s0" dev="tmpfs" ino=11760 scontext=u:r:mtkfusionrild:s0 tcontext=u:object_r:atm_mdmode_prop:s0 tclass=file permissive=0
04-24 08:02:37.523 1049 1097 E libc : Access denied finding property "persist.atm.mdmode"
04-24 08:02:37.524 1914 1914 W SignalStrength: leon getOEMLevel networktype=1,level=3
04-24 08:02:37.525 1914 1914 W SignalStrength: leon getOEMLevel networktype=0,level=0
04-24 08:02:38.277 2181 26250 I NearbyMediums: No BLE Fast/GATT advertisements found in the latest cycle.
04-24 08:02:38.279 2181 26250 I NearbyMediums: Current Tracked Scanning Clients are : {NearbyConnections.EnvironmentMonitor, NearbySharing}
04-24 08:02:38.897 533 533 I thermal_repeater: oh, queryMdThermalInfo (0)No such file or directory
04-24 08:02:38.902 1049 1097 E libc : Access denied finding property "persist.atm.mdmode"
04-24 08:02:38.897 1049 1049 W /vendor/bin/mtkfusionrild: type=1400 audit(0.0:38785): avc: denied { read } for comm=52696C2050726F7879204D61696E20 name="u:object_r:atm_mdmode_prop:s0" dev="tmpfs" ino=11760 scontext=u:r:mtkfusionrild:s0 tcontext=u:object_r:atm_mdmode_prop:s0 tclass=file permissive=0
04-24 08:02:38.919 1049 1097 E libc : Access denied finding property "persist.atm.mdmode"
04-24 08:02:38.913 1049 1049 W /vendor/bin/mtkfusionrild: type=1400 audit(0.0:38786): avc: denied { read } for comm=52696C2050726F7879204D61696E20 name="u:object_r:atm_mdmode_prop:s0" dev="tmpfs" ino=11760 scontext=u:r:mtkfusionrild:s0 tcontext=u:object_r:atm_mdmode_prop:s0 tclass=file permissive=0
04-24 08:02:38.921 533 533 I thermal_repeater: [recvMdThermalInfo] ret=32, strLen=127, 3, 36, -50, 21315, 32767, 25544
04-24 08:02:39.188 30921 30921 I Choreographer: Skipped 2 frames! The application may be doing too much work on its main thread.
04-24 08:02:39.410 542 588 D : thermal_monitor main loop 2724 log_has_update = 0
04-24 08:02:39.416 542 588 D : upthreshold 0, downthreshold 0
04-24 08:02:40.673 1049 1097 E libc : Access denied finding property "persist.atm.mdmode"
04-24 08:02:40.669 1049 1049 W /vendor/bin/mtkfusionrild: type=1400 audit(0.0:38787): avc: denied { read } for comm=52696C2050726F7879204D61696E20 name="u:object_r:atm_mdmode_prop:s0" dev="tmpfs" ino=11760 scontext=u:r:mtkfusionrild:s0 tcontext=u:object_r:atm_mdmode_prop:s0 tclass=file permissive=0
04-24 08:02:40.675 1914 1914 W SignalStrength: leon getOEMLevel networktype=3,level=2
04-24 08:02:40.676 1914 1914 W SignalStrength: leon getOEMLevel networktype=3,level=2
04-24 08:02:41.478 30921 32124 D TrafficStatsHelper: ifaceNames[0]:lo
04-24 08:02:41.479 30921 32124 D TrafficStatsHelper: ifaceNames[1]:p2p0
04-24 08:02:41.481 30921 32124 D TrafficStatsHelper: ifaceNames[2]:wlan0
04-24 08:02:41.482 30921 32124 D TrafficStatsHelper: ifaceNames[3]:ccmni0
04-24 08:02:41.487 30921 32124 D TrafficStatsHelper: transmitted_validWifiData.get(0) = wlan0
04-24 08:02:43.071 26965 26965 I Ads : Use RequestConfiguration.Builder().setTestDeviceIds(Arrays.asList("43995BC8F0A5D481A841B0B9577B7336")) to get test ads on this device.
04-24 08:02:43.079 1490 2128 D AES : AEEIOCTL_GET/SET_SF_STATE IOCTL,cmd= 1074294797, lParam=0.
04-24 08:02:43.080 1490 2128 D AES : AEEIOCTL_RT_MON_Kick IOCTL,cmd= 2147774474, lParam=300.
04-24 08:02:43.126 26965 26965 W ServiceBindIntentUtils: Dynamic lookup for intent failed for action: com.google.android.gms.ads.service.CACHE
04-24 08:02:43.170 26965 27346 W ServiceBindIntentUtils: Dynamic lookup for intent failed for action: com.google.android.gms.ads.service.START
04-24 08:02:43.356 31112 27349 I System.out: [OkHttp] sendRequest>>
04-24 08:02:43.358 31112 27349 I System.out: [OkHttp] sendRequest<<
04-24 08:02:43.628 31112 27349 I System.out: Wrong owner. Perhaps a late disconnect
04-24 08:02:43.727 26965 26965 I Ads : Ad failed to load : 3
04-24 08:02:43.735 26965 27335 I System.out: [OkHttp] sendRequest>>
04-24 08:02:43.736 26965 27335 I System.out: [OkHttp] sendRequest<<
04-24 08:02:43.747 26965 27137 D libc-netbsd: [getaddrinfo]: hostname=mediation.goog; servname=(null); app_pid=26965; app_uid=10192; ai_flags=1024; ai_family=0; ai_socktype=1 from prox result 0
04-24 08:02:43.749 26965 27137 D : [Posix_connect Debug]Process com.medhaapps.wififtpserver :443
04-24 08:02:43.830 26965 27137 D NativeCrypto: ssl=0x79167bb380 NativeCrypto_SSL_do_handshake fd=0x7892829118 shc=0x789282911c timeout_millis=60000 client_mode=1 npn=0x0
04-24 08:02:43.831 26965 27137 D NativeCrypto: ssl=0x79167bb380 info_callback calling handshakeCompleted
04-24 08:02:43.924 533 533 I thermal_repeater: select timeout
04-24 08:02:44.002 26965 27137 D NativeCrypto: ssl=0x79167bb380 info_callback calling handshakeCompleted
04-24 08:02:44.003 26965 27137 I System.out: gba_cipher_suite:TLS_ECDHE_ECDSA_WITH_AES_128_GCM_SHA256
04-24 08:02:44.006 26965 27137 I System.out: [OkHttp] sendRequest>>
04-24 08:02:44.007 26965 27137 I System.out: [OkHttp] sendRequest<<
04-24 08:02:44.118 26965 27335 I System.out: Wrong owner. Perhaps a late disconnect
04-24 08:02:44.221 26965 27137 I System.out: Close in OkHttp
04-24 08:02:44.222 26965 27137 D NativeCrypto: ssl=0x79167bb380 NativeCrypto_SSL_interrupt
04-24 08:02:45.478 30921 32124 D TrafficStatsHelper: ifaceNames[0]:lo
04-24 08:02:45.479 30921 32124 D TrafficStatsHelper: ifaceNames[1]:p2p0
04-24 08:02:45.480 30921 32124 D TrafficStatsHelper: ifaceNames[2]:wlan0
04-24 08:02:45.481 30921 32124 D TrafficStatsHelper: ifaceNames[3]:ccmni0
04-24 08:02:45.485 30921 32124 D TrafficStatsHelper: transmitted_validWifiData.get(0) = wlan0
04-24 08:02:45.703 30921 30921 I Choreographer: Skipped 1 frames! The application may be doing too much work on its main thread.
04-24 08:02:45.793 1049 1097 E libc : Access denied finding property "persist.atm.mdmode"
04-24 08:02:45.789 1049 1049 W /vendor/bin/mtkfusionrild: type=1400 audit(0.0:38788): avc: denied { read } for comm=52696C2050726F7879204D61696E20 name="u:object_r:atm_mdmode_prop:s0" dev="tmpfs" ino=11760 scontext=u:r:mtkfusionrild:s0 tcontext=u:object_r:atm_mdmode_prop:s0 tclass=file permissive=0
04-24 08:02:45.795 1914 1914 W SignalStrength: leon getOEMLevel networktype=3,level=2
04-24 08:02:45.795 1914 1914 W SignalStrength: leon getOEMLevel networktype=3,level=2
04-24 08:02:46.070 30921 30921 I Choreographer: Skipped 1 frames! The application may be doing too much work on its main thread.
04-24 08:02:46.096 31174 31534 W SettingsInterface: Setting airplane_mode_on has moved from android.provider.Settings.System to android.provider.Settings.Global, returning read-only value.
04-24 08:02:46.991 1049 1097 E libc : Access denied finding property "persist.atm.mdmode"
04-24 08:02:46.985 1049 1049 W /vendor/bin/mtkfusionrild: type=1400 audit(0.0:38789): avc: denied { read } for comm=52696C2050726F7879204D61696E20 name="u:object_r:atm_mdmode_prop:s0" dev="tmpfs" ino=11760 scontext=u:r:mtkfusionrild:s0 tcontext=u:object_r:atm_mdmode_prop:s0 tclass=file permissive=0
04-24 08:02:46.993 1914 1914 W SignalStrength: leon getOEMLevel networktype=1,level=3
04-24 08:02:46.994 1914 1914 W SignalStrength: leon getOEMLevel networktype=0,level=0
04-24 08:02:47.264 30921 30921 I Choreographer: Skipped 1 frames! The application may be doing too much work on its main thread.
04-24 08:02:48.284 2181 26250 I NearbyMediums: No BLE Fast/GATT advertisements found in the latest cycle.
04-24 08:02:48.286 2181 26250 I NearbyMediums: Current Tracked Scanning Clients are : {NearbyConnections.EnvironmentMonitor, NearbySharing}
04-24 08:02:48.926 533 533 I thermal_repeater: oh, queryMdThermalInfo (0)No such file or directory
04-24 08:02:48.925 1049 1049 W /vendor/bin/mtkfusionrild: type=1400 audit(0.0:38790): avc: denied { read } for comm=52696C2050726F7879204D61696E20 name="u:object_r:atm_mdmode_prop:s0" dev="tmpfs" ino=11760 scontext=u:r:mtkfusionrild:s0 tcontext=u:object_r:atm_mdmode_prop:s0 tclass=file permissive=0
04-24 08:02:48.932 1049 1097 E libc : Access denied finding property "persist.atm.mdmode"
04-24 08:02:48.947 1049 1097 E libc : Access denied finding property "persist.atm.mdmode"
04-24 08:02:48.941 1049 1049 W /vendor/bin/mtkfusionrild: type=1400 audit(0.0:38791): avc: denied { read } for comm=52696C2050726F7879204D61696E20 name="u:object_r:atm_mdmode_prop:s0" dev="tmpfs" ino=11760 scontext=u:r:mtkfusionrild:s0 tcontext=u:object_r:atm_mdmode_prop:s0 tclass=file permissive=0
04-24 08:02:48.948 533 533 I thermal_repeater: [recvMdThermalInfo] ret=32, strLen=127, 3, 36, -50, 21315, 32767, 25544
04-24 08:02:49.479 30921 32124 D TrafficStatsHelper: ifaceNames[0]:lo
04-24 08:02:49.480 30921 32124 D TrafficStatsHelper: ifaceNames[1]:p2p0
04-24 08:02:49.481 30921 32124 D TrafficStatsHelper: ifaceNames[2]:wlan0
04-24 08:02:49.482 30921 32124 D TrafficStatsHelper: ifaceNames[3]:ccmni0
04-24 08:02:49.486 30921 32124 D TrafficStatsHelper: transmitted_validWifiData.get(0) = wlan0
04-24 08:02:50.583 27147 27147 W mDNSResponder: [MainLoop] ticks = 101
04-24 08:02:50.584 27147 27147 W mDNSResponder: [MainLoop] ticks = 99
04-24 08:02:50.681 27147 27147 W mDNSResponder: [MainLoop] ticks = 54080
04-24 08:02:51.225 1049 1049 W /vendor/bin/mtkfusionrild: type=1400 audit(0.0:38792): avc: denied { read } for comm=52696C2050726F7879204D61696E20 name="u:object_r:atm_mdmode_prop:s0" dev="tmpfs" ino=11760 scontext=u:r:mtkfusionrild:s0 tcontext=u:object_r:atm_mdmode_prop:s0 tclass=file permissive=0
04-24 08:02:51.229 1049 1097 E libc : Access denied finding property "persist.atm.mdmode"
04-24 08:02:51.240 1914 1914 D SST : [GsmSST0] pollState RadioState is RADIO_ON, currentNetworkMode= 9, mPollingContext=0, modemTriggered=true, hasPendingPollState=false
04-24 08:02:51.245 1049 1049 W /vendor/bin/mtkfusionrild: type=1400 audit(0.0:38793): avc: denied { read } for comm=52696C2050726F7879204D61696E20 name="u:object_r:atm_mdmode_prop:s0" dev="tmpfs" ino=11760 scontext=u:r:mtkfusionrild:s0 tcontext=u:object_r:atm_mdmode_prop:s0 tclass=file permissive=0
04-24 08:02:51.252 1049 1097 E libc : Access denied finding property "persist.atm.mdmode"
04-24 08:02:51.254 1049 1097 E libc : Access denied finding property "persist.atm.mdmode"
04-24 08:02:51.249 1049 1049 W /vendor/bin/mtkfusionrild: type=1400 audit(0.0:38794): avc: denied { read } for comm=52696C2050726F7879204D61696E20 name="u:object_r:atm_mdmode_prop:s0" dev="tmpfs" ino=11760 scontext=u:r:mtkfusionrild:s0 tcontext=u:object_r:atm_mdmode_prop:s0 tclass=file permissive=0
04-24 08:02:51.249 1049 1049 W /vendor/bin/mtkfusionrild: type=1400 audit(0.0:38795): avc: denied { read } for comm=52696C2050726F7879204D61696E20 name="u:object_r:atm_mdmode_prop:s0" dev="tmpfs" ino=11760 scontext=u:r:mtkfusionrild:s0 tcontext=u:object_r:atm_mdmode_prop:s0 tclass=file permissive=0
04-24 08:02:51.261 1049 1097 E libc : Access denied finding property "persist.atm.mdmode"
04-24 08:02:51.257 1049 1049 W /vendor/bin/mtkfusionrild: type=1400 audit(0.0:38796): avc: denied { read } for comm=52696C2050726F7879204D61696E20 name="u:object_r:atm_mdmode_prop:s0" dev="tmpfs" ino=11760 scontext=u:r:mtkfusionrild:s0 tcontext=u:object_r:atm_mdmode_prop:s0 tclass=file permissive=0
04-24 08:02:51.268 1049 1097 E libc : Access denied finding property "persist.atm.mdmode"
04-24 08:02:51.265 1049 1049 W /vendor/bin/mtkfusionrild: type=1400 audit(0.0:38797): avc: denied { read } for comm=52696C2050726F7879204D61696E20 name="u:object_r:atm_mdmode_prop:s0" dev="tmpfs" ino=11760 scontext=u:r:mtkfusionrild:s0 tcontext=u:object_r:atm_mdmode_prop:s0 tclass=file permissive=0
04-24 08:02:51.265 1049 1049 W /vendor/bin/mtkfusionrild: type=1400 audit(0.0:38798): avc: denied { read } for comm=52696C2050726F7879204D61696E20 name="u:object_r:atm_mdmode_prop:s0" dev="tmpfs" ino=11760 scontext=u:r:mtkfusionrild:s0 tcontext=u:object_r:atm_mdmode_prop:s0 tclass=file permissive=0
04-24 08:02:51.270 1049 1097 E libc : Access denied finding property "persist.atm.mdmode"
04-24 08:02:51.271 1049 1097 E libc : Access denied finding property "persist.atm.mdmode"
04-24 08:02:51.283 1914 1914 D SST : [GsmSST0] EVENT_POLL_STATE_OPERATOR: OperatorLong use lookFromNetwork
04-24 08:02:51.281 1049 1049 W /vendor/bin/mtkfusionrild: type=1400 audit(0.0:38799): avc: denied { read } for comm=52696C2050726F7879204D61696E20 name="u:object_r:atm_mdmode_prop:s0" dev="tmpfs" ino=11760 scontext=u:r:mtkfusionrild:s0 tcontext=u:object_r:atm_mdmode_prop:s0 tclass=file permissive=0
04-24 08:02:51.285 1049 1097 E libc : Access denied finding property "persist.atm.mdmode"
04-24 08:02:51.286 1914 1914 D SST : [GsmSST0] EVENT_POLL_STATE_OPERATOR: OperatorShort use lookupOperatorNameFromNetwork
04-24 08:02:51.286 1049 1097 E libc : Access denied finding property "persist.atm.mdmode"
04-24 08:02:51.281 1049 1049 W /vendor/bin/mtkfusionrild: type=1400 audit(0.0:38800): avc: denied { read } for comm=52696C2050726F7879204D61696E20 name="u:object_r:atm_mdmode_prop:s0" dev="tmpfs" ino=11760 scontext=u:r:mtkfusionrild:s0 tcontext=u:object_r:atm_mdmode_prop:s0 tclass=file permissive=0
04-24 08:02:51.287 1914 1914 D SST : [GsmSST0] EVENT_POLL_STATE_OPERATOR: Beeline, Beeline
04-24 08:02:51.289 1049 1049 W /vendor/bin/mtkfusionrild: type=1400 audit(0.0:38801): avc: denied { read } for comm=52696C2050726F7879204D61696E20 name="u:object_r:atm_mdmode_prop:s0" dev="tmpfs" ino=11760 scontext=u:r:mtkfusionrild:s0 tcontext=u:object_r:atm_mdmode_prop:s0 tclass=file permissive=0
04-24 08:02:51.292 1049 1097 E libc : Access denied finding property "persist.atm.mdmode"
04-24 08:02:51.294 1914 1914 W SignalStrength: leon getOEMLevel networktype=3,level=2
04-24 08:02:51.295 1914 1914 W SignalStrength: leon getOEMLevel networktype=3,level=2
04-24 08:02:51.301 1049 1097 E libc : Access denied finding property "persist.atm.mdmode"
04-24 08:02:51.297 1049 1049 W /vendor/bin/mtkfusionrild: type=1400 audit(0.0:38802): avc: denied { read } for comm=52696C2050726F7879204D61696E20 name="u:object_r:atm_mdmode_prop:s0" dev="tmpfs" ino=11760 scontext=u:r:mtkfusionrild:s0 tcontext=u:object_r:atm_mdmode_prop:s0 tclass=file permissive=0
04-24 08:02:51.297 1049 1049 W /vendor/bin/mtkfusionrild: type=1400 audit(0.0:38803): avc: denied { read } for comm=52696C2050726F7879204D61696E20 name="u:object_r:atm_mdmode_prop:s0" dev="tmpfs" ino=11760 scontext=u:r:mtkfusionrild:s0 tcontext=u:object_r:atm_mdmode_prop:s0 tclass=file permissive=0
04-24 08:02:51.302 1049 1097 E libc : Access denied finding property "persist.atm.mdmode"
04-24 08:02:51.305 1049 1049 W /vendor/bin/mtkfusionrild: type=1400 audit(0.0:38804): avc: denied { read } for comm=52696C2050726F7879204D61696E20 name="u:object_r:atm_mdmode_prop:s0" dev="tmpfs" ino=11760 scontext=u:r:mtkfusionrild:s0 tcontext=u:object_r:atm_mdmode_prop:s0 tclass=file permissive=0
04-24 08:02:51.309 1049 1097 E libc : Access denied finding property "persist.atm.mdmode"
04-24 08:02:51.316 1914 1914 D SST : [GsmSST0] EVENT_POLL_STATE_REGISTRATION mSS getRilVoiceRadioTechnology:14, regState:1, NewSS RilVoiceRadioTechnology:14, lac:826, cid:66609160
04-24 08:02:51.317 1914 1914 D SST : [GsmSST0] [states.length] = 16, regState = 1, isVoiceCapable = true, mEmergencyOnly = false
04-24 08:02:51.321 1914 1914 D SST : [GsmSST0] set roaming=false,mGsmRoaming= false,mDataRoaming= false
04-24 08:02:51.327 1914 1914 D SST : [GsmSST0] Poll ServiceState done: oldSS=[0 0 voice home data home beeline Beeline 25099 beeline Beeline 25099 LTE LTE CSS not supported 0 0 RoamInd=-1 DefRoamInd=-1 EmergOnly=false Ril Voice Regist state: 1 Ril Data Regist state: 1 mProprietaryDataRadioTechnology: 0 VoiceRejectCause: 0 DataRejectCause: -1 IsDataRoamingFromRegistration=false IsUsingCarrierAggregation=false] newSS=[0 0 voice home data home Beeline Beeline 25099 Beeline Beeline 25099 LTE LTE CSS not supported 0 0 RoamInd=-1 DefRoamInd=-1 EmergOnly=false Ril Voice Regist state: 1 Ril Data Regist state: 1 mProprietaryDataRadioTechnology: 0 VoiceRejectCause: 0 DataRejectCause: -1 IsDataRoamingFromRegistration=false IsUsingCarrierAggregation=true] oldMaxDataCalls=1 mNewMaxDataCalls=1 oldReasonDataDenied=-1 mNewReasonDataDenied=-1
04-24 08:02:51.329 1914 1914 D SST : [GsmSST0] pollStateDone,hasRegistered:false,hasDeregistered:false,hasGprsAttached:false,hasRilVoiceRadioTechnologyChanged:false,hasRilDataRadioTechnologyChanged:false,hasVoiceRegStateChanged:false,hasDataRegStateChanged:false,hasChanged:true,hasVoiceRoamingOn:false,hasVoiceRoamingOff:false,hasDataRoamingOn:false,hasDataRoamingOff:false,hasLocationChanged:false,hasLacChanged:false,sReceiveNitz:true,hasDataRoamingTypeChanged:false
04-24 08:02:51.335 1914 1914 D SST : [GsmSST0] Home PLMN, get CPHS ons
04-24 08:02:51.335 1914 1914 D SST : [GsmSST0] No matched EONS and No CPHS ONS
04-24 08:02:51.336 1914 1914 D OppoTelephonyFunction: local Language =ru local country = ru
04-24 08:02:51.336 1914 1914 E OppoTelephonyFunction: leon operatorNumic is not included in our romupdate xml file
04-24 08:02:51.338 1914 1914 E OppoTelephonyFunction: leon operatorNumic is 25099, mmcmncplmn is Beeline
04-24 08:02:51.339 1914 1914 D SST : [GsmSST0] updateSpnDisplay: languageName = Beeline
04-24 08:02:51.343 1914 1914 D SST : [GsmSST0] updateAllOpertorInfo with spn:beeline, mNeedNotify=true
04-24 08:02:51.344 1914 1914 D TelephonyManager: setTelephonyProperty: success phoneId=0 property=gsm.operator.alpha value: beeline propVal=beeline,MTS RUS
04-24 08:02:51.346 1914 1914 D SubscriptionController: getSubState()
04-24 08:02:51.357 1914 1914 D TelephonyManager: setTelephonyProperty: success phoneId=0 property=gsm.operator.numeric value: 25099 propVal=25099,25001
04-24 08:02:51.359 1914 1914 D TelephonyManager: setTelephonyProperty: success phoneId=0 property=gsm.operator.iso-country value: ru propVal=ru,ru
04-24 08:02:51.361 1914 1914 D TelephonyManager: setTelephonyProperty: success phoneId=0 property=gsm.operator.isroaming value: false propVal=false,false
04-24 08:02:51.363 1914 1914 D SST : [GsmSST0] Broadcasting ServiceState : 0 0 voice home data home beeline Beeline 25099 beeline Beeline 25099 LTE LTE CSS not supported 0 0 RoamInd=-1 DefRoamInd=-1 EmergOnly=false Ril Voice Regist state: 1 Ril Data Regist state: 1 mProprietaryDataRadioTechnology: 0 VoiceRejectCause: 0 DataRejectCause: -1 IsDataRoamingFromRegistration=false IsUsingCarrierAggregation=true
04-24 08:02:51.365 1914 1914 D DefaultPhoneNotifier: nofityServiceState: mRegistry=com.android.internal.telephony.ITelephonyRegistry$Stub$Proxy@74061ab ss=0 0 voice home data home beeline Beeline 25099 beeline Beeline 25099 LTE LTE CSS not supported 0 0 RoamInd=-1 DefRoamInd=-1 EmergOnly=false Ril Voice Regist state: 1 Ril Data Regist state: 1 mProprietaryDataRadioTechnology: 0 VoiceRejectCause: 0 DataRejectCause: -1 IsDataRoamingFromRegistration=false IsUsingCarrierAggregation=true sender=Handler (com.android.internal.telephony.GsmCdmaPhone) {625ca47} phondId=0 subId=1
04-24 08:02:51.370 2225 2225 D MWIS : [MwiSvc] handleMessage: EVENT_NOTIFY_SERVICE_STATE_CHANGE = { when=0 what=4 arg1=1 obj=0 0 voice home data home beeline Beeline 25099 beeline Beeline 25099 LTE LTE CSS not supported 0 0 RoamInd=-1 DefRoamInd=-1 EmergOnly=false Ril Voice Regist state: 1 Ril Data Regist state: 1 mProprietaryDataRadioTechnology: 0 VoiceRejectCause: 0 DataRejectCause: -1 IsDataRoamingFromRegistration=false IsUsingCarrierAggregation=true target=com.mediatek.wfo.impl.MwiService$2 obj=0 0 voice home data home beeline Beeline 25099 beeline Beeline 25099 LTE LTE CSS not supported 0 0 RoamInd=-1 DefRoamInd=-1 EmergOnly=false Ril Voice Regist state: 1 Ril Data Regist state: 1 mProprietaryDataRadioTechnology: 0 VoiceRejectCause: 0 DataRejectCause: -1 IsDataRoamingFromRegistration=false IsUsingCarrierAggregation=true }
04-24 08:02:51.371 2225 2225 D MWIS : [MwiSvc] updateServiceState VoiceRegState is 0, simId=0
04-24 08:02:51.373 19918 19967 I Kgd.AsyncKeyguardUpdateMonitor: handleCarrierInfoUpdate: sim info mSimSlot =0, mPlmn Нет сети, mIsSimInserted = true
04-24 08:02:51.376 2225 2225 D MWIS : [MwiSvc] notifyMdServiceState simIdx: 0 getVoiceRegState: 0 getDataRegState: 0 getVoiceRoamingType: 0 getDataRoamingType: 0 getRilVoiceRegState: 1 getRilDataRegState:1
04-24 08:02:51.377 2225 2225 D MWISRILA: Set service state: 0, 0, 0, 0, 1, 1
04-24 08:02:51.378 2225 2225 D MWISRILA: [3740]> RIL_REQUEST_SET_SERVICE_STATE 0 0 voice home data home beeline Beeline 25099 beeline Beeline 25099 LTE LTE CSS not supported 0 0 RoamInd=-1 DefRoamInd=-1 EmergOnly=false Ril Voice Regist state: 1 Ril Data Regist state: 1 mProprietaryDataRadioTechnology: 0 VoiceRejectCause: 0 DataRejectCause: -1 IsDataRoamingFromRegistration=false IsUsingCarrierAggregation=true [SUB0]
04-24 08:02:51.377 1049 1049 W /vendor/bin/mtkfusionrild: type=1400 audit(0.0:38805): avc: denied { read } for comm=52696C2050726F7879204D61696E20 name="u:object_r:atm_mdmode_prop:s0" dev="tmpfs" ino=11760 scontext=u:r:mtkfusionrild:s0 tcontext=u:object_r:atm_mdmode_prop:s0 tclass=file permissive=0
04-24 08:02:51.382 1049 1097 E libc : Access denied finding property "persist.atm.mdmode"
04-24 08:02:51.388 1049 1097 E libc : Access denied finding property "persist.atm.mdmode"
04-24 08:02:51.385 1049 1049 W /vendor/bin/mtkfusionrild: type=1400 audit(0.0:38806): avc: denied { read } for comm=52696C2050726F7879204D61696E20 name="u:object_r:atm_mdmode_prop:s0" dev="tmpfs" ino=11760 scontext=u:r:mtkfusionrild:s0 tcontext=u:object_r:atm_mdmode_prop:s0 tclass=file permissive=0
04-24 08:02:51.389 1049 1097 E libc : Access denied finding property "persist.atm.mdmode"
04-24 08:02:51.385 1049 1049 W /vendor/bin/mtkfusionrild: type=1400 audit(0.0:38807): avc: denied { read } for comm=52696C2050726F7879204D61696E20 name="u:object_r:atm_mdmode_prop:s0" dev="tmpfs" ino=11760 scontext=u:r:mtkfusionrild:s0 tcontext=u:object_r:atm_mdmode_prop:s0 tclass=file permissive=0
04-24 08:02:51.390 2225 2556 D MWISRILA: [3740]< RIL_REQUEST_SET_SERVICE_STATE {} [SUB0]
04-24 08:02:51.401 1914 1914 D CdmaVolteServiceChecker: onReceive, action = android.intent.action.SERVICE_STATE
04-24 08:02:51.402 1914 1914 D CdmaVolteServiceChecker: updateState, checking = false
04-24 08:02:51.403 1914 1914 D CdmaVolteServiceChecker: getMainCapabilitySubId = 1
04-24 08:02:51.948 1049 1097 E libc : Access denied finding property "persist.atm.mdmode"
04-24 08:02:51.945 1049 1049 W /vendor/bin/mtkfusionrild: type=1400 audit(0.0:38808): avc: denied { read } for comm=52696C2050726F7879204D61696E20 name="u:object_r:atm_mdmode_prop:s0" dev="tmpfs" ino=11760 scontext=u:r:mtkfusionrild:s0 tcontext=u:object_r:atm_mdmode_prop:s0 tclass=file permissive=0
04-24 08:02:51.951 1049 1097 E libc : Access denied finding property "persist.atm.mdmode"
04-24 08:02:51.945 1049 1049 W /vendor/bin/mtkfusionrild: type=1400 audit(0.0:38809): avc: denied { read } for comm=52696C2050726F7879204D61696E20 name="u:object_r:atm_mdmode_prop:s0" dev="tmpfs" ino=11760 scontext=u:r:mtkfusionrild:s0 tcontext=u:object_r:atm_mdmode_prop:s0 tclass=file permissive=0
04-24 08:02:51.960 1049 1097 E libc : Access denied finding property "persist.atm.mdmode"
04-24 08:02:51.957 1049 1049 W /vendor/bin/mtkfusionrild: type=1400 audit(0.0:38810): avc: denied { read } for comm=52696C2050726F7879204D61696E20 name="u:object_r:atm_mdmode_prop:s0" dev="tmpfs" ino=11760 scontext=u:r:mtkfusionrild:s0 tcontext=u:object_r:atm_mdmode_prop:s0 tclass=file permissive=0
04-24 08:02:51.957 1049 1049 W /vendor/bin/mtkfusionrild: type=1400 audit(0.0:38811): avc: denied { read } for comm=52696C2050726F7879204D61696E20 name="u:object_r:atm_mdmode_prop:s0" dev="tmpfs" ino=11760 scontext=u:r:mtkfusionrild:s0 tcontext=u:object_r:atm_mdmode_prop:s0 tclass=file permissive=0
04-24 08:02:51.964 1049 1097 E libc : Access denied finding property "persist.atm.mdmode"
04-24 08:02:51.969 2225 2556 D MWISRILA: [UNSL]< CELLULAR_DATA_REG_STATE {1} [SUB0]
04-24 08:02:51.974 2225 2225 D MWIS : [MwiSvc] handleMessage: EVENT_PHONE0_CELLULAR_DATA_REG_STATE_CHANGED = { when=0 what=0 obj=android.os.AsyncResult@4810b9b target=com.mediatek.wfo.impl.MwiService$2 obj=android.os.AsyncResult@4810b9b }
04-24 08:02:51.974 1914 1914 D SST : [GsmSST0] onNetworkStateChangeResult state:1 lac:826 cid:66609159 Act:14 cause:0
04-24 08:02:51.978 1049 1097 E libc : Access denied finding property "persist.atm.mdmode"
04-24 08:02:51.973 1049 1049 W /vendor/bin/mtkfusionrild: type=1400 audit(0.0:38812): avc: denied { read } for comm=52696C2050726F7879204D61696E20 name="u:object_r:atm_mdmode_prop:s0" dev="tmpfs" ino=11760 scontext=u:r:mtkfusionrild:s0 tcontext=u:object_r:atm_mdmode_prop:s0 tclass=file permissive=0
04-24 08:02:51.982 1914 5982 D PhoneInterfaceManagerEx: [PhoneIntfMgrEx] getSubIdBySlot, simId 0subId 1
04-24 08:02:51.985 1914 1914 D SST : [GsmSST0] pollState RadioState is RADIO_ON, currentNetworkMode= 9, mPollingContext=0, modemTriggered=true, hasPendingPollState=false
04-24 08:02:51.989 1049 1049 W /vendor/bin/mtkfusionrild: type=1400 audit(0.0:38813): avc: denied { read } for comm=52696C2050726F7879204D61696E20 name="u:object_r:atm_mdmode_prop:s0" dev="tmpfs" ino=11760 scontext=u:r:mtkfusionrild:s0 tcontext=u:object_r:atm_mdmode_prop:s0 tclass=file permissive=0
04-24 08:02:51.989 1049 1049 W /vendor/bin/mtkfusionrild: type=1400 audit(0.0:38814): avc: denied { read } for comm=52696C2050726F7879204D61696E20 name="u:object_r:atm_mdmode_prop:s0" dev="tmpfs" ino=11760 scontext=u:r:mtkfusionrild:s0 tcontext=u:object_r:atm_mdmode_prop:s0 tclass=file permissive=0
04-24 08:02:51.992 1049 1097 E libc : Access denied finding property "persist.atm.mdmode"
04-24 08:02:51.993 1049 1097 E libc : Access denied finding property "persist.atm.mdmode"
04-24 08:02:51.994 2225 2225 D MWIS : [MwiSvc] getDataRegState:0,newUrcState:0,info[0]:1
04-24 08:02:51.994 1914 1914 D SST : [GsmSST0] onPsNetworkStateChangeResult, mPsRegState:1,new:0,result:1
04-24 08:02:51.994 2225 2225 D MWIS : [MwiSvc] onCellularDataRegStateChanged VoiceRegState is 0, phoneId=0
04-24 08:02:51.995 1049 1097 E libc : Access denied finding property "persist.atm.mdmode"
04-24 08:02:51.998 1914 1914 D SST : [GsmSST0] pollState RadioState is RADIO_ON, currentNetworkMode= 9, mPollingContext=4, modemTriggered=true, hasPendingPollState=false
04-24 08:02:51.999 2225 2225 D MWIS : [MwiSvc] MCC/MNC = 25099
04-24 08:02:52.001 1914 1914 W SignalStrength: leon getOEMLevel networktype=3,level=2
04-24 08:02:52.002 1049 1097 E libc : Access denied finding property "persist.atm.mdmode"
04-24 08:02:52.005 1914 1914 W SignalStrength: leon getOEMLevel networktype=3,level=2
04-24 08:02:52.009 1914 1933 D PhoneInterfaceManagerEx: [PhoneIntfMgrEx] getSubIdBySlot, simId 0subId 1
04-24 08:02:52.009 1049 1097 E libc : Access denied finding property "persist.atm.mdmode"
04-24 08:02:52.010 1914 2652 D PhoneInterfaceManagerEx: [PhoneIntfMgrEx] getIccCardType subId=1
04-24 08:02:52.010 1049 1097 E libc : Access denied finding property "persist.atm.mdmode"
04-24 08:02:52.011 1049 1097 E libc : Access denied finding property "persist.atm.mdmode"
04-24 08:02:52.017 1049 1097 E libc : Access denied finding property "persist.atm.mdmode"
04-24 08:02:52.018 1049 1097 E libc : Access denied finding property "persist.atm.mdmode"
04-24 08:02:52.023 2225 2225 D MWIS : [MwiSvc] MCC/MNC = 25099
04-24 08:02:52.027 1914 2540 D PhoneInterfaceManagerEx: [PhoneIntfMgrEx] getSubIdBySlot, simId 0subId 1
04-24 08:02:52.029 1049 1097 E libc : Access denied finding property "persist.atm.mdmode"
04-24 08:02:52.029 1914 5982 D PhoneInterfaceManagerEx: [PhoneIntfMgrEx] getIccCardType subId=1
04-24 08:02:52.029 1049 1097 E libc : Access denied finding property "persist.atm.mdmode"
04-24 08:02:52.032 2225 2225 D MWIS : [MwiSvc] MCC/MNC = 25099
04-24 08:02:52.037 1049 1097 E libc : Access denied finding property "persist.atm.mdmode"
04-24 08:02:52.038 1914 2474 D PhoneInterfaceManagerEx: [PhoneIntfMgrEx] getSubIdBySlot, simId 0subId 1
04-24 08:02:52.039 1914 2532 D PhoneInterfaceManagerEx: [PhoneIntfMgrEx] getIccCardType subId=1
04-24 08:02:52.044 2225 2225 D MWIS : [MwiSvc] MCC/MNC = 25099
04-24 08:02:52.051 1914 2540 D PhoneInterfaceManagerEx: [PhoneIntfMgrEx] getSubIdBySlot, simId 0subId 1
04-24 08:02:52.053 1914 2474 D PhoneInterfaceManagerEx: [PhoneIntfMgrEx] getIccCardType subId=1
04-24 08:02:52.054 1914 1914 D SST : [GsmSST0] EVENT_POLL_STATE_OPERATOR: OperatorLong use lookFromNetwork
04-24 08:02:52.056 2225 2225 D MWIS : [MwiSvc] MCC/MNC = 25099
04-24 08:02:52.056 1914 1914 D SST : [GsmSST0] EVENT_POLL_STATE_OPERATOR: OperatorShort use lookupOperatorNameFromNetwork
04-24 08:02:52.057 1914 1914 D SST : [GsmSST0] EVENT_POLL_STATE_OPERATOR: Beeline, Beeline
04-24 08:02:52.058 1914 1914 D SST : [GsmSST0] EVENT_POLL_STATE_REGISTRATION mSS getRilVoiceRadioTechnology:14, regState:1, NewSS RilVoiceRadioTechnology:14, lac:826, cid:66609159
04-24 08:02:52.058 1914 1933 D PhoneInterfaceManagerEx: [PhoneIntfMgrEx] getSubIdBySlot, simId 0subId 1
04-24 08:02:52.059 1914 2652 D PhoneInterfaceManagerEx: [PhoneIntfMgrEx] getIccCardType subId=1
04-24 08:02:52.059 1914 1914 D SST : [GsmSST0] [states.length] = 16, regState = 1, isVoiceCapable = true, mEmergencyOnly = false
04-24 08:02:52.060 2225 2225 D MWIS : [MwiSvc] set roaming=false,voiceRegRoaming= false,DataRegRoaming= false
04-24 08:02:52.062 1914 5909 D PhoneInterfaceManagerEx: [PhoneIntfMgrEx] getSubIdBySlot, simId 0subId 1
04-24 08:02:52.063 1914 1914 D SST : [GsmSST0] set roaming=false,mGsmRoaming= false,mDataRoaming= false
04-24 08:02:52.065 1914 5993 D PhoneInterfaceManagerEx: [PhoneIntfMgrEx] getIccCardType subId=1
04-24 08:02:52.067 2225 2225 D MWIS : [MwiSvc] MCC/MNC = 25099
04-24 08:02:52.070 1914 1914 D SST : [GsmSST0] Poll ServiceState done: oldSS=[0 0 voice home data home beeline Beeline 25099 beeline Beeline 25099 LTE LTE CSS not supported 0 0 RoamInd=-1 DefRoamInd=-1 EmergOnly=false Ril Voice Regist state: 1 Ril Data Regist state: 1 mProprietaryDataRadioTechnology: 0 VoiceRejectCause: 0 DataRejectCause: -1 IsDataRoamingFromRegistration=false IsUsingCarrierAggregation=true] newSS=[0 0 voice home data home Beeline Beeline 25099 Beeline Beeline 25099 LTE LTE CSS not supported 0 0 RoamInd=-1 DefRoamInd=-1 EmergOnly=false Ril Voice Regist state: 1 Ril Data Regist state: 1 mProprietaryDataRadioTechnology: 0 VoiceRejectCause: 0 DataRejectCause: -1 IsDataRoamingFromRegistration=false IsUsingCarrierAggregation=true] oldMaxDataCalls=1 mNewMaxDataCalls=1 oldReasonDataDenied=-1 mNewReasonDataDenied=-1
04-24 08:02:52.072 1914 2540 D PhoneInterfaceManagerEx: [PhoneIntfMgrEx] getSubIdBySlot, simId 0subId 1
04-24 08:02:52.074 1914 1914 D SST : [GsmSST0] pollStateDone,hasRegistered:false,hasDeregistered:false,hasGprsAttached:false,hasRilVoiceRadioTechnologyChanged:false,hasRilDataRadioTechnologyChanged:false,hasVoiceRegStateChanged:false,hasDataRegStateChanged:false,hasChanged:true,hasVoiceRoamingOn:false,hasVoiceRoamingOff:false,hasDataRoamingOn:false,hasDataRoamingOff:false,hasLocationChanged:true,hasLacChanged:false,sReceiveNitz:true,hasDataRoamingTypeChanged:false
04-24 08:02:52.077 1914 1914 D SST : [GsmSST0] Home PLMN, get CPHS ons
04-24 08:02:52.077 1914 1914 D SST : [GsmSST0] No matched EONS and No CPHS ONS
04-24 08:02:52.077 2225 2225 D MWIS : [MwiSvc] onCellularDataRegStateChanged, hasChanged:false
04-24 08:02:52.078 1914 1914 D OppoTelephonyFunction: local Language =ru local country = ru
04-24 08:02:52.078 1914 1914 E OppoTelephonyFunction: leon operatorNumic is not included in our romupdate xml file
04-24 08:02:52.082 1914 1914 E OppoTelephonyFunction: leon operatorNumic is 25099, mmcmncplmn is Beeline
04-24 08:02:52.083 1914 1914 D SST : [GsmSST0] updateSpnDisplay: languageName = Beeline
04-24 08:02:52.086 1914 1914 D SST : [GsmSST0] updateAllOpertorInfo with spn:beeline, mNeedNotify=true
04-24 08:02:52.086 1914 1914 D TelephonyManager: setTelephonyProperty: success phoneId=0 property=gsm.operator.alpha value: beeline propVal=beeline,MTS RUS
04-24 08:02:52.088 1914 1914 D SubscriptionController: getSubState()
04-24 08:02:52.098 1914 1914 D TelephonyManager: setTelephonyProperty: success phoneId=0 property=gsm.operator.numeric value: 25099 propVal=25099,25001
04-24 08:02:52.100 1914 1914 D TelephonyManager: setTelephonyProperty: success phoneId=0 property=gsm.operator.iso-country value: ru propVal=ru,ru
04-24 08:02:52.102 1914 1914 D TelephonyManager: setTelephonyProperty: success phoneId=0 property=gsm.operator.isroaming value: false propVal=false,false
04-24 08:02:52.105 1914 1914 D SST : [GsmSST0] Broadcasting ServiceState : 0 0 voice home data home beeline Beeline 25099 beeline Beeline 25099 LTE LTE CSS not supported 0 0 RoamInd=-1 DefRoamInd=-1 EmergOnly=false Ril Voice Regist state: 1 Ril Data Regist state: 1 mProprietaryDataRadioTechnology: 0 VoiceRejectCause: 0 DataRejectCause: -1 IsDataRoamingFromRegistration=false IsUsingCarrierAggregation=true
04-24 08:02:52.106 1914 1914 D DefaultPhoneNotifier: nofityServiceState: mRegistry=com.android.internal.telephony.ITelephonyRegistry$Stub$Proxy@74061ab ss=0 0 voice home data home beeline Beeline 25099 beeline Beeline 25099 LTE LTE CSS not supported 0 0 RoamInd=-1 DefRoamInd=-1 EmergOnly=false Ril Voice Regist state: 1 Ril Data Regist state: 1 mProprietaryDataRadioTechnology: 0 VoiceRejectCause: 0 DataRejectCause: -1 IsDataRoamingFromRegistration=false IsUsingCarrierAggregation=true sender=Handler (com.android.internal.telephony.GsmCdmaPhone) {625ca47} phondId=0 subId=1
04-24 08:02:52.111 2225 2225 D MWIS : [MwiSvc] handleMessage: EVENT_NOTIFY_SERVICE_STATE_CHANGE = { when=0 what=4 arg1=1 obj=0 0 voice home data home beeline Beeline 25099 beeline Beeline 25099 LTE LTE CSS not supported 0 0 RoamInd=-1 DefRoamInd=-1 EmergOnly=false Ril Voice Regist state: 1 Ril Data Regist state: 1 mProprietaryDataRadioTechnology: 0 VoiceRejectCause: 0 DataRejectCause: -1 IsDataRoamingFromRegistration=false IsUsingCarrierAggregation=true target=com.mediatek.wfo.impl.MwiService$2 obj=0 0 voice home data home beeline Beeline 25099 beeline Beeline 25099 LTE LTE CSS not supported 0 0 RoamInd=-1 DefRoamInd=-1 EmergOnly=false Ril Voice Regist state: 1 Ril Data Regist state: 1 mProprietaryDataRadioTechnology: 0 VoiceRejectCause: 0 DataRejectCause: -1 IsDataRoamingFromRegistration=false IsUsingCarrierAggregation=true }
04-24 08:02:52.117 2225 2225 D MWIS : [MwiSvc] updateServiceState VoiceRegState is 0, simId=0
04-24 08:02:52.126 1914 1914 D GsmCellLocation: fillInNotifierBundle:Bundle[{cid=66609159, lac=826, psc=-1, type=1}]
04-24 08:02:52.136 1914 1914 D SST : [GsmSST0] pollState RadioState is RADIO_ON, currentNetworkMode= 9, mPollingContext=0, modemTriggered=false, hasPendingPollState=false
04-24 08:02:52.137 31174 31193 D CellLocation: phoneType=1
04-24 08:02:52.137 31174 31193 E CellLocation: create GsmCellLocation
04-24 08:02:52.139 1049 1097 E libc : Access denied finding property "persist.atm.mdmode"
04-24 08:02:52.140 1049 1097 E libc : Access denied finding property "persist.atm.mdmode"
04-24 08:02:52.141 1049 1097 E libc : Access denied finding property "persist.atm.mdmode"
04-24 08:02:52.142 1049 1097 E libc : Access denied finding property "persist.atm.mdmode"
04-24 08:02:52.144 1914 1914 D CdmaVolteServiceChecker: onReceive, action = android.intent.action.SERVICE_STATE
04-24 08:02:52.144 1914 1914 D CdmaVolteServiceChecker: updateState, checking = false
04-24 08:02:52.145 1914 1914 D CdmaVolteServiceChecker: getMainCapabilitySubId = 1
04-24 08:02:52.150 1049 1097 E libc : Access denied finding property "persist.atm.mdmode"
04-24 08:02:52.151 1049 1097 E libc : Access denied finding property "persist.atm.mdmode"
04-24 08:02:52.154 1914 1914 D SST : [GsmSST0] EVENT_POLL_STATE_OPERATOR: OperatorLong use lookFromNetwork
04-24 08:02:52.156 1914 1914 D SST : [GsmSST0] EVENT_POLL_STATE_OPERATOR: OperatorShort use lookupOperatorNameFromNetwork
04-24 08:02:52.156 1049 1097 E libc : Access denied finding property "persist.atm.mdmode"
04-24 08:02:52.157 1914 1914 D SST : [GsmSST0] EVENT_POLL_STATE_OPERATOR: Beeline, Beeline
04-24 08:02:52.157 1049 1097 E libc : Access denied finding property "persist.atm.mdmode"
04-24 08:02:52.165 1049 1097 E libc : Access denied finding property "persist.atm.mdmode"
04-24 08:02:52.166 1049 1097 E libc : Access denied finding property "persist.atm.mdmode"
04-24 08:02:52.167 1914 1914 D SST : [GsmSST0] EVENT_POLL_STATE_REGISTRATION mSS getRilVoiceRadioTechnology:14, regState:1, NewSS RilVoiceRadioTechnology:14, lac:826, cid:66609159
04-24 08:02:52.168 1914 1914 D SST : [GsmSST0] [states.length] = 16, regState = 1, isVoiceCapable = true, mEmergencyOnly = false
04-24 08:02:52.169 1049 1097 E libc : Access denied finding property "persist.atm.mdmode"
04-24 08:02:52.171 1914 1914 D SST : [GsmSST0] set roaming=false,mGsmRoaming= false,mDataRoaming= false
04-24 08:02:52.174 1914 1914 D SST : [GsmSST0] Poll ServiceState done: oldSS=[0 0 voice home data home beeline Beeline 25099 beeline Beeline 25099 LTE LTE CSS not supported 0 0 RoamInd=-1 DefRoamInd=-1 EmergOnly=false Ril Voice Regist state: 1 Ril Data Regist state: 1 mProprietaryDataRadioTechnology: 0 VoiceRejectCause: 0 DataRejectCause: -1 IsDataRoamingFromRegistration=false IsUsingCarrierAggregation=true] newSS=[0 0 voice home data home Beeline Beeline 25099 Beeline Beeline 25099 LTE LTE CSS not supported 0 0 RoamInd=-1 DefRoamInd=-1 EmergOnly=false Ril Voice Regist state: 1 Ril Data Regist state: 1 mProprietaryDataRadioTechnology: 0 VoiceRejectCause: 0 DataRejectCause: -1 IsDataRoamingFromRegistration=false IsUsingCarrierAggregation=true] oldMaxDataCalls=1 mNewMaxDataCalls=1 oldReasonDataDenied=-1 mNewReasonDataDenied=-1
04-24 08:02:52.175 1914 1914 D SST : [GsmSST0] pollStateDone,hasRegistered:false,hasDeregistered:false,hasGprsAttached:false,hasRilVoiceRadioTechnologyChanged:false,hasRilDataRadioTechnologyChanged:false,hasVoiceRegStateChanged:false,hasDataRegStateChanged:false,hasChanged:true,hasVoiceRoamingOn:false,hasVoiceRoamingOff:false,hasDataRoamingOn:false,hasDataRoamingOff:false,hasLocationChanged:false,hasLacChanged:false,sReceiveNitz:true,hasDataRoamingTypeChanged:false
04-24 08:02:52.178 1914 1914 D SST : [GsmSST0] Home PLMN, get CPHS ons
04-24 08:02:52.179 1914 1914 D SST : [GsmSST0] No matched EONS and No CPHS ONS
04-24 08:02:52.179 1914 1914 D OppoTelephonyFunction: local Language =ru local country = ru
04-24 08:02:52.179 1914 1914 E OppoTelephonyFunction: leon operatorNumic is not included in our romupdate xml file
04-24 08:02:52.181 1914 1914 E OppoTelephonyFunction: leon operatorNumic is 25099, mmcmncplmn is Beeline
04-24 08:02:52.181 1914 1914 D SST : [GsmSST0] updateSpnDisplay: languageName = Beeline
04-24 08:02:52.182 1914 1914 D SST : [GsmSST0] updateAllOpertorInfo with spn:beeline, mNeedNotify=true
04-24 08:02:52.183 1914 1914 D TelephonyManager: setTelephonyProperty: success phoneId=0 property=gsm.operator.alpha value: beeline propVal=beeline,MTS RUS
04-24 08:02:52.185 1914 1914 D SubscriptionController: getSubState()
04-24 08:02:52.195 1914 1914 D TelephonyManager: setTelephonyProperty: success phoneId=0 property=gsm.operator.numeric value: 25099 propVal=25099,25001
04-24 08:02:52.197 1914 1914 D TelephonyManager: setTelephonyProperty: success phoneId=0 property=gsm.operator.iso-country value: ru propVal=ru,ru
04-24 08:02:52.198 1914 1914 D TelephonyManager: setTelephonyProperty: success phoneId=0 property=gsm.operator.isroaming value: false propVal=false,false
